{"id":103,"date":"2022-06-09T21:53:33","date_gmt":"2022-06-09T19:53:33","guid":{"rendered":"https:\/\/site.nord.no\/beprof\/?page_id=103"},"modified":"2022-06-09T21:53:33","modified_gmt":"2022-06-09T19:53:33","slug":"sykepleieprat","status":"publish","type":"page","link":"https:\/\/site.nord.no\/beprof\/sykepleieprat\/","title":{"rendered":"Sykepleieprat"},"content":{"rendered":"\n<p><strong>Beskrivelse av podcasten:<\/strong><\/p>\n\n\n\n<p>Sykepleieprat er en podkast fra r\u00e5det for sykepleieetikk. Her kommer vi til \u00e5 ta opp viktige og vanskelige temaer i modige m\u00f8ter.\u00a0<\/p>\n\n\n\n<figure class=\"wp-block-embed is-type-rich is-provider-spotify wp-block-embed-spotify wp-embed-aspect-21-9 wp-has-aspect-ratio\"><div class=\"wp-block-embed__wrapper\">\n<iframe title=\"Spotify Embed: Sykepleieprat\" style=\"border-radius: 12px\" width=\"100%\" height=\"152\" frameborder=\"0\" allowfullscreen allow=\"autoplay; clipboard-write; encrypted-media; fullscreen; picture-in-picture\" loading=\"lazy\" src=\"https:\/\/open.spotify.com\/embed\/show\/7dGrFcQrIDWdyEAMvXigr0?si=74afd8cfda8940ba&#038;utm_source=oembed\"><\/iframe>\n<\/div><\/figure>\n","protected":false},"excerpt":{"rendered":"<p>Beskrivelse av podcasten: Sykepleieprat er en podkast fra r\u00e5det for sykepleieetikk. Her kommer vi til \u00e5 ta opp viktige og vanskelige temaer i modige m\u00f8ter.\u00a0<\/p>\n","protected":false},"author":107,"featured_media":0,"parent":0,"menu_order":0,"comment_status":"closed","ping_status":"closed","template":"","meta":{"footnotes":""},"coauthors":[],"class_list":["post-103","page","type-page","status-publish","hentry"],"_links":{"self":[{"href":"https:\/\/site.nord.no\/beprof\/wp-json\/wp\/v2\/pages\/103","targetHints":{"allow":["GET"]}}],"collection":[{"href":"https:\/\/site.nord.no\/beprof\/wp-json\/wp\/v2\/pages"}],"about":[{"href":"https:\/\/site.nord.no\/beprof\/wp-json\/wp\/v2\/types\/page"}],"author":[{"embeddable":true,"href":"https:\/\/site.nord.no\/beprof\/wp-json\/wp\/v2\/users\/107"}],"replies":[{"embeddable":true,"href":"https:\/\/site.nord.no\/beprof\/wp-json\/wp\/v2\/comments?post=103"}],"version-history":[{"count":1,"href":"https:\/\/site.nord.no\/beprof\/wp-json\/wp\/v2\/pages\/103\/revisions"}],"predecessor-version":[{"id":104,"href":"https:\/\/site.nord.no\/beprof\/wp-json\/wp\/v2\/pages\/103\/revisions\/104"}],"wp:attachment":[{"href":"https:\/\/site.nord.no\/beprof\/wp-json\/wp\/v2\/media?parent=103"}],"wp:term":[{"taxonomy":"author","embeddable":true,"href":"https:\/\/site.nord.no\/beprof\/wp-json\/wp\/v2\/coauthors?post=103"}],"curies":[{"name":"wp","href":"https:\/\/api.w.org\/{rel}","templated":true}]}}