{"id":111,"date":"2022-06-09T22:40:56","date_gmt":"2022-06-09T20:40:56","guid":{"rendered":"https:\/\/site.nord.no\/beprof\/?page_id=111"},"modified":"2022-06-09T22:41:39","modified_gmt":"2022-06-09T20:41:39","slug":"utvalgt-materiale-fra-workshopene","status":"publish","type":"page","link":"https:\/\/site.nord.no\/beprof\/utvalgt-materiale-fra-workshopene\/","title":{"rendered":"Utvalgt materiale fra workshopene"},"content":{"rendered":"\n<p>Her er en oversikt over noe av det materialet som har blitt samlet inn i forbindelse med workshopene. Inntil videre er hovedfokus p\u00e5 det \u00e5 legge til rette for en kultur for l\u00e6ring p\u00e5 arbeidsplassen.<\/p>\n\n\n\n<p><strong>Hva kjennetegner en god kultur p\u00e5 arbeidsplassen?<\/strong><\/p>\n\n\n\n<div data-wp-interactive=\"core\/file\" class=\"wp-block-file\"><object data-wp-bind--hidden=\"!state.hasPdfPreview\" hidden class=\"wp-block-file__embed\" data=\"https:\/\/site.nord.no\/beprof\/wp-content\/uploads\/sites\/54\/2022\/06\/Hva-kjennetegner-en-god-kultur-pa\u030a-arbeidsplassen_-27.4.21.pdf\" type=\"application\/pdf\" style=\"width:100%;height:600px\" aria-label=\"Innbygging av Innbygging av Hva-kjennetegner-en-god-kultur-pa\u030a-arbeidsplassen_-27.4.21\"><\/object><a id=\"wp-block-file--media-41c0d42e-5eed-450c-87af-b36b41059365\" href=\"https:\/\/site.nord.no\/beprof\/wp-content\/uploads\/sites\/54\/2022\/06\/Hva-kjennetegner-en-god-kultur-pa\u030a-arbeidsplassen_-27.4.21.pdf\">Hva-kjennetegner-en-god-kultur-pa\u030a-arbeidsplassen_-27.4.21<\/a><a href=\"https:\/\/site.nord.no\/beprof\/wp-content\/uploads\/sites\/54\/2022\/06\/Hva-kjennetegner-en-god-kultur-pa\u030a-arbeidsplassen_-27.4.21.pdf\" class=\"wp-block-file__button\" download aria-describedby=\"wp-block-file--media-41c0d42e-5eed-450c-87af-b36b41059365\">Last ned<\/a><\/div>\n\n\n\n<p><strong>Rita Solbakken &#8211; Lederens ansvar<\/strong><\/p>\n\n\n\n<div data-wp-interactive=\"core\/file\" class=\"wp-block-file\"><object data-wp-bind--hidden=\"!state.hasPdfPreview\" hidden class=\"wp-block-file__embed\" data=\"https:\/\/site.nord.no\/beprof\/wp-content\/uploads\/sites\/54\/2022\/06\/Lederens-ansvar-19.10.21.pdf\" type=\"application\/pdf\" style=\"width:100%;height:600px\" aria-label=\"Innbygging av Innbygging av Lederens-ansvar-19.10.21\"><\/object><a id=\"wp-block-file--media-e9610768-8989-42f2-a542-a27b9a026893\" href=\"https:\/\/site.nord.no\/beprof\/wp-content\/uploads\/sites\/54\/2022\/06\/Lederens-ansvar-19.10.21.pdf\">Lederens-ansvar-19.10.21<\/a><a href=\"https:\/\/site.nord.no\/beprof\/wp-content\/uploads\/sites\/54\/2022\/06\/Lederens-ansvar-19.10.21.pdf\" class=\"wp-block-file__button\" download aria-describedby=\"wp-block-file--media-e9610768-8989-42f2-a542-a27b9a026893\">Last ned<\/a><\/div>\n\n\n\n<p><strong>Yvonne Hilli &#8211; \u00c5 skape en l\u00e6ringskultur p\u00e5 arbeidsplassen<\/strong><\/p>\n\n\n\n<div data-wp-interactive=\"core\/file\" class=\"wp-block-file\"><object data-wp-bind--hidden=\"!state.hasPdfPreview\" hidden class=\"wp-block-file__embed\" data=\"https:\/\/site.nord.no\/beprof\/wp-content\/uploads\/sites\/54\/2022\/06\/A\u030a-skapa-en-laeringskultur-pa\u030a-arbeidsplassen_3.11.2021.pdf\" type=\"application\/pdf\" style=\"width:100%;height:600px\" aria-label=\"Innbygging av Innbygging av A\u030a-skapa-en-laeringskultur-pa\u030a-arbeidsplassen_3.11.2021\"><\/object><a id=\"wp-block-file--media-c3915465-c2af-4684-8b0e-7fdde7d957ba\" href=\"https:\/\/site.nord.no\/beprof\/wp-content\/uploads\/sites\/54\/2022\/06\/A\u030a-skapa-en-laeringskultur-pa\u030a-arbeidsplassen_3.11.2021.pdf\">A\u030a-skapa-en-laeringskultur-pa\u030a-arbeidsplassen_3.11.2021<\/a><a href=\"https:\/\/site.nord.no\/beprof\/wp-content\/uploads\/sites\/54\/2022\/06\/A\u030a-skapa-en-laeringskultur-pa\u030a-arbeidsplassen_3.11.2021.pdf\" class=\"wp-block-file__button\" download aria-describedby=\"wp-block-file--media-c3915465-c2af-4684-8b0e-7fdde7d957ba\">Last ned<\/a><\/div>\n","protected":false},"excerpt":{"rendered":"<p>Her er en oversikt over noe av det materialet som har blitt samlet inn i forbindelse med workshopene. Inntil videre er hovedfokus p\u00e5 det \u00e5 legge til rette for en kultur for l\u00e6ring p\u00e5 arbeidsplassen. Hva kjennetegner en god kultur p\u00e5 arbeidsplassen? Rita Solbakken &#8211; Lederens ansvar Yvonne Hilli &#8211; \u00c5 skape en l\u00e6ringskultur p\u00e5 &hellip; <\/p>\n<p class=\"link-more\"><a href=\"https:\/\/site.nord.no\/beprof\/utvalgt-materiale-fra-workshopene\/\" class=\"more-link\">Fortsett \u00e5 lese<span class=\"screen-reader-text\"> \u00abUtvalgt materiale fra workshopene\u00bb<\/span><\/a><\/p>\n","protected":false},"author":107,"featured_media":0,"parent":0,"menu_order":0,"comment_status":"closed","ping_status":"closed","template":"","meta":{"footnotes":""},"coauthors":[2],"class_list":["post-111","page","type-page","status-publish","hentry"],"_links":{"self":[{"href":"https:\/\/site.nord.no\/beprof\/wp-json\/wp\/v2\/pages\/111","targetHints":{"allow":["GET"]}}],"collection":[{"href":"https:\/\/site.nord.no\/beprof\/wp-json\/wp\/v2\/pages"}],"about":[{"href":"https:\/\/site.nord.no\/beprof\/wp-json\/wp\/v2\/types\/page"}],"author":[{"embeddable":true,"href":"https:\/\/site.nord.no\/beprof\/wp-json\/wp\/v2\/users\/107"}],"replies":[{"embeddable":true,"href":"https:\/\/site.nord.no\/beprof\/wp-json\/wp\/v2\/comments?post=111"}],"version-history":[{"count":2,"href":"https:\/\/site.nord.no\/beprof\/wp-json\/wp\/v2\/pages\/111\/revisions"}],"predecessor-version":[{"id":116,"href":"https:\/\/site.nord.no\/beprof\/wp-json\/wp\/v2\/pages\/111\/revisions\/116"}],"wp:attachment":[{"href":"https:\/\/site.nord.no\/beprof\/wp-json\/wp\/v2\/media?parent=111"}],"wp:term":[{"taxonomy":"author","embeddable":true,"href":"https:\/\/site.nord.no\/beprof\/wp-json\/wp\/v2\/coauthors?post=111"}],"curies":[{"name":"wp","href":"https:\/\/api.w.org\/{rel}","templated":true}]}}

<p>Her er en oversikt over noe av det materialet som har blitt samlet inn i forbindelse med workshopene. Inntil videre er hovedfokus på det å legge til rette for en kultur for læring på arbeidsplassen.</p>



<p><strong>Hva kjennetegner en god kultur på arbeidsplassen?</strong></p>



<div data-wp-interactive="core/file" class="wp-block-file"><object data-wp-bind--hidden="!state.hasPdfPreview" hidden class="wp-block-file__embed" data="https://site.nord.no/beprof/wp-content/uploads/sites/54/2022/06/Hva-kjennetegner-en-god-kultur-på-arbeidsplassen_-27.4.21.pdf" type="application/pdf" style="width:100%;height:600px" aria-label="Innbygging av Innbygging av Hva-kjennetegner-en-god-kultur-på-arbeidsplassen_-27.4.21"></object><a id="wp-block-file--media-41c0d42e-5eed-450c-87af-b36b41059365" href="https://site.nord.no/beprof/wp-content/uploads/sites/54/2022/06/Hva-kjennetegner-en-god-kultur-på-arbeidsplassen_-27.4.21.pdf">Hva-kjennetegner-en-god-kultur-på-arbeidsplassen_-27.4.21</a><a href="https://site.nord.no/beprof/wp-content/uploads/sites/54/2022/06/Hva-kjennetegner-en-god-kultur-på-arbeidsplassen_-27.4.21.pdf" class="wp-block-file__button" download aria-describedby="wp-block-file--media-41c0d42e-5eed-450c-87af-b36b41059365">Last ned</a></div>



<p><strong>Rita Solbakken &#8211; Lederens ansvar</strong></p>



<div data-wp-interactive="core/file" class="wp-block-file"><object data-wp-bind--hidden="!state.hasPdfPreview" hidden class="wp-block-file__embed" data="https://site.nord.no/beprof/wp-content/uploads/sites/54/2022/06/Lederens-ansvar-19.10.21.pdf" type="application/pdf" style="width:100%;height:600px" aria-label="Innbygging av Innbygging av Lederens-ansvar-19.10.21"></object><a id="wp-block-file--media-e9610768-8989-42f2-a542-a27b9a026893" href="https://site.nord.no/beprof/wp-content/uploads/sites/54/2022/06/Lederens-ansvar-19.10.21.pdf">Lederens-ansvar-19.10.21</a><a href="https://site.nord.no/beprof/wp-content/uploads/sites/54/2022/06/Lederens-ansvar-19.10.21.pdf" class="wp-block-file__button" download aria-describedby="wp-block-file--media-e9610768-8989-42f2-a542-a27b9a026893">Last ned</a></div>



<p><strong>Yvonne Hilli &#8211; Å skape en læringskultur på arbeidsplassen</strong></p>



<div data-wp-interactive="core/file" class="wp-block-file"><object data-wp-bind--hidden="!state.hasPdfPreview" hidden class="wp-block-file__embed" data="https://site.nord.no/beprof/wp-content/uploads/sites/54/2022/06/Å-skapa-en-laeringskultur-på-arbeidsplassen_3.11.2021.pdf" type="application/pdf" style="width:100%;height:600px" aria-label="Innbygging av Innbygging av Å-skapa-en-laeringskultur-på-arbeidsplassen_3.11.2021"></object><a id="wp-block-file--media-c3915465-c2af-4684-8b0e-7fdde7d957ba" href="https://site.nord.no/beprof/wp-content/uploads/sites/54/2022/06/Å-skapa-en-laeringskultur-på-arbeidsplassen_3.11.2021.pdf">Å-skapa-en-laeringskultur-på-arbeidsplassen_3.11.2021</a><a href="https://site.nord.no/beprof/wp-content/uploads/sites/54/2022/06/Å-skapa-en-laeringskultur-på-arbeidsplassen_3.11.2021.pdf" class="wp-block-file__button" download aria-describedby="wp-block-file--media-c3915465-c2af-4684-8b0e-7fdde7d957ba">Last ned</a></div>

<p>Her er en oversikt over noe av det materialet som har blitt samlet inn i forbindelse med workshopene. Inntil videre er hovedfokus på det å legge til rette for en kultur for læring på arbeidsplassen. Hva kjennetegner en god kultur på arbeidsplassen? Rita Solbakken &#8211; Lederens ansvar Yvonne Hilli &#8211; Å skape en læringskultur på &hellip; </p>
<p class="link-more"><a href="https://site.nord.no/beprof/utvalgt-materiale-fra-workshopene/" class="more-link">Fortsett å lese<span class="screen-reader-text"> «Utvalgt materiale fra workshopene»</span></a></p>
