{"id":58,"date":"2022-06-07T23:00:42","date_gmt":"2022-06-07T21:00:42","guid":{"rendered":"https:\/\/site.nord.no\/beprof\/?page_id=58"},"modified":"2022-09-14T14:12:06","modified_gmt":"2022-09-14T12:12:06","slug":"prosjektgruppe","status":"publish","type":"page","link":"https:\/\/site.nord.no\/beprof\/prosjektgruppe\/","title":{"rendered":"Prosjektgruppe"},"content":{"rendered":"\n<h2 class=\"wp-block-heading\"><strong>Norsk prosjektgruppe:<\/strong><\/h2>\n\n\n\n<h4 class=\"wp-block-heading\">Yvonne Hilli, professor og prosjektleder.<\/h4>\n\n\n\n<div class=\"wp-block-columns is-layout-flex wp-container-core-columns-is-layout-9d6595d7 wp-block-columns-is-layout-flex\">\n<div class=\"wp-block-column is-layout-flow wp-block-column-is-layout-flow\" style=\"flex-basis:100%\">\n<div class=\"wp-block-columns is-layout-flex wp-container-core-columns-is-layout-9d6595d7 wp-block-columns-is-layout-flex\">\n<div class=\"wp-block-column is-layout-flow wp-block-column-is-layout-flow\"><div class=\"wp-block-image\">\n<figure class=\"alignleft size-full\"><img loading=\"lazy\" decoding=\"async\" width=\"297\" height=\"300\" src=\"https:\/\/site.nord.no\/beprof\/wp-content\/uploads\/sites\/54\/2022\/06\/03210069.jpeg\" alt=\"\" class=\"wp-image-59\" \/><\/figure>\n<\/div><\/div>\n\n\n\n<div class=\"wp-block-column is-layout-flow wp-block-column-is-layout-flow\">\n<p>Yvonne&nbsp;Hilli&nbsp;er forskningsleder i&nbsp;BePROF. Yvonne&nbsp;er&nbsp;sykepleier&nbsp;med spesialistutdanning, magister i omsorgsvitenskap samt doktor i helsevitenskap (2007).&nbsp;Yvonne&nbsp;er professor og&nbsp;arbeider til daglig som forsker,&nbsp;SPA for Master i klinisk sykepleie&nbsp;og underviser ved Fakultet for Sykepleie og Helsevitenskap&nbsp;ved Nord Universitet.&nbsp;Yvonne&nbsp;har omfattende erfaring med \u00e5 lede innovative&nbsp;EU- finansierte prosjekt&nbsp;i n\u00e6rt samarbeid med akt\u00f8rer i klinisk&nbsp;praksis. Yvonne&nbsp;intresserer&nbsp;seg for&nbsp;veiledning, mentorskap, l\u00e6ring&nbsp;og&nbsp;helsefremmende&nbsp;arbeidsmilj\u00f8.&nbsp;I&nbsp;BePROF&nbsp;bidrar&nbsp;Yvonne&nbsp;som leder&nbsp;og&nbsp;med sin&nbsp;metodekompetanse&nbsp;innenfor&nbsp;aktionsforskning&nbsp;og&nbsp;kvalitative metoder.<\/p>\n<\/div>\n<\/div>\n<\/div>\n<\/div>\n\n\n\n<h4 class=\"wp-block-heading\">May Anette Tast, stipendiat og prosjektdeltaker.<\/h4>\n\n\n\n<div class=\"wp-block-columns is-layout-flex wp-container-core-columns-is-layout-9d6595d7 wp-block-columns-is-layout-flex\">\n<div class=\"wp-block-column is-layout-flow wp-block-column-is-layout-flow\"><div class=\"wp-block-image\">\n<figure class=\"alignleft size-full\"><img loading=\"lazy\" decoding=\"async\" width=\"2000\" height=\"1333\" src=\"https:\/\/site.nord.no\/beprof\/wp-content\/uploads\/sites\/54\/2022\/06\/06036232.jpeg\" alt=\"\" class=\"wp-image-60\" \/><\/figure>\n<\/div><\/div>\n\n\n\n<div class=\"wp-block-column is-layout-flow wp-block-column-is-layout-flow\">\n<p>May&nbsp;Anette Tast&nbsp;er stipendiat&nbsp;og prosjektmedarbeider&nbsp;i&nbsp;BePROF.&nbsp;Anette&nbsp;er sykepleier&nbsp;og universitetslektor&nbsp;ved&nbsp;Fakultet for sykepleie og helsevitenskap&nbsp;ved Nord Universitet.&nbsp;Veiledning og st\u00f8tte av nyutdannete&nbsp;sykepleiere&nbsp;har&nbsp;interessert&nbsp;Anette&nbsp;i mange \u00e5r.&nbsp;Anette bidrar&nbsp;i&nbsp;BePROF&nbsp;med&nbsp;\u00e5&nbsp;utdype&nbsp;forst\u00e5elsen av&nbsp;hva&nbsp;det inneb\u00e6rer \u00e5 v\u00e6re nyutdannet sykepleieri overgangsperioden (1-18 m\u00e5neder)&nbsp;og&nbsp;identifiserer&nbsp;behov for st\u00f8tte&nbsp;og mentorering,&nbsp;samt&nbsp;evaluerer&nbsp;effekten av det utviklede mentorprogrammet.<\/p>\n<\/div>\n<\/div>\n\n\n\n<h4 class=\"wp-block-heading\">Rita Solbakken, f\u00f8rsteamanuensis og prosjektdeltaker.<\/h4>\n\n\n\n<div class=\"wp-block-columns is-layout-flex wp-container-core-columns-is-layout-9d6595d7 wp-block-columns-is-layout-flex\">\n<div class=\"wp-block-column is-layout-flow wp-block-column-is-layout-flow\"><div class=\"wp-block-image\">\n<figure class=\"alignleft size-full\"><img loading=\"lazy\" decoding=\"async\" width=\"1500\" height=\"1178\" src=\"https:\/\/site.nord.no\/beprof\/wp-content\/uploads\/sites\/54\/2022\/06\/03204967.jpeg\" alt=\"\" class=\"wp-image-61\" \/><\/figure>\n<\/div><\/div>\n\n\n\n<div class=\"wp-block-column is-layout-flow wp-block-column-is-layout-flow\">\n<p>Rita&nbsp;Solbakken er prosjektmedarbeider i BePROF.&nbsp;Rita&nbsp;er sykepleier med videreutdanning i intensivsykepleie og ledelse. Hun er f\u00f8rsteamanuensis og arbeider til daglig ved masterprogrammet i intensivsykepleie samt som forsker ved Fakultet for sykepleie og helsevitenskap ved Nord universitet. &nbsp;Rita&nbsp;har forsket p\u00e5 &nbsp;av mellomledernes betydning for omsorg i sykepleieledelse og er ogs\u00e5 interessert i pedagogiske tiln\u00e6rminger for \u00e5 \u00f8ke studenters kompetanseutvikling i studiene. I BePROF &nbsp;bidrar hun med sin ledelseskompetanse samt &nbsp;datasamling og resultatformidling i prosjektet.<\/p>\n<\/div>\n<\/div>\n\n\n\n<h4 class=\"wp-block-heading\">Jonas Rennemo Vaag, f\u00f8rsteamanuensis og prosjektdeltaker<\/h4>\n\n\n\n<div class=\"wp-block-columns is-layout-flex wp-container-core-columns-is-layout-9d6595d7 wp-block-columns-is-layout-flex\">\n<div class=\"wp-block-column is-layout-flow wp-block-column-is-layout-flow\"><div class=\"wp-block-image\">\n<figure class=\"alignleft size-full\"><img loading=\"lazy\" decoding=\"async\" width=\"300\" height=\"300\" src=\"https:\/\/site.nord.no\/beprof\/wp-content\/uploads\/sites\/54\/2022\/06\/01706371.jpeg\" alt=\"\" class=\"wp-image-62\" \/><\/figure>\n<\/div><\/div>\n\n\n\n<div class=\"wp-block-column is-layout-flow wp-block-column-is-layout-flow\">\n<p>Jonas Rennemo Vaag er prosjektmedarbeider i BePROF. Jonas er psykolog med spesialisering i klinisk psykologi. Han har en doktorgrad i samfunnsmedisin og underviser og forsker til vanlig p\u00e5 arbeidshelse- og organisasjonspsykologiske problemstillinger. For tiden er han ansatt som f\u00f8rsteamanuensis i organisasjonspsykologi ved Fakultet for Samfunnsvitenskap ved Nord universitet. Men har ogs\u00e5 tidligere v\u00e6rt underviser og forsker ved sykepleieutdanningene ved Nord. I BePROF bidrar Jonas med organisasjonspsykologisk kompetanse.<\/p>\n<\/div>\n<\/div>\n\n\n\n<h2 class=\"wp-block-heading\"><strong>Svensk prosjektgruppe:<\/strong><\/h2>\n\n\n\n<p><strong>Karin B\u00f6lenius, f\u00f8rsteamanuensis og prosjektleder<\/strong><\/p>\n\n\n\n<div class=\"wp-block-columns is-layout-flex wp-container-core-columns-is-layout-9d6595d7 wp-block-columns-is-layout-flex\">\n<div class=\"wp-block-column is-layout-flow wp-block-column-is-layout-flow\"><div class=\"wp-block-image\">\n<figure class=\"alignleft size-full\"><img loading=\"lazy\" decoding=\"async\" width=\"370\" height=\"456\" src=\"https:\/\/site.nord.no\/beprof\/wp-content\/uploads\/sites\/54\/2022\/09\/Skjermbilde-2022-09-12-kl.-13.28.32.png\" alt=\"\" class=\"wp-image-159\" \/><\/figure>\n<\/div><\/div>\n\n\n\n<div class=\"wp-block-column is-layout-flow wp-block-column-is-layout-flow\">\n<p>Karin B\u00f6lenius er universitetslektor ved insitutionen for omv\u00e5rdnad ved Ume\u00e5 universitet. Hun er ogs\u00e5 profesjonsutvikler i omv\u00e5rdnad ved enheten for utdanning i Region V\u00e4sterbotten. Hennes hovedstilling er som universitetslektor og prosjektleder for utvikling og innf\u00f8ring i forbindelse med introduksjons\u00e5ret for nytutdannete sykepleiere i Region V\u00e4sterbotten. Utover dette er hun styreleder i den svenske sykepleierforeningen og leder i det nasjonale v\u00e5rdh\u00e5ndboksr\u00e5det. <\/p>\n\n\n\n<p>Karins forskning omfatter fire omr\u00e5der; (1) personsentrert omsorg av eldre som har hjemmetjenester, (2) pasientsikkerhet i forbindelse med praktiske ferdigheter, (3) didaktisk forskning for praktisk ferdighetsutvikling og (4) helsefremmende arbeidsmilj\u00f8 for sykepleiere.<\/p>\n<\/div>\n<\/div>\n\n\n\n<p><strong>Stina Kallerhult Hermansson<\/strong>, <strong>doktorand\/stipendiat og prosjektdeltaker<\/strong><\/p>\n\n\n\n<div class=\"wp-block-columns is-layout-flex wp-container-core-columns-is-layout-9d6595d7 wp-block-columns-is-layout-flex\">\n<div class=\"wp-block-column is-layout-flow wp-block-column-is-layout-flow\"><div class=\"wp-block-image\">\n<figure class=\"alignleft size-full\"><img loading=\"lazy\" decoding=\"async\" width=\"364\" height=\"460\" src=\"https:\/\/site.nord.no\/beprof\/wp-content\/uploads\/sites\/54\/2022\/09\/Skjermbilde-2022-09-12-kl.-13.11.58.png\" alt=\"\" class=\"wp-image-157\" \/><\/figure>\n<\/div><\/div>\n\n\n\n<div class=\"wp-block-column is-layout-flow wp-block-column-is-layout-flow\">\n<p>Stina Kallerhult Hermansson er legitimert sykepleier med master, som n\u00e5 er absatt sin doktorand (phd-student) ved Ume\u00e5 universitet. Hun har klinisk bakgrunn fra pre- og postoperativ helsetjeneste. Hun har undervist ved Ume\u00e5 universitet siden 2018 og er for tiden phd-student p\u00e5 heltid i prosjektet BePROF, hvor hun forsker p\u00e5 mentorenes perspektiv i prosjektet.<\/p>\n<\/div>\n<\/div>\n\n\n\n<p><strong>Fredrik Norstr\u00f6m, Dosent i epidemiologi og biostatistikk og prosjektdeltaker<\/strong><\/p>\n\n\n\n<div class=\"wp-block-columns is-layout-flex wp-container-core-columns-is-layout-9d6595d7 wp-block-columns-is-layout-flex\">\n<div class=\"wp-block-column is-layout-flow wp-block-column-is-layout-flow\"><div class=\"wp-block-image\">\n<figure class=\"alignleft size-full\"><img loading=\"lazy\" decoding=\"async\" width=\"364\" height=\"480\" src=\"https:\/\/site.nord.no\/beprof\/wp-content\/uploads\/sites\/54\/2022\/09\/Skjermbilde-2022-09-12-kl.-13.24.02.png\" alt=\"\" class=\"wp-image-158\" \/><\/figure>\n<\/div><\/div>\n\n\n\n<div class=\"wp-block-column is-layout-flow wp-block-column-is-layout-flow\">\n<p>Fredrik Norstr\u00f6m er lektor i helse\u00f8konomi og dosent i epidemiologi og biostatistikk. Han er dr.med i epidemiologi og folkehelsevitenskap ved institutt for folkehelse og klinisk medisin ved Ume\u00e5 universitet. Han arbeider mest med helse\u00f8konomisk modellering, arbeidsl\u00f8shet og helse, arbeidsmilj\u00f8 og helse og utvikling av metode innenfor det epidemiologiske og helse\u00f8konomiske feltet.<\/p>\n<\/div>\n<\/div>\n\n\n\n<p><\/p>\n\n\n\n<p><\/p>\n","protected":false},"excerpt":{"rendered":"<p>Norsk prosjektgruppe: Yvonne Hilli, professor og prosjektleder. Yvonne&nbsp;Hilli&nbsp;er forskningsleder i&nbsp;BePROF. Yvonne&nbsp;er&nbsp;sykepleier&nbsp;med spesialistutdanning, magister i omsorgsvitenskap samt doktor i helsevitenskap (2007).&nbsp;Yvonne&nbsp;er professor og&nbsp;arbeider til daglig som forsker,&nbsp;SPA for Master i klinisk sykepleie&nbsp;og underviser ved Fakultet for Sykepleie og Helsevitenskap&nbsp;ved Nord Universitet.&nbsp;Yvonne&nbsp;har omfattende erfaring med \u00e5 lede innovative&nbsp;EU- finansierte prosjekt&nbsp;i n\u00e6rt samarbeid med akt\u00f8rer i klinisk&nbsp;praksis. Yvonne&nbsp;intresserer&nbsp;seg &hellip; <\/p>\n<p class=\"link-more\"><a href=\"https:\/\/site.nord.no\/beprof\/prosjektgruppe\/\" class=\"more-link\">Fortsett \u00e5 lese<span class=\"screen-reader-text\"> \u00abProsjektgruppe\u00bb<\/span><\/a><\/p>\n","protected":false},"author":107,"featured_media":0,"parent":0,"menu_order":0,"comment_status":"closed","ping_status":"closed","template":"","meta":{"footnotes":""},"coauthors":[2],"class_list":["post-58","page","type-page","status-publish","hentry"],"_links":{"self":[{"href":"https:\/\/site.nord.no\/beprof\/wp-json\/wp\/v2\/pages\/58","targetHints":{"allow":["GET"]}}],"collection":[{"href":"https:\/\/site.nord.no\/beprof\/wp-json\/wp\/v2\/pages"}],"about":[{"href":"https:\/\/site.nord.no\/beprof\/wp-json\/wp\/v2\/types\/page"}],"author":[{"embeddable":true,"href":"https:\/\/site.nord.no\/beprof\/wp-json\/wp\/v2\/users\/107"}],"replies":[{"embeddable":true,"href":"https:\/\/site.nord.no\/beprof\/wp-json\/wp\/v2\/comments?post=58"}],"version-history":[{"count":6,"href":"https:\/\/site.nord.no\/beprof\/wp-json\/wp\/v2\/pages\/58\/revisions"}],"predecessor-version":[{"id":164,"href":"https:\/\/site.nord.no\/beprof\/wp-json\/wp\/v2\/pages\/58\/revisions\/164"}],"wp:attachment":[{"href":"https:\/\/site.nord.no\/beprof\/wp-json\/wp\/v2\/media?parent=58"}],"wp:term":[{"taxonomy":"author","embeddable":true,"href":"https:\/\/site.nord.no\/beprof\/wp-json\/wp\/v2\/coauthors?post=58"}],"curies":[{"name":"wp","href":"https:\/\/api.w.org\/{rel}","templated":true}]}}