{"id":70,"date":"2022-06-09T17:30:50","date_gmt":"2022-06-09T15:30:50","guid":{"rendered":"https:\/\/site.nord.no\/beprof\/?page_id=70"},"modified":"2022-06-09T21:50:17","modified_gmt":"2022-06-09T19:50:17","slug":"sykepleierpodden","status":"publish","type":"page","link":"https:\/\/site.nord.no\/beprof\/sykepleierpodden\/","title":{"rendered":"Sykepleierpodden"},"content":{"rendered":"\n<p><strong>Beskrivelse av podcasten:<\/strong><\/p>\n\n\n\n<p>Podkasten for deg som er sykepleier og \u00f8nsker \u00e5 holde deg oppdatert p\u00e5 faget ditt, som brenner for det, og for alle dere andre som \u00f8nsker \u00e5 vite hva som skjer i helsenorge akkurat n\u00e5.&nbsp;<\/p>\n\n\n\n<p>Hver uke snakker sykepleier og nestleder i Norsk Sykepleierforbund, Silje Naustvik, med en ny person om viktige temaer som ang\u00e5r sykepleiere og alle som er opptatt av helsetjenesten v\u00e5r, og hver uke diskuterer forbundsledelsen de viktigste sakene i helsetjenesten og samfunnet for sykepleiere akkurat n\u00e5.<\/p>\n\n\n\n<figure class=\"wp-block-embed is-type-rich is-provider-spotify wp-block-embed-spotify wp-embed-aspect-21-9 wp-has-aspect-ratio\"><div class=\"wp-block-embed__wrapper\">\n<iframe title=\"Spotify Embed: Sykepleierpodden\" style=\"border-radius: 12px\" width=\"100%\" height=\"152\" frameborder=\"0\" allowfullscreen allow=\"autoplay; clipboard-write; encrypted-media; fullscreen; picture-in-picture\" loading=\"lazy\" src=\"https:\/\/open.spotify.com\/embed\/show\/7rsgPI79wmsddopgS8Ujyz?si=6ef8a405d56649f4&#038;utm_source=oembed\"><\/iframe>\n<\/div><\/figure>\n","protected":false},"excerpt":{"rendered":"<p>Beskrivelse av podcasten: Podkasten for deg som er sykepleier og \u00f8nsker \u00e5 holde deg oppdatert p\u00e5 faget ditt, som brenner for det, og for alle dere andre som \u00f8nsker \u00e5 vite hva som skjer i helsenorge akkurat n\u00e5.&nbsp; Hver uke snakker sykepleier og nestleder i Norsk Sykepleierforbund, Silje Naustvik, med en ny person om viktige &hellip; <\/p>\n<p class=\"link-more\"><a href=\"https:\/\/site.nord.no\/beprof\/sykepleierpodden\/\" class=\"more-link\">Fortsett \u00e5 lese<span class=\"screen-reader-text\"> \u00abSykepleierpodden\u00bb<\/span><\/a><\/p>\n","protected":false},"author":107,"featured_media":0,"parent":0,"menu_order":0,"comment_status":"closed","ping_status":"closed","template":"","meta":{"footnotes":""},"coauthors":[2],"class_list":["post-70","page","type-page","status-publish","hentry"],"_links":{"self":[{"href":"https:\/\/site.nord.no\/beprof\/wp-json\/wp\/v2\/pages\/70","targetHints":{"allow":["GET"]}}],"collection":[{"href":"https:\/\/site.nord.no\/beprof\/wp-json\/wp\/v2\/pages"}],"about":[{"href":"https:\/\/site.nord.no\/beprof\/wp-json\/wp\/v2\/types\/page"}],"author":[{"embeddable":true,"href":"https:\/\/site.nord.no\/beprof\/wp-json\/wp\/v2\/users\/107"}],"replies":[{"embeddable":true,"href":"https:\/\/site.nord.no\/beprof\/wp-json\/wp\/v2\/comments?post=70"}],"version-history":[{"count":9,"href":"https:\/\/site.nord.no\/beprof\/wp-json\/wp\/v2\/pages\/70\/revisions"}],"predecessor-version":[{"id":102,"href":"https:\/\/site.nord.no\/beprof\/wp-json\/wp\/v2\/pages\/70\/revisions\/102"}],"wp:attachment":[{"href":"https:\/\/site.nord.no\/beprof\/wp-json\/wp\/v2\/media?parent=70"}],"wp:term":[{"taxonomy":"author","embeddable":true,"href":"https:\/\/site.nord.no\/beprof\/wp-json\/wp\/v2\/coauthors?post=70"}],"curies":[{"name":"wp","href":"https:\/\/api.w.org\/{rel}","templated":true}]}}

<p><strong>Beskrivelse av podcasten:</strong></p>



<p>Podkasten for deg som er sykepleier og ønsker å holde deg oppdatert på faget ditt, som brenner for det, og for alle dere andre som ønsker å vite hva som skjer i helsenorge akkurat nå.&nbsp;</p>



<p>Hver uke snakker sykepleier og nestleder i Norsk Sykepleierforbund, Silje Naustvik, med en ny person om viktige temaer som angår sykepleiere og alle som er opptatt av helsetjenesten vår, og hver uke diskuterer forbundsledelsen de viktigste sakene i helsetjenesten og samfunnet for sykepleiere akkurat nå.</p>



<figure class="wp-block-embed is-type-rich is-provider-spotify wp-block-embed-spotify wp-embed-aspect-21-9 wp-has-aspect-ratio"><div class="wp-block-embed__wrapper">
<iframe title="Spotify Embed: Sykepleierpodden" style="border-radius: 12px" width="100%" height="152" frameborder="0" allowfullscreen allow="autoplay; clipboard-write; encrypted-media; fullscreen; picture-in-picture" loading="lazy" src="https://open.spotify.com/embed/show/7rsgPI79wmsddopgS8Ujyz?si=6ef8a405d56649f4&#038;utm_source=oembed"></iframe>
</div></figure>

<p>Beskrivelse av podcasten: Podkasten for deg som er sykepleier og ønsker å holde deg oppdatert på faget ditt, som brenner for det, og for alle dere andre som ønsker å vite hva som skjer i helsenorge akkurat nå.&nbsp; Hver uke snakker sykepleier og nestleder i Norsk Sykepleierforbund, Silje Naustvik, med en ny person om viktige &hellip; </p>
<p class="link-more"><a href="https://site.nord.no/beprof/sykepleierpodden/" class="more-link">Fortsett å lese<span class="screen-reader-text"> «Sykepleierpodden»</span></a></p>
