{"id":1462,"date":"2023-06-01T07:48:47","date_gmt":"2023-06-01T05:48:47","guid":{"rendered":"https:\/\/site.nord.no\/didaktiskebetraktninger\/?page_id=1462"},"modified":"2026-04-14T09:49:05","modified_gmt":"2026-04-14T07:49:05","slug":"om-meg-og-min-faglige-profil","status":"publish","type":"page","link":"https:\/\/site.nord.no\/didaktiskebetraktninger\/om-meg-og-min-faglige-profil\/","title":{"rendered":"Om meg og min faglige profil"},"content":{"rendered":"\n<ol class=\"wp-block-list\">\n<li><a href=\"https:\/\/site.nord.no\/didaktiskebetraktninger\/lederstillinger-lederverv-og-ledertrening\/\" target=\"_blank\" rel=\"noreferrer noopener\"><strong>Ledererfaring<\/strong><\/a><\/li>\n\n\n\n<li><a href=\"https:\/\/site.nord.no\/didaktiskebetraktninger\/beredskapserfaring-og-utdanning\/\" data-type=\"link\" data-id=\"https:\/\/site.nord.no\/didaktiskebetraktninger\/beredskapserfaring-og-utdanning\/\" target=\"_blank\" rel=\"noreferrer noopener\"><strong>Beredskapserfaring og utdanning<\/strong><\/a><\/li>\n\n\n\n<li><a rel=\"noreferrer noopener\" href=\"https:\/\/www.docdroid.net\/uiwNyJq\/attesterpag-pdf\" target=\"_blank\"><strong>Attester<\/strong><\/a><\/li>\n<\/ol>\n\n\n\n<h2 class=\"wp-block-heading\"><strong>UTDANNING<\/strong> OG PRAKSIS<\/h2>\n\n\n\n<ol class=\"wp-block-list\">\n<li><strong>Jeg har hovedfag i informasjonsvitenskap<\/strong> (Cand.Polit.) fra UiB (<em>Tema: Biometriske sikkerhetssystem, elektronisk betalingsformidling og personvern), <\/em>1991<\/li>\n\n\n\n<li>&laquo;Storfag&raquo; <a href=\"https:\/\/no.wikipedia.org\/wiki\/Offentlig_rett\" data-type=\"link\" data-id=\"https:\/\/no.wikipedia.org\/wiki\/Offentlig_rett\" target=\"_blank\" rel=\"noreferrer noopener\">Offentlig rett<\/a>, med fokus p\u00e5 Arbeidsrett (<em>4. avd. spesialfag<\/em>) og Politirett (<em>4. avd. spesialfag<\/em>). <strong>[<\/strong><em><strong>NB!<\/strong> &laquo;<a href=\"https:\/\/no.wikipedia.org\/wiki\/Storfag\" data-type=\"link\" data-id=\"https:\/\/no.wikipedia.org\/wiki\/Storfag\" target=\"_blank\" rel=\"noreferrer noopener\">Storfag<\/a>&raquo; er her ment i betydningen antall <a href=\"https:\/\/no.wikipedia.org\/wiki\/Vekttall\" data-type=\"link\" data-id=\"https:\/\/no.wikipedia.org\/wiki\/Vekttall\" target=\"_blank\" rel=\"noreferrer noopener\">vekttall<\/a>: Mellomfag &#8211; 30 vekttall + Jus.Spesialfag &#8211; 10 vekttall<\/em> <em>= 40 vekttall<\/em>. <em><a href=\"https:\/\/web.archive.org\/web\/19991004172230\/http:\/\/www.uib.no\/elin\/uv-katalog\/jur.html#offrett\" data-type=\"link\" data-id=\"https:\/\/web.archive.org\/web\/19991004172230\/http:\/\/www.uib.no\/elin\/uv-katalog\/jur.html#offrett\" target=\"_blank\" rel=\"noreferrer noopener\">Offentlig Rett ved UiB<\/a> hadde kun mellomfag, og de 10 ekstra vekttallene m\u00e5tte tas direkte under det Juridiske fakultet sitt system<\/em>. <em>All undervisning og samtlige fagemner innen Offentlig Rett tilh\u00f8rte justilbudet ved Juridisk fakultet, og det var kun innretningen; fokus kun p\u00e5 det offentligrettslige, som var satt av det Samfunnsvitenskapelige fakultet<\/em>. <em>Karaktersystemet var ogs\u00e5 i hh. til SV-fakultetet<\/em><strong>. NB!]<\/strong>.<\/li>\n\n\n\n<li><strong><a rel=\"noreferrer noopener\" href=\"https:\/\/www.docdroid.net\/hBq0kX3\/pedsem-pdf\" target=\"_blank\">Pedagogisk eksamen<\/a><\/strong>, UiB, 1991. <\/li>\n\n\n\n<li>Milit\u00e6r <a href=\"https:\/\/www.docdroid.net\/gXobt9w\/109066250-hvsks-vitnemaal-pdf\" target=\"_blank\" rel=\"noreferrer noopener\">veilederutdanning<\/a>, <a href=\"https:\/\/www.docdroid.net\/XwUWFf3\/hvsks-kursbevis-pdf\" target=\"_blank\" rel=\"noreferrer noopener\">HVSKS<\/a>, 2012.<\/li>\n\n\n\n<li>Kurs i Software-testing, IFI\/UiB, 1987 <\/li>\n\n\n\n<li>Kurs i <a rel=\"noreferrer noopener\" href=\"https:\/\/www.docdroid.net\/QQDV0Vn\/diploma-1087580-pdf\" target=\"_blank\">NSM grunnprinsipper for IKT-sikkerhet<\/a>, NSM, 2022.<br>                                            <br><img loading=\"lazy\" decoding=\"async\" width=\"73\" height=\"80\" class=\"wp-image-1952\" style=\"width: 20px\" src=\"https:\/\/site.nord.no\/didaktiskebetraktninger\/wp-content\/uploads\/sites\/6\/2023\/08\/kvit.jpg\" alt=\"\"><br><\/li>\n\n\n\n<li> <a rel=\"noreferrer noopener\" href=\"https:\/\/site.nord.no\/didaktiskebetraktninger\/2023\/06\/15\/hjelp-jeg-er-blitt-systemansvarlig\/\" target=\"_blank\">IT-sjef ved HiNe<\/a>&nbsp; [<em>inkl. <a rel=\"noreferrer noopener\" href=\"https:\/\/web.archive.org\/web\/20030929220809\/http:\/\/ithuset.hinesna.no\/itdrift\/hacker\/index.html\" target=\"_blank\">IT-sikkerhetsansvar<\/a><\/em>] (1993-1999), <\/li>\n\n\n\n<li><a href=\"https:\/\/site.nord.no\/didaktiskebetraktninger\/lederstillinger-lederverv-og-ledertrening\/\" target=\"_blank\" rel=\"noreferrer noopener\">Dekan<\/a> [HiNe og HiNt] (2008 &#8211; 2014), <\/li>\n\n\n\n<li>Foreleser og veileder [HiNe, HiNT, Nord universitet] (2001 &#8211; d.d.), <\/li>\n\n\n\n<li>Hovedverneombud (FFL), HiNe 1998-1999, <\/li>\n\n\n\n<li>Medlem av AMU (FFL), HiNe 1995-1999, <\/li>\n\n\n\n<li>Medlem av H\u00f8gskoler\u00e5det (NTL), Nesna L\u00e6rerh\u00f8gskole 1993-1994. <\/li>\n\n\n\n<li><strong>E<\/strong>rfaring som l\u00e6rer i videreg\u00e5ende skole (1999-2001).<\/li>\n\n\n\n<li>Erfaring som <a rel=\"noreferrer noopener\" href=\"https:\/\/www.docdroid.net\/QcSw5a3\/diplomntsfd-pdf\" target=\"_blank\">tjenestepliktig veileder og instrukt\u00f8r<\/a> av befal og mannskaper i sivilforsvaret (2013 &#8211; 2021).<\/li>\n<\/ol>\n\n\n\n<h2 class=\"wp-block-heading\"><strong>FAGLIG PROFIL<\/strong><\/h2>\n\n\n\n<p>Min <strong>faglige profil<\/strong> har i stor grad v\u00e6rt knyttet til hovedomr\u00e5det <a href=\"https:\/\/www.an.no\/informasjonssikkerhet-nar-krigen-raser\/o\/5-4-1715419\" target=\"_blank\" rel=\"noreferrer noopener\">informasjonssikkerhet<\/a>, samt til en viss grad <a href=\"https:\/\/www.docdroid.net\/NT5AhmU\/35290759-kap-4-jus-ver5-pdf\" target=\"_blank\" rel=\"noreferrer noopener\">IKT og juss<\/a>, med publikasjoner rettet mot b\u00e5de <a href=\"https:\/\/depotbiblioteket.no\/cgi-bin\/m2?tnr=373665\" target=\"_blank\" rel=\"noreferrer noopener\">politiet<\/a> og <a href=\"https:\/\/www.ark.no\/boker\/Hillman-Cox-PC-sikkerhet-9788251917742\" target=\"_blank\" rel=\"noreferrer noopener\">folk flest<\/a>&nbsp;(<a href=\"https:\/\/www.docdroid.net\/OhRbxAy\/attest-tapir-pdf\" target=\"_blank\" rel=\"noreferrer noopener\"><strong>1<\/strong><\/a>). Fra 2003 til 2009 ledet jeg undervisningsprosjektet &laquo;<a href=\"https:\/\/app.cristin.no\/projects\/show.jsf?id=404798\" target=\"_blank\" rel=\"noreferrer noopener\">G\u00e5 inn i din tid<\/a>\u00bb i samarbeid med <a href=\"http:\/\/web.archive.org\/web\/20060216132614\/http:\/\/www.reddbarna.no\/default.asp?V_ITEM_ID=6723\" target=\"_blank\" rel=\"noreferrer noopener\">Redd Barna<\/a> og med aktiv deltakelse av representanter fra <a href=\"https:\/\/nordopen.nord.no\/nord-xmlui\/bitstream\/handle\/11250\/145682\/63.pdf?sequence=1&amp;isAllowed=y\" target=\"_blank\" rel=\"noreferrer noopener\">Kripos<\/a>, der fokus var p\u00e5 internettrelaterte overgrep mot barn og hvordan informatikkstudenter (og senere ogs\u00e5 l\u00e6rerstudenter) kunne bidra inn i kampen mot denne type overgrep (<em>se mer p\u00e5 denne <a href=\"https:\/\/site.nord.no\/didaktiskebetraktninger\/prosjekt-ga-inn-i-din-tid\/\" data-type=\"link\" data-id=\"https:\/\/site.nord.no\/didaktiskebetraktninger\/prosjekt-ga-inn-i-din-tid\/\" target=\"_blank\" rel=\"noreferrer noopener\">oversikten<\/a><\/em>).<\/p>\n\n\n\n<p>Informasjonssikkerhet er et stort fagomr\u00e5de og siden jeg b\u00e5de via min utdanning og min arbeidspraksis f\u00f8rst og fremst har hatt &#8211; og fortsatt har &#8211; fokus p\u00e5 <em>mennesket<\/em> bak de digitale systemer, h\u00f8rer jeg til det fagfeltet som kalles <a href=\"https:\/\/link.springer.com\/article\/10.1007\/s10588-020-09322-9\" data-type=\"link\" data-id=\"https:\/\/link.springer.com\/article\/10.1007\/s10588-020-09322-9\" target=\"_blank\" rel=\"noreferrer noopener\"><strong>Social cybersecurity<\/strong><\/a>. Jeg er med andre ord ikke interessert i det tekniske, men hvordan menneskelig bruk av teknologien kan f\u00f8re til sikkerhetsbrudd og hvordan \u00f8kt bevisstgj\u00f8ring av individer kan styrke den totale digitale sikkerhet.<\/p>\n\n\n\n<p>Mitt fokus er i tr\u00e5d med det internasjonale (og nasjonale) skiftet fra rent teknisk cybersikkerhet til &laquo;<a href=\"https:\/\/ironscales.com\/glossary\/human-centric-security\" data-type=\"link\" data-id=\"https:\/\/ironscales.com\/glossary\/human-centric-security\" target=\"_blank\" rel=\"noreferrer noopener\"><em>Human-Centric Security<\/em><\/a>\u00bb, hvor menneskelig adferd anses som det viktigste leddet.<\/p>\n\n\n\n<p><strong>En slik profil<\/strong> samsvarer med Nord universitet sitt fjerde tematiske satsingsomr\u00e5de; <strong><a href=\"https:\/\/www.nord.no\/forskning\/finn-en-forsker\/sikkerhet-og-beredskap\" data-type=\"link\" data-id=\"https:\/\/www.nord.no\/forskning\/finn-en-forsker\/sikkerhet-og-beredskap\" target=\"_blank\" rel=\"noreferrer noopener\">Samfunnssikkerhet<\/a><\/strong>.<\/p>\n\n\n\n<p><strong>I henhold til &laquo;Strategi 2030&raquo;<\/strong> skal Nord universitet &laquo;<em>bidra til \u00e5 skape trygge og demokratiske samfunn som fremmer robust samfunns- og n\u00e6ringsutvikling gjennom \u00e5 videreutvikle kunnskap om risiko og s\u00e5rbarhet<\/em>\u00bb. Menneskelig bruk av de digitale nettverksbaserte mediesystemer som omgir oss, og hva dette kan f\u00f8re til av personvernmessige og sikkerhetsmessige trussler er viktige bestanddeler for et robust demokratisk styresett i et heldigital samfunn.<\/p>\n\n\n\n<p><strong>Gjennom mitt undervisningsvirke<\/strong>&nbsp;fra 2002 og fagemnet <a href=\"https:\/\/web.archive.org\/web\/20040402020517\/http:\/\/ithuset.hinesna.no\/foreles2003.html\" target=\"_blank\" rel=\"noreferrer noopener\">Samfunnsinformatikk<\/a> til i dag og fagemner som &nbsp;<a href=\"https:\/\/www.nord.no\/studier\/emner\/ikt1013\" target=\"_blank\" rel=\"noreferrer noopener\">IKT1013 -Grunnleggende informasjonssikkerhet<\/a>&nbsp;og&nbsp;<a href=\"https:\/\/www.nord.no\/studier\/emner\/org5005\" target=\"_blank\" rel=\"noreferrer noopener\">ORG5005 \u2013 Digital beredskap<\/a>, har jeg bidratt til at b\u00e5de EVU og MBA-studenter fra utdannings-, beredskaps-, og den private sektor, samt bachelor-studenter, har f\u00e5tt \u00f8kt bevissthet rundt personvern, internettkriminalitet, informasjonssikkerhet, falske nyheter og&nbsp;<a href=\"https:\/\/www.nordnorskdebatt.no\/digital-beredskap-i-krigens-skygge\/o\/5-124-225351\" target=\"_blank\" rel=\"noreferrer noopener\">egen beredskap<\/a>&nbsp;som borger i en heldigital mediehverdag.<\/p>\n\n\n\n<p>Mitt n\u00e5v\u00e6rende arbeid i fagemnene IKT1013 og ORG5005 er i tr\u00e5d med Nasjonal Sikkerhetsmyndighet sin&nbsp;<a href=\"https:\/\/nsm.no\/getfile.php\/1312547-1676548301\/NSM\/Filer\/Dokumenter\/Rapporter\/Risiko%202023%20-%20Nasjonal%20sikkerhetsmyndighet.pdf\" target=\"_blank\" rel=\"noreferrer noopener\">rapport for 2023<\/a>, og i deres uttalelse om at \u00ab<em>Digital sikkerhet b\u00f8r inng\u00e5 som et obligatorisk fag i alle IKT- og teknologiutdannelser. Det b\u00f8r ogs\u00e5 v\u00e6re en del av undervisning i grunnskolen<\/em>.\u00bb (<a href=\"https:\/\/nsm.no\/getfile.php\/1312994-1683615611\/NSM\/Filer\/Dokumenter\/Rapporter\/Sikkerhetsfaglig%20r%C3%A5d%20-%20Et%20motstandsdyktig%20Norge.pdf\" target=\"_blank\" rel=\"noreferrer noopener\">NSM, 2023<\/a>).<\/p>\n\n\n\n<p>IKT og l\u00e6ring 1 og 2 har studenter fra hele landet og fra alle niv\u00e5 i skoleverket, samt fra helse, annen offentlig virksomhet, det private og (av og til) forsvaret. ORG5005 har beredskapsledere, eller beredskapspersonell, fra b\u00e5de det offentlige og det private. De tre nevnte fagemnene vil dermed p\u00e5 sikt kunne v\u00e6re en del av sjef NSM sitt \u00f8nske om at &laquo;<em>alle \u00e5rskull b\u00f8r f\u00e5 oppl\u00e6ring i nasjonal sikkerhet og beredskap. Det skal styrke folks bevissthet om s\u00e5kalte sammensatte trusler. NSM ser for seg at oppl\u00e6ringen kan skje uavhengig av verneplikten. Det kan eventuelt knyttes til sesjon eller som et eget kurstilbud for hele \u00e5rskullet<\/em>.\u00bb<\/p>\n\n\n\n<p>Jeg har ogs\u00e5 bidratt <strong>internasjonalt<\/strong> innen min fagprofil, ved \u00e5 forelese for <a href=\"https:\/\/gettinginvolved.wordpress.com\/2007\/09\/29\/barn-og-unges-digitale-hverdag-polen-2007\/\" target=\"_blank\" rel=\"noreferrer noopener\">MBA<\/a>&#8211; og <a href=\"http:\/\/godejord.pbworks.com\/w\/page\/26530201\/Polish_seminars\" target=\"_blank\" rel=\"noreferrer noopener\">PhD-studenter<\/a> ved <a href=\"https:\/\/www.docdroid.net\/PcWYTHt\/253060703-undervisning-polen-zg-pdf\" target=\"_blank\" rel=\"noreferrer noopener\">Universitetet i Zielona Gora<\/a> og <a href=\"https:\/\/www.docdroid.net\/mGL2f1U\/31930590-program-dziwn-konf-sz-elzb-pdf\" data-type=\"link\" data-id=\"https:\/\/www.docdroid.net\/mGL2f1U\/31930590-program-dziwn-konf-sz-elzb-pdf\" target=\"_blank\" rel=\"noreferrer noopener\">Universitetet i Szczecin<\/a>.<\/p>\n\n\n\n<p><strong>N\u00e5v\u00e6rende undervisnings- og forskningsfokus<\/strong> <strong>innen det digitale beredskapsfeltet<\/strong>:<\/p>\n\n\n\n<ol class=\"wp-block-list\">\n<li>Bruk av <a href=\"https:\/\/site.nord.no\/didaktiskebetraktninger\/2023\/02\/03\/dataspill-som-pedagogisk-verktoy-for-a-skape-okt-bevissthet-rundt-informasjonssikkerhet\/\" data-type=\"link\" data-id=\"https:\/\/site.nord.no\/didaktiskebetraktninger\/2023\/02\/03\/dataspill-som-pedagogisk-verktoy-for-a-skape-okt-bevissthet-rundt-informasjonssikkerhet\/\" target=\"_blank\" rel=\"noreferrer noopener\">dataspill som bevisstgj\u00f8ringsgrep<\/a> innen informasjonssikkerhet.<\/li>\n\n\n\n<li><a href=\"https:\/\/www.eitdeeptechtalent.eu\/news-and-events\/news-archive\/why-ai-literacy-matters-in-2025\/\" data-type=\"link\" data-id=\"https:\/\/www.eitdeeptechtalent.eu\/news-and-events\/news-archive\/why-ai-literacy-matters-in-2025\/\" target=\"_blank\" rel=\"noreferrer noopener\">AI literacy<\/a> som del av den digitale beredskapen.<\/li>\n<\/ol>\n\n\n\n<p>Jeg anser AI Literacy som en viktig del av mitt fagfokus innen &laquo;<em>Human-Centric Security<\/em>\u00bb, i og med den almenne tilgangen til avanserte samtaleroboter og ulike former for bilde-, stemme &#8211; og videogenereringverkt\u00f8y. Jo bedre kunnskap befolkningen har om samlebegrepet &laquo;KI&raquo; og de ulike verkt\u00f8yene introdusert i 2022\/ 23, jo lettere kan de identifisere muligheter, svakheter og trusler mot egen digitale beredskap.<\/p>\n\n\n\n<h3 class=\"wp-block-heading\">Faglige arbeider knyttet til min profil (utvalg)<\/h3>\n\n\n\n<p>Jeg har samlet et utvalg av ulike undervisningsfaglige arbeider knyttet til samfunns- informasjonssikkerhet<strong> <a href=\"https:\/\/site.nord.no\/didaktiskebetraktninger\/faglige-innlegg-knyttet-til-informasjonssikkerhet-og-digital-beredskap\/\" data-type=\"link\" data-id=\"https:\/\/site.nord.no\/didaktiskebetraktninger\/faglige-innlegg-knyttet-til-informasjonssikkerhet-og-digital-beredskap\/\" target=\"_blank\" rel=\"noreferrer noopener\">her<\/a><\/strong>.<\/p>\n\n\n\n<p><strong>[<em>Tilbake til <a rel=\"noreferrer noopener\" href=\"https:\/\/site.nord.no\/didaktiskebetraktninger\/\" target=\"_blank\">hovedsiden<\/a><\/em>]<\/strong><\/p>\n\n\n<div class=\"wp-block-image\">\n<figure class=\"aligncenter size-full is-resized\"><a href=\"https:\/\/no.linkedin.com\/in\/per-arne-godejord-44b86b39b\" target=\"_blank\"><img loading=\"lazy\" decoding=\"async\" width=\"63\" height=\"61\" src=\"https:\/\/site.nord.no\/didaktiskebetraktninger\/wp-content\/uploads\/sites\/6\/2025\/12\/link.jpg\" alt=\"L\" class=\"wp-image-7265\" style=\"width:33px;height:auto\" \/><\/a><\/figure>\n<\/div>\n\n\n<p><\/p>\n","protected":false},"excerpt":{"rendered":"<p>UTDANNING OG PRAKSIS FAGLIG PROFIL Min faglige profil har i stor grad v\u00e6rt knyttet til hovedomr\u00e5det informasjonssikkerhet, samt til en viss grad IKT og juss, med publikasjoner rettet mot b\u00e5de politiet og folk flest&nbsp;(1). Fra 2003 til 2009 ledet jeg undervisningsprosjektet &laquo;G\u00e5 inn i din tid\u00bb i samarbeid med Redd Barna og med aktiv deltakelse &hellip; <a href=\"https:\/\/site.nord.no\/didaktiskebetraktninger\/om-meg-og-min-faglige-profil\/\" class=\"more-link\">Fortsett \u00e5 lese<span class=\"screen-reader-text\"> \u00abOm meg og min faglige profil\u00bb<\/span><\/a><\/p>\n","protected":false},"author":11,"featured_media":0,"parent":0,"menu_order":0,"comment_status":"closed","ping_status":"closed","template":"","meta":{"footnotes":""},"coauthors":[2],"class_list":["post-1462","page","type-page","status-publish","hentry"],"_links":{"self":[{"href":"https:\/\/site.nord.no\/didaktiskebetraktninger\/wp-json\/wp\/v2\/pages\/1462","targetHints":{"allow":["GET"]}}],"collection":[{"href":"https:\/\/site.nord.no\/didaktiskebetraktninger\/wp-json\/wp\/v2\/pages"}],"about":[{"href":"https:\/\/site.nord.no\/didaktiskebetraktninger\/wp-json\/wp\/v2\/types\/page"}],"author":[{"embeddable":true,"href":"https:\/\/site.nord.no\/didaktiskebetraktninger\/wp-json\/wp\/v2\/users\/11"}],"replies":[{"embeddable":true,"href":"https:\/\/site.nord.no\/didaktiskebetraktninger\/wp-json\/wp\/v2\/comments?post=1462"}],"version-history":[{"count":67,"href":"https:\/\/site.nord.no\/didaktiskebetraktninger\/wp-json\/wp\/v2\/pages\/1462\/revisions"}],"predecessor-version":[{"id":7877,"href":"https:\/\/site.nord.no\/didaktiskebetraktninger\/wp-json\/wp\/v2\/pages\/1462\/revisions\/7877"}],"wp:attachment":[{"href":"https:\/\/site.nord.no\/didaktiskebetraktninger\/wp-json\/wp\/v2\/media?parent=1462"}],"wp:term":[{"taxonomy":"author","embeddable":true,"href":"https:\/\/site.nord.no\/didaktiskebetraktninger\/wp-json\/wp\/v2\/coauthors?post=1462"}],"curies":[{"name":"wp","href":"https:\/\/api.w.org\/{rel}","templated":true}]}}