{"id":1966,"date":"2023-08-18T19:37:25","date_gmt":"2023-08-18T17:37:25","guid":{"rendered":"https:\/\/site.nord.no\/didaktiskebetraktninger\/?page_id=1966"},"modified":"2025-10-07T12:47:36","modified_gmt":"2025-10-07T10:47:36","slug":"faglige-innlegg-knyttet-til-informasjonssikkerhet-og-digital-beredskap","status":"publish","type":"page","link":"https:\/\/site.nord.no\/didaktiskebetraktninger\/faglige-innlegg-knyttet-til-informasjonssikkerhet-og-digital-beredskap\/","title":{"rendered":"Faglige arbeider knyttet til informasjonssikkerhet og digital beredskap"},"content":{"rendered":"\n<h3 class=\"wp-block-heading\">Innledning<\/h3>\n\n\n\n<p>Siden jeg b\u00e5de via <a href=\"https:\/\/www.nord.no\/om\/ansatte\/per-arne-godejord\" data-type=\"link\" data-id=\"https:\/\/www.nord.no\/om\/ansatte\/per-arne-godejord\" target=\"_blank\" rel=\"noreferrer noopener\">min utdanning og min arbeidspraksis<\/a> f\u00f8rst og fremst har hatt \u2013 og fortsatt har \u2013 fokus p\u00e5&nbsp;<em>mennesket<\/em>&nbsp;bak de digitale systemer, h\u00f8rer jeg til det fagfeltet som kalles <strong><a href=\"https:\/\/digitalsociety.id\/2021\/09\/08\/the-emergence-of-social-cybersecurity-what-is-it-all-about\/6293\/\" data-type=\"link\" data-id=\"https:\/\/digitalsociety.id\/2021\/09\/08\/the-emergence-of-social-cybersecurity-what-is-it-all-about\/6293\/\" target=\"_blank\" rel=\"noreferrer noopener\">Social cybersecurity<\/a><\/strong>.<\/p>\n\n\n\n<p><strong>Gjennom mitt undervisningsvirke<\/strong>&nbsp;fra 2002 og fagemnet <a href=\"https:\/\/web.archive.org\/web\/20040402020517\/http:\/\/ithuset.hinesna.no\/foreles2003.html\" target=\"_blank\" rel=\"noreferrer noopener\">Samfunnsinformatikk<\/a> til i dag og fagemner som &nbsp;<a href=\"https:\/\/www.nord.no\/studier\/emner\/ikt1013\" target=\"_blank\" rel=\"noreferrer noopener\">IKT1013 -Grunnleggende informasjonssikkerhet<\/a>&nbsp;og&nbsp;<a href=\"https:\/\/www.nord.no\/studier\/emner\/org5005\" target=\"_blank\" rel=\"noreferrer noopener\">ORG5005 \u2013 Digital beredskap<\/a>, har jeg bidratt til at b\u00e5de EVU og MBA-studenter fra utdannings-, beredskaps-, og den private sektor, samt bachelor-studenter, har f\u00e5tt \u00f8kt bevissthet rundt personvern, internettkriminalitet, informasjonssikkerhet, falske nyheter og&nbsp;<a href=\"https:\/\/www.nordnorskdebatt.no\/digital-beredskap-i-krigens-skygge\/o\/5-124-225351\" target=\"_blank\" rel=\"noreferrer noopener\">egen beredskap<\/a>&nbsp;som borger i en heldigital mediehverdag.<\/p>\n\n\n\n<p>Mitt n\u00e5v\u00e6rende arbeid i fagemnene IKT1013 og ORG5005 er i tr\u00e5d med Nasjonal Sikkerhetsmyndighet sin&nbsp;<a href=\"https:\/\/nsm.no\/getfile.php\/1312547-1676548301\/NSM\/Filer\/Dokumenter\/Rapporter\/Risiko%202023%20-%20Nasjonal%20sikkerhetsmyndighet.pdf\" target=\"_blank\" rel=\"noreferrer noopener\">rapport for 2023<\/a>, og i deres uttalelse om at \u00ab<em>Digital sikkerhet b\u00f8r inng\u00e5 som et obligatorisk fag i alle IKT- og teknologiutdannelser. Det b\u00f8r ogs\u00e5 v\u00e6re en del av undervisning i grunnskolen<\/em>.\u00bb (<a href=\"https:\/\/nsm.no\/getfile.php\/1312994-1683615611\/NSM\/Filer\/Dokumenter\/Rapporter\/Sikkerhetsfaglig%20r%C3%A5d%20-%20Et%20motstandsdyktig%20Norge.pdf\" target=\"_blank\" rel=\"noreferrer noopener\">NSM, 2023<\/a>).<\/p>\n\n\n\n<p>I det f\u00f8lgende kommer en oversikt over noen av mine faglige arbeider knyttet til omr\u00e5det <em>Samfunnsinformasjonssikkerhet<\/em>.<\/p>\n\n\n\n<h3 class=\"wp-block-heading\">Prosjekt<\/h3>\n\n\n\n<ol class=\"wp-block-list\">\n<li><a href=\"https:\/\/site.nord.no\/didaktiskebetraktninger\/prosjekt-ga-inn-i-din-tid\/\" data-type=\"link\" data-id=\"https:\/\/site.nord.no\/didaktiskebetraktninger\/prosjekt-ga-inn-i-din-tid\/\" target=\"_blank\" rel=\"noreferrer noopener\">Prosjekt G\u00e5 inn i din tid<\/a> (2002 &#8211; 2009)<br>F\u00f8rste oppstart h\u00f8sten 2002, men formell oppstart med avtale mellom HiNe og Redd Barna 2003. Temaomr\u00e5der relevant for Social Cybersecurity dekket av prosjektet: Sikkerhet, overv\u00e5king, personvern, og jus (<em>personvernlovgivning og strafferett\/straffeprosess<\/em>)<\/li>\n<\/ol>\n\n\n\n<h3 class=\"wp-block-heading\">Bevisstgj\u00f8ring ved hjelp av fortelling og case<\/h3>\n\n\n\n<ol class=\"wp-block-list\">\n<li><a rel=\"noreferrer noopener\" href=\"https:\/\/site.nord.no\/didaktiskebetraktninger\/2023\/04\/05\/doden-tar-pc\/\" data-type=\"link\" data-id=\"https:\/\/site.nord.no\/didaktiskebetraktninger\/2023\/04\/05\/doden-tar-pc\/\" target=\"_blank\">D\u00f8den tar PC &#8211; en krimhistorie<\/a><\/li>\n\n\n\n<li><a href=\"https:\/\/site.nord.no\/didaktiskebetraktninger\/2023\/08\/17\/en-vanlig-dag-i-anne-kirkeruds-liv-en-personvernhistorie\/\" data-type=\"link\" data-id=\"https:\/\/site.nord.no\/didaktiskebetraktninger\/2023\/08\/17\/en-vanlig-dag-i-anne-kirkeruds-liv-en-personvernhistorie\/\" target=\"_blank\" rel=\"noreferrer noopener\">En vanlig dag i Anne Kirkeruds liv \u2013 et personverncase<\/a><\/li>\n<\/ol>\n\n\n\n<h3 class=\"wp-block-heading\">Faglige innlegg, forelesningsressurser etc.<\/h3>\n\n\n\n<ol class=\"wp-block-list\">\n<li><a href=\"https:\/\/site.nord.no\/didaktiskebetraktninger\/2025\/10\/07\/nar-akademia-blir-frontlinje-digital-beredskap-i-mote-med-etterretning-kriminalitet-og-kriser\/\" data-type=\"link\" data-id=\"https:\/\/site.nord.no\/didaktiskebetraktninger\/2025\/10\/07\/nar-akademia-blir-frontlinje-digital-beredskap-i-mote-med-etterretning-kriminalitet-og-kriser\/\" target=\"_blank\" rel=\"noreferrer noopener\">N\u00e5r akademia blir frontlinje: Digital beredskap i m\u00f8te med etterretning, kriminalitet og kriser<\/a><\/li>\n\n\n\n<li><a href=\"https:\/\/site.nord.no\/didaktiskebetraktninger\/2025\/06\/04\/digital-egenberedskap-var-nye-folkeplikt\/\" data-type=\"link\" data-id=\"https:\/\/site.nord.no\/didaktiskebetraktninger\/2025\/06\/04\/digital-egenberedskap-var-nye-folkeplikt\/\" target=\"_blank\" rel=\"noreferrer noopener\">Digital egenberedskap: V\u00e5r nye folkeplikt<\/a><\/li>\n\n\n\n<li><a href=\"https:\/\/site.nord.no\/didaktiskebetraktninger\/2024\/07\/28\/trusler-i-det-digitale-rom-ki-eller-ganske-enkelt-the-usual-suspects\/\" data-type=\"link\" data-id=\"https:\/\/site.nord.no\/didaktiskebetraktninger\/2024\/07\/28\/trusler-i-det-digitale-rom-ki-eller-ganske-enkelt-the-usual-suspects\/\" target=\"_blank\" rel=\"noreferrer noopener\">Trusler i det digitale rom \u2013 KI eller ganske enkelt the usual suspects?<\/a><\/li>\n\n\n\n<li><a href=\"https:\/\/site.nord.no\/didaktiskebetraktninger\/2024\/03\/15\/sosiale-medier-fra-lek-og-laering-til-krigsskueplass\/\" data-type=\"link\" data-id=\"https:\/\/site.nord.no\/didaktiskebetraktninger\/2024\/03\/15\/sosiale-medier-fra-lek-og-laering-til-krigsskueplass\/\" target=\"_blank\" rel=\"noreferrer noopener\">Sosiale medier \u2013 Fra lek og l\u00e6ring til krigsskueplass<\/a><\/li>\n\n\n\n<li><a href=\"https:\/\/site.nord.no\/didaktiskebetraktninger\/2023\/11\/20\/nar-hackergrupper-plutselig-blir-de-gode-riddere\/\" data-type=\"link\" data-id=\"https:\/\/site.nord.no\/didaktiskebetraktninger\/2023\/11\/20\/nar-hackergrupper-plutselig-blir-de-gode-riddere\/\" target=\"_blank\" rel=\"noreferrer noopener\">N\u00e5r Hackergrupper plutselig blir de gode riddere<\/a><\/li>\n\n\n\n<li><a rel=\"noreferrer noopener\" href=\"https:\/\/site.nord.no\/didaktiskebetraktninger\/2023\/08\/31\/beskytt-ditt-personvern-fordelene-med-bruk-av-anonyme-e-posttjenester\/\" data-type=\"link\" data-id=\"https:\/\/site.nord.no\/didaktiskebetraktninger\/2023\/08\/31\/beskytt-ditt-personvern-fordelene-med-bruk-av-anonyme-e-posttjenester\/\" target=\"_blank\">Beskytt Ditt Personvern: Fordelene med Bruk av Anonyme E-posttjenester<\/a><\/li>\n\n\n\n<li><a rel=\"noreferrer noopener\" href=\"https:\/\/site.nord.no\/didaktiskebetraktninger\/2023\/08\/22\/historien-bak-kryptografi-og-pgp-sikring-av-e-postkommunikasjon\/\" data-type=\"link\" data-id=\"https:\/\/site.nord.no\/didaktiskebetraktninger\/2023\/08\/22\/historien-bak-kryptografi-og-pgp-sikring-av-e-postkommunikasjon\/\" target=\"_blank\">Historien bak Kryptografi og PGP: Sikring av E-postkommunikasjon<\/a><\/li>\n\n\n\n<li><a rel=\"noreferrer noopener\" href=\"https:\/\/site.nord.no\/didaktiskebetraktninger\/2023\/08\/17\/steganografi-a-skjule-ting-fullt-synlig\/\" data-type=\"link\" data-id=\"https:\/\/site.nord.no\/didaktiskebetraktninger\/2023\/08\/17\/steganografi-a-skjule-ting-fullt-synlig\/\" target=\"_blank\">Steganografi \u2013 \u00c5 skjule ting fullt synlig<\/a><\/li>\n\n\n\n<li><a href=\"https:\/\/site.nord.no\/didaktiskebetraktninger\/2023\/09\/04\/beskyttelse-av-personvern-gjennom-kryptografi-steganografi-og-anonyme-e-posttjenester-en-oppsummering\/\" data-type=\"link\" data-id=\"https:\/\/site.nord.no\/didaktiskebetraktninger\/2023\/09\/04\/beskyttelse-av-personvern-gjennom-kryptografi-steganografi-og-anonyme-e-posttjenester-en-oppsummering\/\" target=\"_blank\" rel=\"noreferrer noopener\">Beskyttelse av Personvern gjennom Kryptografi, Steganografi og Anonyme E-posttjenester -En oppsummering<\/a><\/li>\n\n\n\n<li><a href=\"https:\/\/site.nord.no\/didaktiskebetraktninger\/2023\/04\/05\/paskekriminelt-sosial-manipulering\/\" data-type=\"link\" data-id=\"https:\/\/site.nord.no\/didaktiskebetraktninger\/2023\/04\/05\/paskekriminelt-sosial-manipulering\/\" target=\"_blank\" rel=\"noreferrer noopener\">Om sosial manipulering<\/a><\/li>\n\n\n\n<li><a rel=\"noreferrer noopener\" href=\"https:\/\/site.nord.no\/didaktiskebetraktninger\/2022\/12\/20\/hva-tiktok-og-kinesisk-etterretning-far-tilgang-til\/\" data-type=\"link\" data-id=\"https:\/\/site.nord.no\/didaktiskebetraktninger\/2022\/12\/20\/hva-tiktok-og-kinesisk-etterretning-far-tilgang-til\/\" target=\"_blank\">Hva TikTok og kinesisk etterretning f\u00e5r tilgang til via v\u00e5re mobiltelefoner, samt noen tanker om t\u00f8vete forbud<\/a><\/li>\n\n\n\n<li><a href=\"https:\/\/www.nordnorskdebatt.no\/digital-beredskap-i-krigens-skygge\/o\/5-124-225351\" data-type=\"link\" data-id=\"https:\/\/www.nordnorskdebatt.no\/digital-beredskap-i-krigens-skygge\/o\/5-124-225351\" target=\"_blank\" rel=\"noreferrer noopener\">Digital beredskap i krigens skygge<\/a><\/li>\n\n\n\n<li><a rel=\"noreferrer noopener\" href=\"https:\/\/site.nord.no\/didaktiskebetraktninger\/2023\/02\/01\/informasjonssikkerhet-i-skyggen-av-krig\/\" data-type=\"link\" data-id=\"https:\/\/site.nord.no\/didaktiskebetraktninger\/2023\/02\/01\/informasjonssikkerhet-i-skyggen-av-krig\/\" target=\"_blank\">Informasjonssikkerhet i skyggen av krig<\/a><\/li>\n\n\n\n<li><a href=\"https:\/\/www.nordnorskdebatt.no\/informasjonssikkerhet-begynner-ved-kjokkenbordet\/o\/5-124-266149\" data-type=\"link\" data-id=\"https:\/\/www.nordnorskdebatt.no\/informasjonssikkerhet-begynner-ved-kjokkenbordet\/o\/5-124-266149\" target=\"_blank\" rel=\"noreferrer noopener\">Informasjonssikkerhet begynner ved kj\u00f8kkenbordet<\/a><\/li>\n\n\n\n<li><a href=\"https:\/\/site.nord.no\/didaktiskebetraktninger\/2024\/07\/28\/trusler-i-det-digitale-rom-ki-eller-ganske-enkelt-the-usual-suspects\/\" data-type=\"link\" data-id=\"https:\/\/site.nord.no\/didaktiskebetraktninger\/2024\/07\/28\/trusler-i-det-digitale-rom-ki-eller-ganske-enkelt-the-usual-suspects\/\" target=\"_blank\" rel=\"noreferrer noopener\">Trusler i det digitale rom &#8211; KI eller ganske enkelt the usual suspects?<\/a><\/li>\n\n\n\n<li><a href=\"https:\/\/site.nord.no\/didaktiskebetraktninger\/2023\/02\/03\/dataspill-som-pedagogisk-verktoy-for-a-skape-okt-bevissthet-rundt-informasjonssikkerhet\/\" data-type=\"link\" data-id=\"https:\/\/site.nord.no\/didaktiskebetraktninger\/2023\/02\/03\/dataspill-som-pedagogisk-verktoy-for-a-skape-okt-bevissthet-rundt-informasjonssikkerhet\/\" target=\"_blank\" rel=\"noreferrer noopener\">Dataspill som pedagogisk verkt\u00f8y for \u00e5 skape \u00f8kt bevissthet rundt informasjonssikkerhet<\/a><\/li>\n\n\n\n<li><a rel=\"noreferrer noopener\" href=\"https:\/\/site.nord.no\/didaktiskebetraktninger\/2022\/11\/23\/fra-enkeltverktoy-til-helhetlig-digital-mediehverdag-historie-statistikk-og-angrepsscenarioer\/\" data-type=\"link\" data-id=\"https:\/\/site.nord.no\/didaktiskebetraktninger\/2022\/11\/23\/fra-enkeltverktoy-til-helhetlig-digital-mediehverdag-historie-statistikk-og-angrepsscenarioer\/\" target=\"_blank\">Fra enkeltverkt\u00f8y til helhetlig digital mediehverdag \u2013 Historie, statistikk og angrepsscenarioer som del av studentaktiv l\u00e6ring<\/a><\/li>\n\n\n\n<li><a href=\"https:\/\/site.nord.no\/didaktiskebetraktninger\/2020\/01\/25\/huskeliste-for-lagforere-og-troppsjef-med-it-sikkerhetsvri\/\" data-type=\"link\" data-id=\"https:\/\/site.nord.no\/didaktiskebetraktninger\/2020\/01\/25\/huskeliste-for-lagforere-og-troppsjef-med-it-sikkerhetsvri\/\" target=\"_blank\" rel=\"noreferrer noopener\">HUSKELISTE for lagf\u00f8rere og troppsjef \u2013 med IT-sikkerhetsvri<\/a><\/li>\n\n\n\n<li><a rel=\"noreferrer noopener\" href=\"https:\/\/site.nord.no\/didaktiskebetraktninger\/2023\/07\/21\/nafo-fellas-bekjempelse-av-russisk-feilinformasjon-pa-nettet\/\" data-type=\"link\" data-id=\"https:\/\/site.nord.no\/didaktiskebetraktninger\/2023\/07\/21\/nafo-fellas-bekjempelse-av-russisk-feilinformasjon-pa-nettet\/\" target=\"_blank\">NAFO-fellas: Bekjempelse av russisk feilinformasjon p\u00e5 nettet<\/a><\/li>\n\n\n\n<li><a href=\"https:\/\/vimeo.com\/847943528\" data-type=\"link\" data-id=\"https:\/\/vimeo.com\/847943528\" target=\"_blank\" rel=\"noreferrer noopener\">Intro til informasjonssikkerhet (videoforelesning)<\/a><\/li>\n\n\n\n<li><a href=\"https:\/\/vimeo.com\/847943354\" data-type=\"link\" data-id=\"https:\/\/vimeo.com\/847943354\" target=\"_blank\" rel=\"noreferrer noopener\">Digital beredskap (videoforelesning)<\/a><\/li>\n\n\n\n<li><a href=\"https:\/\/vimeo.com\/847943611\" data-type=\"link\" data-id=\"https:\/\/vimeo.com\/847943611\" target=\"_blank\" rel=\"noreferrer noopener\">Ulike scenarioer innen digital beredskap (videoforelesning)<\/a><\/li>\n<\/ol>\n\n\n\n<h3 class=\"wp-block-heading\">B\u00f8ker<\/h3>\n\n\n\n<ol class=\"wp-block-list\">\n<li><a rel=\"noreferrer noopener\" href=\"https:\/\/depotbiblioteket.no\/cgi-bin\/m2?tnr=373665\" data-type=\"link\" data-id=\"https:\/\/depotbiblioteket.no\/cgi-bin\/m2?tnr=373665\" target=\"_blank\">Beslag og sikring av datautstyr : en enkel felth\u00e5ndbok<\/a><\/li>\n\n\n\n<li><a href=\"https:\/\/www.ark.no\/produkt\/boker\/fagboker\/pc-sikkerhet-9788251917742\" data-type=\"link\" data-id=\"https:\/\/www.ark.no\/produkt\/boker\/fagboker\/pc-sikkerhet-9788251917742\" target=\"_blank\" rel=\"noreferrer noopener\">PC-sikkerhet \u2013 og mysteriet med de forsvunne filer<\/a> (<a href=\"https:\/\/www.docdroid.net\/OhRbxAy\/attest-tapir-pdf\" data-type=\"link\" data-id=\"https:\/\/www.docdroid.net\/OhRbxAy\/attest-tapir-pdf\" target=\"_blank\" rel=\"noreferrer noopener\">1<\/a>).<\/li>\n\n\n\n<li><a href=\"https:\/\/www.akademika.no\/teknologi\/data-og-informasjonsteknologi\/innforing-i-informasjonsteknologi\/9788251924276\" data-type=\"link\" data-id=\"https:\/\/www.akademika.no\/teknologi\/data-og-informasjonsteknologi\/innforing-i-informasjonsteknologi\/9788251924276\" target=\"_blank\" rel=\"noreferrer noopener\">Innf\u00f8ring i informasjonsteknologi<\/a> (<a href=\"https:\/\/www.docdroid.net\/NT5AhmU\/35290759-kap-4-jus-ver5-pdf\" data-type=\"link\" data-id=\"https:\/\/www.docdroid.net\/NT5AhmU\/35290759-kap-4-jus-ver5-pdf\" target=\"_blank\" rel=\"noreferrer noopener\">Mitt kapittel<\/a>)<\/li>\n<\/ol>\n\n\n\n<p><\/p>\n","protected":false},"excerpt":{"rendered":"<p>Innledning Siden jeg b\u00e5de via min utdanning og min arbeidspraksis f\u00f8rst og fremst har hatt \u2013 og fortsatt har \u2013 fokus p\u00e5&nbsp;mennesket&nbsp;bak de digitale systemer, h\u00f8rer jeg til det fagfeltet som kalles Social cybersecurity. Gjennom mitt undervisningsvirke&nbsp;fra 2002 og fagemnet Samfunnsinformatikk til i dag og fagemner som &nbsp;IKT1013 -Grunnleggende informasjonssikkerhet&nbsp;og&nbsp;ORG5005 \u2013 Digital beredskap, har jeg &hellip; <a href=\"https:\/\/site.nord.no\/didaktiskebetraktninger\/faglige-innlegg-knyttet-til-informasjonssikkerhet-og-digital-beredskap\/\" class=\"more-link\">Fortsett \u00e5 lese<span class=\"screen-reader-text\"> \u00abFaglige arbeider knyttet til informasjonssikkerhet og digital beredskap\u00bb<\/span><\/a><\/p>\n","protected":false},"author":11,"featured_media":0,"parent":0,"menu_order":0,"comment_status":"closed","ping_status":"closed","template":"","meta":{"footnotes":""},"coauthors":[2],"class_list":["post-1966","page","type-page","status-publish","hentry"],"_links":{"self":[{"href":"https:\/\/site.nord.no\/didaktiskebetraktninger\/wp-json\/wp\/v2\/pages\/1966","targetHints":{"allow":["GET"]}}],"collection":[{"href":"https:\/\/site.nord.no\/didaktiskebetraktninger\/wp-json\/wp\/v2\/pages"}],"about":[{"href":"https:\/\/site.nord.no\/didaktiskebetraktninger\/wp-json\/wp\/v2\/types\/page"}],"author":[{"embeddable":true,"href":"https:\/\/site.nord.no\/didaktiskebetraktninger\/wp-json\/wp\/v2\/users\/11"}],"replies":[{"embeddable":true,"href":"https:\/\/site.nord.no\/didaktiskebetraktninger\/wp-json\/wp\/v2\/comments?post=1966"}],"version-history":[{"count":30,"href":"https:\/\/site.nord.no\/didaktiskebetraktninger\/wp-json\/wp\/v2\/pages\/1966\/revisions"}],"predecessor-version":[{"id":7032,"href":"https:\/\/site.nord.no\/didaktiskebetraktninger\/wp-json\/wp\/v2\/pages\/1966\/revisions\/7032"}],"wp:attachment":[{"href":"https:\/\/site.nord.no\/didaktiskebetraktninger\/wp-json\/wp\/v2\/media?parent=1966"}],"wp:term":[{"taxonomy":"author","embeddable":true,"href":"https:\/\/site.nord.no\/didaktiskebetraktninger\/wp-json\/wp\/v2\/coauthors?post=1966"}],"curies":[{"name":"wp","href":"https:\/\/api.w.org\/{rel}","templated":true}]}}