{"id":2872,"date":"2024-01-04T13:35:46","date_gmt":"2024-01-04T12:35:46","guid":{"rendered":"https:\/\/site.nord.no\/didaktiskebetraktninger\/?page_id=2872"},"modified":"2024-07-14T15:46:26","modified_gmt":"2024-07-14T13:46:26","slug":"llama70b-v2-chat","status":"publish","type":"page","link":"https:\/\/site.nord.no\/didaktiskebetraktninger\/llama70b-v2-chat\/","title":{"rendered":"llama70b-v2-chat"},"content":{"rendered":"\n<p><a href=\"https:\/\/deepgram.com\/learn\/llama-2-llm-explained\" data-type=\"link\" data-id=\"https:\/\/deepgram.com\/learn\/llama-2-llm-explained\" target=\"_blank\" rel=\"noreferrer noopener\">Lla<\/a><a href=\"https:\/\/deepgram.com\/learn\/llama-2-llm-explained\" data-type=\"link\" data-id=\"https:\/\/deepgram.com\/learn\/llama-2-llm-explained\">ma<\/a> er et system tilsvarende ChatGPT, utviklet av Meta. Jeg vil teste dette systemet i l\u00f8pet av 2024 via <a href=\"https:\/\/sdk.vercel.ai\/\" data-type=\"link\" data-id=\"https:\/\/sdk.vercel.ai\/\" target=\"_blank\" rel=\"noreferrer noopener\">AI Playground<\/a>.<\/p>\n\n\n\n<h3 class=\"wp-block-heading\">Llama pr\u00f8ver seg p\u00e5 70-tallet<\/h3>\n\n\n\n<p><strong>F\u00f8rste test: Hvem var Kjell Hallbing?<\/strong><\/p>\n\n\n<div class=\"wp-block-image\">\n<figure class=\"alignleft size-full is-resized\"><img loading=\"lazy\" decoding=\"async\" width=\"98\" height=\"65\" src=\"https:\/\/site.nord.no\/didaktiskebetraktninger\/wp-content\/uploads\/sites\/6\/2024\/01\/image-2.png\" alt=\"\" class=\"wp-image-2877\" style=\"width:30px;height:auto\" \/><\/figure>\n<\/div>\n\n\n<p><em>Kjell Hallbing var en norsk forfatter og journalist. Han ble f\u00f8dt 21. juni 1934 i Oslo og d\u00f8de 25. august 2004 samme sted. Hallbing var kjent for sine kriminalromaner og thrillere, men han skrev ogs\u00e5 romaner, noveller, essays og artikler for aviser og tidsskrifter<\/em>.<\/p>\n\n\n\n<p><em>Hallbing debuterte som forfatter i 1966 med romanen &laquo;S\u00f8rlands-mysteriet&raquo;, men det var med hans andre roman, &laquo;Gjester i natten&raquo;, utgitt i 1970, at han virkelig fikk sitt gjennombrudd som forfatter. Boken ble en stor suksess og etablerte ham som en ledende skikkelse innen norsk kriminalliteratur.<\/em><\/p>\n\n\n\n<p><em>I sitt forfatterskap kombinerte Hallbing ofte elementer fra kriminallitteraturen med psykologiske thrillere og filosofiske refleksjoner. Han var ogs\u00e5 kjent for sin evne til \u00e5 skape komplekse och intrigerende plot twists, noe som gjorde at leserne kunne bli sittende p\u00e5 tunellen til slutten av boken.<\/em><\/p>\n\n\n\n<p><em>Hallbing mottok flere priser for sitt arbeid, deriblant Rivertonprisen i 1973 f\u00f6r boken &laquo;Djevelens disippel&raquo;. Han ble ogs\u00e5 nominert til Nordisk r\u00e5ds litteraturpris to ganger, f\u00f8rst i 1985 f\u00f6r boken &laquo;Mordets filosofi&raquo; og igjen i 2003 f\u00f6r boken &laquo;Nattsvermere&raquo;.<\/em><\/p>\n\n\n\n<p><strong>Andre test: Skriv en stil om den litter\u00e6re figuren Morgan Kane<\/strong><\/p>\n\n\n\n<p>Llama slo her over p\u00e5 engelsk, og produserte f\u00f8lgende gullkorn:<\/p>\n\n\n<div class=\"wp-block-image\">\n<figure class=\"alignleft size-full is-resized\"><img loading=\"lazy\" decoding=\"async\" width=\"98\" height=\"65\" src=\"https:\/\/site.nord.no\/didaktiskebetraktninger\/wp-content\/uploads\/sites\/6\/2024\/01\/image-2.png\" alt=\"\" class=\"wp-image-2877\" style=\"width:30px;height:auto\" \/><\/figure>\n<\/div>\n\n\n<p><em>Morgan Kane is a literary figure known for his appearances in a series of crime novels written by Norwegian author Kjell Hallbing. Kane is a detective who is tasked with solving complex and often gruesome murders that take place in the dark and gritty city of Oslo.<\/em><\/p>\n\n\n\n<p><em>The character of Morgan Kane is notable for his intelligence, wit, and sharp instincts, which he uses to unravel the mysteries he encounters. He is a seasoned investigator with a keen eye for detail and a deep understanding of human psychology. Despite his tough exterior, Kane has a soft spot for victims of crime and is driven by a strong sense of justice.<\/em><\/p>\n\n\n\n<p><em>Throughout the series, Kane faces off against a variety of formidable foes, from serial killers to organized crime bosses. He must use all his skills and resources to uncover the truth behind each case, often putting himself in danger in the process. Despite the risks, Kane remains steadfast in his pursuit of justice, never backing down from danger or compromising his integrity.<\/em><\/p>\n\n\n\n<p><em>One of the most compelling aspects of Morgan Kane&#8217;s character is his complexity. He is not simply a one-dimensional detective, but rather a multifaceted person with flaws and weaknesses as well as strengths. He struggles with personal demons and relationships, adding depth to his character and making him more relatable to readers.<\/em><\/p>\n\n\n\n<p><em>Overall, Morgan Kane is an intriguing literary figure who has captured the imaginations of readers around the world. His intelligence, determination, and unwavering commitment to justice make him an compelling protagonist that keeps readers coming back for more.<\/em><\/p>\n\n\n\n<p>Underholdningsverdien av denne, og lignende statistiske modeller, er jo up\u00e5klagelig.<\/p>\n\n\n\n<figure class=\"wp-block-table aligncenter\"><table><tbody><tr><td><strong>&lt;<a href=\"https:\/\/site.nord.no\/didaktiskebetraktninger\/testing-av-ulike-sprakmodeller\/\" data-type=\"link\" data-id=\"https:\/\/site.nord.no\/didaktiskebetraktninger\/hva-gjor-vi-nu-lille-du\/\" target=\"_blank\" rel=\"noreferrer noopener\">Tilbake<\/a> <\/strong><\/td><td><img decoding=\"async\" src=\"https:\/\/site.nord.no\/didaktiskebetraktninger\/wp-content\/uploads\/sites\/6\/2024\/01\/image.png\" alt=\"\"><\/td><td><\/td><\/tr><\/tbody><\/table><\/figure>\n","protected":false},"excerpt":{"rendered":"<p>Llama er et system tilsvarende ChatGPT, utviklet av Meta. Jeg vil teste dette systemet i l\u00f8pet av 2024 via AI Playground. Llama pr\u00f8ver seg p\u00e5 70-tallet F\u00f8rste test: Hvem var Kjell Hallbing? Kjell Hallbing var en norsk forfatter og journalist. Han ble f\u00f8dt 21. juni 1934 i Oslo og d\u00f8de 25. august 2004 samme sted. &hellip; <a href=\"https:\/\/site.nord.no\/didaktiskebetraktninger\/llama70b-v2-chat\/\" class=\"more-link\">Fortsett \u00e5 lese<span class=\"screen-reader-text\"> \u00abllama70b-v2-chat\u00bb<\/span><\/a><\/p>\n","protected":false},"author":11,"featured_media":0,"parent":0,"menu_order":0,"comment_status":"closed","ping_status":"closed","template":"","meta":{"footnotes":""},"coauthors":[2],"class_list":["post-2872","page","type-page","status-publish","hentry"],"_links":{"self":[{"href":"https:\/\/site.nord.no\/didaktiskebetraktninger\/wp-json\/wp\/v2\/pages\/2872","targetHints":{"allow":["GET"]}}],"collection":[{"href":"https:\/\/site.nord.no\/didaktiskebetraktninger\/wp-json\/wp\/v2\/pages"}],"about":[{"href":"https:\/\/site.nord.no\/didaktiskebetraktninger\/wp-json\/wp\/v2\/types\/page"}],"author":[{"embeddable":true,"href":"https:\/\/site.nord.no\/didaktiskebetraktninger\/wp-json\/wp\/v2\/users\/11"}],"replies":[{"embeddable":true,"href":"https:\/\/site.nord.no\/didaktiskebetraktninger\/wp-json\/wp\/v2\/comments?post=2872"}],"version-history":[{"count":4,"href":"https:\/\/site.nord.no\/didaktiskebetraktninger\/wp-json\/wp\/v2\/pages\/2872\/revisions"}],"predecessor-version":[{"id":4054,"href":"https:\/\/site.nord.no\/didaktiskebetraktninger\/wp-json\/wp\/v2\/pages\/2872\/revisions\/4054"}],"wp:attachment":[{"href":"https:\/\/site.nord.no\/didaktiskebetraktninger\/wp-json\/wp\/v2\/media?parent=2872"}],"wp:term":[{"taxonomy":"author","embeddable":true,"href":"https:\/\/site.nord.no\/didaktiskebetraktninger\/wp-json\/wp\/v2\/coauthors?post=2872"}],"curies":[{"name":"wp","href":"https:\/\/api.w.org\/{rel}","templated":true}]}}