{"id":2,"date":"2025-04-11T12:28:36","date_gmt":"2025-04-11T10:28:36","guid":{"rendered":"https:\/\/site.nord.no\/journalistikk-og-kommunikasjon\/?page_id=2"},"modified":"2025-10-22T09:59:48","modified_gmt":"2025-10-22T07:59:48","slug":"om","status":"publish","type":"page","link":"https:\/\/site.nord.no\/journalistikk-og-kommunikasjon\/om\/","title":{"rendered":"Om mastergraden"},"content":{"rendered":"\n<p>Er du opptatt av samfunnet, liker du \u00e5 m\u00f8te mennesker og er du glad i \u00e5 formidle? N\u00e5 kan du ta en praktisk master i journalistikk og kommunikasjonsarbeid, uansett hvilken bachelorgrad du har fra f\u00f8r. I studiet velger du fordypning enten i journalistikk eller kommunikasjonsarbeid. Her vil du l\u00e6re om de ulike yrkesrollene, etiske standarder og formidling gjennom tekst, bilder, lyd og video. Studiet avsluttes med en masteroppgave.<\/p>\n\n\n\n<p>Du finner studieplanen <a href=\"https:\/\/www.nord.no\/studier\/journalistikk-og-kommunikasjonsarbeid-master\">her, og her<\/a> finnes ogs\u00e5 informasjon om s\u00f8knadsfrister og samlinger.<\/p>\n\n\n\n<p>Master i journalistikk er samlingsbasert, med nettundervisning og obligatoriske samlinger i Bod\u00f8. Samlingene er fokusert p\u00e5 praktiske kurs, gruppearbeid og forelesninger, mens nettundervisningen er hovedsaklig forelesninger og seminarer.I fjerde semester velger studentene spesialisering i journalistikk eller kommunikasjonsarbeid. I femte semester kan studentene velge mellom praksis eller mer metode, og det er ogs\u00e5  dette semesteret arbeidet med masteroppgaven starter.<\/p>\n\n\n\n<p>Gjennom hele studiet er det vekt p\u00e5 deltakelse og produksjon, enten det handler om \u00e5 teste teknikker for forskjellige medier, produsere til journalistiske sjangre, delta i \u00f8velser eller produsere for eksterne oppdragsgivere.<\/p>\n\n\n\n<p><\/p>\n","protected":false},"excerpt":{"rendered":"<p>Er du opptatt av samfunnet, liker du \u00e5 m\u00f8te mennesker og er du glad i \u00e5 formidle? N\u00e5 kan du ta en praktisk master i journalistikk og kommunikasjonsarbeid, uansett hvilken bachelorgrad du har fra f\u00f8r. I studiet velger du fordypning enten i journalistikk eller kommunikasjonsarbeid. Her vil du l\u00e6re om de ulike yrkesrollene, etiske standarder [&hellip;]<\/p>\n","protected":false},"author":75,"featured_media":0,"parent":0,"menu_order":0,"comment_status":"closed","ping_status":"closed","template":"","meta":{"footnotes":""},"coauthors":[2],"class_list":["post-2","page","type-page","status-publish","hentry"],"_links":{"self":[{"href":"https:\/\/site.nord.no\/journalistikk-og-kommunikasjon\/wp-json\/wp\/v2\/pages\/2","targetHints":{"allow":["GET"]}}],"collection":[{"href":"https:\/\/site.nord.no\/journalistikk-og-kommunikasjon\/wp-json\/wp\/v2\/pages"}],"about":[{"href":"https:\/\/site.nord.no\/journalistikk-og-kommunikasjon\/wp-json\/wp\/v2\/types\/page"}],"author":[{"embeddable":true,"href":"https:\/\/site.nord.no\/journalistikk-og-kommunikasjon\/wp-json\/wp\/v2\/users\/75"}],"replies":[{"embeddable":true,"href":"https:\/\/site.nord.no\/journalistikk-og-kommunikasjon\/wp-json\/wp\/v2\/comments?post=2"}],"version-history":[{"count":6,"href":"https:\/\/site.nord.no\/journalistikk-og-kommunikasjon\/wp-json\/wp\/v2\/pages\/2\/revisions"}],"predecessor-version":[{"id":514,"href":"https:\/\/site.nord.no\/journalistikk-og-kommunikasjon\/wp-json\/wp\/v2\/pages\/2\/revisions\/514"}],"wp:attachment":[{"href":"https:\/\/site.nord.no\/journalistikk-og-kommunikasjon\/wp-json\/wp\/v2\/media?parent=2"}],"wp:term":[{"taxonomy":"author","embeddable":true,"href":"https:\/\/site.nord.no\/journalistikk-og-kommunikasjon\/wp-json\/wp\/v2\/coauthors?post=2"}],"curies":[{"name":"wp","href":"https:\/\/api.w.org\/{rel}","templated":true}]}}