{"id":143,"date":"2024-02-20T22:01:50","date_gmt":"2024-02-20T21:01:50","guid":{"rendered":"https:\/\/site.nord.no\/medsafe-old\/?page_id=143"},"modified":"2025-11-11T12:59:02","modified_gmt":"2025-11-11T11:59:02","slug":"arbeidspakke-3","status":"publish","type":"page","link":"https:\/\/site.nord.no\/medsafe-old\/arbeidspakke-3\/","title":{"rendered":"Arbeidspakke 3"},"content":{"rendered":"\n<div class=\"wp-block-columns is-layout-flex wp-container-core-columns-is-layout-28f84493 wp-block-columns-is-layout-flex\">\n<div class=\"wp-block-column is-vertically-aligned-center is-layout-flow wp-block-column-is-layout-flow\">\n<p style=\"font-size:25px\"><strong><em>Det overordna m\u00e5let med arbeidspakke 3 er \u00e5 utvikle kunnskap om hjemmeboende eldre og p\u00e5r\u00f8rende sine erfaringer med trygg og persontilpasset legemiddelbruk.<\/em><\/strong><\/p>\n<\/div>\n\n\n\n<div class=\"wp-block-column is-layout-flow wp-block-column-is-layout-flow\">\n\n<\/div>\n<\/div>\n\n\n\n<div class=\"wp-block-columns is-layout-flex wp-container-core-columns-is-layout-28f84493 wp-block-columns-is-layout-flex\">\n<div class=\"wp-block-column is-layout-flow wp-block-column-is-layout-flow\">\n<p class=\"has-medium-font-size\">Studien har et samskapingsdesign, hvor eldre medforskere deltar gjennom store deler av forskningsprosessen. Gjennom individuelle intervju og workshops, skal f\u00f8lgende forskningssp\u00f8rsm\u00e5l besvares: <\/p>\n\n\n\n<ul class=\"wp-block-list\">\n<li class=\"has-medium-font-size\">Hvilke omr\u00e5der innen legemiddelbruk oppfattes som utfordrende for eldre og deres p\u00e5r\u00f8rende?<\/li>\n\n\n\n<li class=\"has-medium-font-size\">Opplever eldre og deres p\u00e5r\u00f8rende at hjemmesykepleien ivaretar deres behov for persontilpasset og trygg legemiddelbruk?<\/li>\n\n\n\n<li class=\"has-medium-font-size\">Hvilke forhold og tiltak anser eldre og deres p\u00e5r\u00f8rende som n\u00f8dvendig for \u00e5 sikre persontilpasset og trygg legemiddelbruk?<\/li>\n\n\n\n<li class=\"has-medium-font-size\">Ut fra et samskapningsperspektiv, hvilke tiltak kan eldre, p\u00e5r\u00f8rende og helsepersonell v\u00e6re enige om sikrer persontilpasset og trygg legemiddelbruk?<\/li>\n\n\n\n<li class=\"has-medium-font-size\">Hvordan kan medforskere bidra til \u00f8kt kunnskap om persontilpasset og trygg legemiddelbruk hos eldre?<\/li>\n<\/ul>\n<\/div>\n<\/div>\n\n\n\n<div style=\"height:50px\" aria-hidden=\"true\" class=\"wp-block-spacer\"><\/div>\n\n\n\n<p class=\"has-medium-font-size\">Arbeidspakke 3 ledes av Nord universitet v\/Senter for omsorgsforskning, midt. De som jobber med arbeidspakken er:<\/p>\n\n\n\n<div class=\"wp-block-columns is-layout-flex wp-container-core-columns-is-layout-28f84493 wp-block-columns-is-layout-flex\">\n<div class=\"wp-block-column is-layout-flow wp-block-column-is-layout-flow\"><\/div>\n\n\n\n<div class=\"wp-block-column is-layout-flow wp-block-column-is-layout-flow\"><\/div>\n\n\n\n<div class=\"wp-block-column is-layout-flow wp-block-column-is-layout-flow\"><\/div>\n<\/div>\n\n\n\n<div class=\"wp-block-columns is-layout-flex wp-container-core-columns-is-layout-28f84493 wp-block-columns-is-layout-flex\">\n<div class=\"wp-block-column is-layout-flow wp-block-column-is-layout-flow\">\n<figure class=\"wp-block-image size-full is-resized\"><img fetchpriority=\"high\" decoding=\"async\" width=\"800\" height=\"800\" src=\"https:\/\/site.nord.no\/medsafe-old\/wp-content\/uploads\/sites\/75\/2024\/09\/Unn_Siri_Olsen_800x800.jpg\" alt=\"\" class=\"wp-image-471\" style=\"width:186px\" \/><figcaption class=\"wp-element-caption\">Unn Siri Olsen, <br>stipendiat<\/figcaption><\/figure>\n<\/div>\n\n\n\n<div class=\"wp-block-column is-layout-flow wp-block-column-is-layout-flow\">\n<figure class=\"wp-block-image size-full is-resized\"><img decoding=\"async\" width=\"1547\" height=\"1544\" src=\"https:\/\/site.nord.no\/medsafe-old\/wp-content\/uploads\/sites\/75\/2024\/09\/Siri-Devik.25.11.2020_kvadrat-1.jpg\" alt=\"\" class=\"wp-image-479\" style=\"width:186px\" \/><figcaption class=\"wp-element-caption\">Siri Andreassen Devik, <br>professor<\/figcaption><\/figure>\n<\/div>\n\n\n\n<div class=\"wp-block-column is-layout-flow wp-block-column-is-layout-flow\">\n<figure class=\"wp-block-image size-full is-resized\"><img decoding=\"async\" width=\"221\" height=\"224\" src=\"https:\/\/site.nord.no\/medsafe-old\/wp-content\/uploads\/sites\/75\/2024\/09\/Gunn-Eva-2-1.jpg\" alt=\"\" class=\"wp-image-480\" style=\"width:184px\" \/><figcaption class=\"wp-element-caption\">Gunn Eva Solum Myren, <br>f\u00f8rsteamanuensis <\/figcaption><\/figure>\n<\/div>\n\n\n\n<div class=\"wp-block-column is-layout-flow wp-block-column-is-layout-flow\">\n<figure class=\"wp-block-image size-full is-resized\"><img loading=\"lazy\" decoding=\"async\" width=\"240\" height=\"240\" src=\"https:\/\/site.nord.no\/medsafe-old\/wp-content\/uploads\/sites\/75\/2024\/09\/Hege-Sletvold-1-1.jpeg\" alt=\"\" class=\"wp-image-481\" style=\"width:187px\" \/><figcaption class=\"wp-element-caption\">Hege Sletvold, <br>f\u00f8rsteamanuensis<\/figcaption><\/figure>\n<\/div>\n<\/div>\n","protected":false},"excerpt":{"rendered":"<p>Det overordna m\u00e5let med arbeidspakke 3 er \u00e5 utvikle kunnskap om hjemmeboende eldre og p\u00e5r\u00f8rende sine erfaringer med trygg og persontilpasset legemiddelbruk. Studien har et samskapingsdesign, hvor eldre medforskere deltar gjennom store deler av forskningsprosessen. Gjennom individuelle intervju og workshops, skal f\u00f8lgende forskningssp\u00f8rsm\u00e5l besvares: Arbeidspakke 3 ledes av Nord universitet v\/Senter for omsorgsforskning, midt. De [&hellip;]<\/p>\n","protected":false},"author":148,"featured_media":0,"parent":0,"menu_order":0,"comment_status":"closed","ping_status":"closed","template":"","meta":{"footnotes":""},"coauthors":[10],"class_list":["post-143","page","type-page","status-publish","hentry"],"_links":{"self":[{"href":"https:\/\/site.nord.no\/medsafe-old\/wp-json\/wp\/v2\/pages\/143","targetHints":{"allow":["GET"]}}],"collection":[{"href":"https:\/\/site.nord.no\/medsafe-old\/wp-json\/wp\/v2\/pages"}],"about":[{"href":"https:\/\/site.nord.no\/medsafe-old\/wp-json\/wp\/v2\/types\/page"}],"author":[{"embeddable":true,"href":"https:\/\/site.nord.no\/medsafe-old\/wp-json\/wp\/v2\/users\/148"}],"replies":[{"embeddable":true,"href":"https:\/\/site.nord.no\/medsafe-old\/wp-json\/wp\/v2\/comments?post=143"}],"version-history":[{"count":31,"href":"https:\/\/site.nord.no\/medsafe-old\/wp-json\/wp\/v2\/pages\/143\/revisions"}],"predecessor-version":[{"id":822,"href":"https:\/\/site.nord.no\/medsafe-old\/wp-json\/wp\/v2\/pages\/143\/revisions\/822"}],"wp:attachment":[{"href":"https:\/\/site.nord.no\/medsafe-old\/wp-json\/wp\/v2\/media?parent=143"}],"wp:term":[{"taxonomy":"author","embeddable":true,"href":"https:\/\/site.nord.no\/medsafe-old\/wp-json\/wp\/v2\/coauthors?post=143"}],"curies":[{"name":"wp","href":"https:\/\/api.w.org\/{rel}","templated":true}]}}