{"id":213,"date":"2025-08-29T09:49:14","date_gmt":"2025-08-29T07:49:14","guid":{"rendered":"https:\/\/site.nord.no\/omsorgsforskning\/?page_id=213"},"modified":"2025-09-30T10:04:45","modified_gmt":"2025-09-30T08:04:45","slug":"pagaende","status":"publish","type":"page","link":"https:\/\/site.nord.no\/omsorgsforskning\/prosjekter\/pagaende\/","title":{"rendered":"P\u00e5g\u00e5ende"},"content":{"rendered":"\n<div class=\"wp-block-columns is-layout-flex wp-container-core-columns-is-layout-9d6595d7 wp-block-columns-is-layout-flex\">\n<div class=\"wp-block-column is-layout-flow wp-block-column-is-layout-flow\">\n<div class=\"wp-block-columns is-layout-flex wp-container-core-columns-is-layout-9d6595d7 wp-block-columns-is-layout-flex\">\n<div class=\"wp-block-column is-vertically-aligned-center is-layout-flow wp-block-column-is-layout-flow\">\n<div style=\"height:50px\" aria-hidden=\"true\" class=\"wp-block-spacer\"><\/div>\n\n\n\n<p style=\"font-size:25px\">Her finner du p\u00e5g\u00e5ende forsknings- og utviklingsprosjekter ved Senter for omsorgsforskning midt.<\/p>\n\n\n\n<div style=\"height:50px\" aria-hidden=\"true\" class=\"wp-block-spacer\"><\/div>\n<\/div>\n\n\n\n<div class=\"wp-block-column is-vertically-aligned-top is-layout-flow wp-block-column-is-layout-flow\"><div class=\"wp-block-image\">\n<figure class=\"aligncenter size-full is-resized\"><img loading=\"lazy\" decoding=\"async\" width=\"282\" height=\"150\" src=\"https:\/\/site.nord.no\/omsorgsforskning\/wp-content\/uploads\/sites\/101\/2025\/08\/SOFmidt_standard.png\" alt=\"\" class=\"wp-image-43\" style=\"width:235px;height:auto\"\/><\/figure>\n<\/div><\/div>\n<\/div>\n<\/div>\n<\/div>\n\n\n\n<hr class=\"wp-block-separator has-text-color has-pale-cyan-blue-color has-alpha-channel-opacity has-pale-cyan-blue-background-color has-background\"\/>\n\n\n\n<ul class=\"wp-block-list\">\n<li><a href=\"https:\/\/site.nord.no\/omsorgsforskning\/prosjekter\/pagaende\/fra-konkurranse-til-samarbeid-om-sykepleiermangelens-dilemma-i-norden-gronne-belte\/\">Fra konkurranse til samarbeid: Om sykepleiermangelens dilemma i Norden Gr\u00f8nne Belte<\/a><br><\/li>\n<\/ul>\n\n\n\n<ul class=\"wp-block-list\">\n<li><a href=\"https:\/\/site.nord.no\/omsorgsforskning\/medsafe-old\/\">MedSafe-Old: Ensuring medication safety for older recipients of municipal home care services<\/a><\/li>\n<\/ul>\n\n\n\n<ul class=\"wp-block-list\">\n<li><a href=\"https:\/\/site.nord.no\/omsorgsforskning\/prosjekter\/pagaende\/utelatte-oppgaver-avvik-og-pasientsikkerhet-i-kommunale-helse-og-omsorgstjenester\/\" data-type=\"page\" data-id=\"477\">Utelatte oppgaver, avvik og pasientsikkerhet i kommunale helse- og omsorgstjenester<\/a><\/li>\n<\/ul>\n\n\n\n<ul class=\"wp-block-list\">\n<li><a href=\"https:\/\/site.nord.no\/omsorgsforskning\/prosjekter\/pagaende\/digital-veileder-for-parorendearbeid-i-kommunal-helse-og-omsorgstjeneste\/\" data-type=\"page\" data-id=\"483\">Digital veileder for p\u00e5r\u00f8rendearbeid i kommunal helse- og omsorgstjeneste<\/a><\/li>\n<\/ul>\n\n\n\n<div style=\"height:50px\" aria-hidden=\"true\" class=\"wp-block-spacer\"><\/div>\n\n\n\n<p><\/p>\n","protected":false},"excerpt":{"rendered":"<p>Her finner du p\u00e5g\u00e5ende forsknings- og utviklingsprosjekter ved Senter for omsorgsforskning midt.<\/p>\n","protected":false},"author":75,"featured_media":0,"parent":30,"menu_order":0,"comment_status":"closed","ping_status":"closed","template":"","meta":{"footnotes":""},"coauthors":[2],"class_list":["post-213","page","type-page","status-publish","hentry"],"yoast_head":"<!-- This site is optimized with the Yoast SEO plugin v27.4 - https:\/\/yoast.com\/product\/yoast-seo-wordpress\/ -->\n<title>P\u00e5g\u00e5ende - Senter for omsorgsforskning, midt<\/title>\n<meta name=\"robots\" content=\"index, follow, max-snippet:-1, max-image-preview:large, max-video-preview:-1\" \/>\n<link rel=\"canonical\" href=\"https:\/\/site.nord.no\/omsorgsforskning\/prosjekter\/pagaende\/\" \/>\n<meta property=\"og:locale\" content=\"nb_NO\" \/>\n<meta property=\"og:type\" content=\"article\" \/>\n<meta property=\"og:title\" content=\"P\u00e5g\u00e5ende - Senter for omsorgsforskning, midt\" \/>\n<meta property=\"og:description\" content=\"Her finner du p\u00e5g\u00e5ende forsknings- og utviklingsprosjekter ved Senter for omsorgsforskning midt.\" \/>\n<meta property=\"og:url\" content=\"https:\/\/site.nord.no\/omsorgsforskning\/prosjekter\/pagaende\/\" \/>\n<meta property=\"og:site_name\" content=\"Senter for omsorgsforskning, midt\" \/>\n<meta property=\"article:modified_time\" content=\"2025-09-30T08:04:45+00:00\" \/>\n<meta property=\"og:image\" content=\"https:\/\/site.nord.no\/omsorgsforskning\/wp-content\/uploads\/sites\/101\/2025\/08\/SOFmidt_standard.png\" \/>\n<meta name=\"twitter:card\" content=\"summary_large_image\" \/>\n<meta name=\"twitter:label1\" content=\"Written by\" \/>\n\t<meta name=\"twitter:data1\" content=\"Admin\" \/>\n<script type=\"application\/ld+json\" class=\"yoast-schema-graph\">{\"@context\":\"https:\\\/\\\/schema.org\",\"@graph\":[{\"@type\":\"WebPage\",\"@id\":\"https:\\\/\\\/site.nord.no\\\/omsorgsforskning\\\/prosjekter\\\/pagaende\\\/\",\"url\":\"https:\\\/\\\/site.nord.no\\\/omsorgsforskning\\\/prosjekter\\\/pagaende\\\/\",\"name\":\"P\u00e5g\u00e5ende - Senter for omsorgsforskning, midt\",\"isPartOf\":{\"@id\":\"https:\\\/\\\/site.nord.no\\\/omsorgsforskning\\\/#website\"},\"primaryImageOfPage\":{\"@id\":\"https:\\\/\\\/site.nord.no\\\/omsorgsforskning\\\/prosjekter\\\/pagaende\\\/#primaryimage\"},\"image\":{\"@id\":\"https:\\\/\\\/site.nord.no\\\/omsorgsforskning\\\/prosjekter\\\/pagaende\\\/#primaryimage\"},\"thumbnailUrl\":\"https:\\\/\\\/site.nord.no\\\/omsorgsforskning\\\/wp-content\\\/uploads\\\/sites\\\/101\\\/2025\\\/08\\\/SOFmidt_standard.png\",\"datePublished\":\"2025-08-29T07:49:14+00:00\",\"dateModified\":\"2025-09-30T08:04:45+00:00\",\"breadcrumb\":{\"@id\":\"https:\\\/\\\/site.nord.no\\\/omsorgsforskning\\\/prosjekter\\\/pagaende\\\/#breadcrumb\"},\"inLanguage\":\"nb-NO\",\"potentialAction\":[{\"@type\":\"ReadAction\",\"target\":[\"https:\\\/\\\/site.nord.no\\\/omsorgsforskning\\\/prosjekter\\\/pagaende\\\/\"]}]},{\"@type\":\"ImageObject\",\"inLanguage\":\"nb-NO\",\"@id\":\"https:\\\/\\\/site.nord.no\\\/omsorgsforskning\\\/prosjekter\\\/pagaende\\\/#primaryimage\",\"url\":\"https:\\\/\\\/site.nord.no\\\/omsorgsforskning\\\/wp-content\\\/uploads\\\/sites\\\/101\\\/2025\\\/08\\\/SOFmidt_standard.png\",\"contentUrl\":\"https:\\\/\\\/site.nord.no\\\/omsorgsforskning\\\/wp-content\\\/uploads\\\/sites\\\/101\\\/2025\\\/08\\\/SOFmidt_standard.png\",\"width\":282,\"height\":150},{\"@type\":\"BreadcrumbList\",\"@id\":\"https:\\\/\\\/site.nord.no\\\/omsorgsforskning\\\/prosjekter\\\/pagaende\\\/#breadcrumb\",\"itemListElement\":[{\"@type\":\"ListItem\",\"position\":1,\"name\":\"Hjem\",\"item\":\"https:\\\/\\\/site.nord.no\\\/omsorgsforskning\\\/\"},{\"@type\":\"ListItem\",\"position\":2,\"name\":\"Prosjekter\",\"item\":\"https:\\\/\\\/site.nord.no\\\/omsorgsforskning\\\/prosjekter\\\/\"},{\"@type\":\"ListItem\",\"position\":3,\"name\":\"P\u00e5g\u00e5ende\"}]},{\"@type\":\"WebSite\",\"@id\":\"https:\\\/\\\/site.nord.no\\\/omsorgsforskning\\\/#website\",\"url\":\"https:\\\/\\\/site.nord.no\\\/omsorgsforskning\\\/\",\"name\":\"Senter for omsorgsforskning, midt\",\"description\":\"\",\"potentialAction\":[{\"@type\":\"SearchAction\",\"target\":{\"@type\":\"EntryPoint\",\"urlTemplate\":\"https:\\\/\\\/site.nord.no\\\/omsorgsforskning\\\/?s={search_term_string}\"},\"query-input\":{\"@type\":\"PropertyValueSpecification\",\"valueRequired\":true,\"valueName\":\"search_term_string\"}}],\"inLanguage\":\"nb-NO\"}]}<\/script>\n<!-- \/ Yoast SEO plugin. -->","yoast_head_json":{"title":"P\u00e5g\u00e5ende - Senter for omsorgsforskning, midt","robots":{"index":"index","follow":"follow","max-snippet":"max-snippet:-1","max-image-preview":"max-image-preview:large","max-video-preview":"max-video-preview:-1"},"canonical":"https:\/\/site.nord.no\/omsorgsforskning\/prosjekter\/pagaende\/","og_locale":"nb_NO","og_type":"article","og_title":"P\u00e5g\u00e5ende - Senter for omsorgsforskning, midt","og_description":"Her finner du p\u00e5g\u00e5ende forsknings- og utviklingsprosjekter ved Senter for omsorgsforskning midt.","og_url":"https:\/\/site.nord.no\/omsorgsforskning\/prosjekter\/pagaende\/","og_site_name":"Senter for omsorgsforskning, midt","article_modified_time":"2025-09-30T08:04:45+00:00","og_image":[{"url":"https:\/\/site.nord.no\/omsorgsforskning\/wp-content\/uploads\/sites\/101\/2025\/08\/SOFmidt_standard.png","type":"","width":"","height":""}],"twitter_card":"summary_large_image","twitter_misc":{"Written by":"Admin"},"schema":{"@context":"https:\/\/schema.org","@graph":[{"@type":"WebPage","@id":"https:\/\/site.nord.no\/omsorgsforskning\/prosjekter\/pagaende\/","url":"https:\/\/site.nord.no\/omsorgsforskning\/prosjekter\/pagaende\/","name":"P\u00e5g\u00e5ende - Senter for omsorgsforskning, midt","isPartOf":{"@id":"https:\/\/site.nord.no\/omsorgsforskning\/#website"},"primaryImageOfPage":{"@id":"https:\/\/site.nord.no\/omsorgsforskning\/prosjekter\/pagaende\/#primaryimage"},"image":{"@id":"https:\/\/site.nord.no\/omsorgsforskning\/prosjekter\/pagaende\/#primaryimage"},"thumbnailUrl":"https:\/\/site.nord.no\/omsorgsforskning\/wp-content\/uploads\/sites\/101\/2025\/08\/SOFmidt_standard.png","datePublished":"2025-08-29T07:49:14+00:00","dateModified":"2025-09-30T08:04:45+00:00","breadcrumb":{"@id":"https:\/\/site.nord.no\/omsorgsforskning\/prosjekter\/pagaende\/#breadcrumb"},"inLanguage":"nb-NO","potentialAction":[{"@type":"ReadAction","target":["https:\/\/site.nord.no\/omsorgsforskning\/prosjekter\/pagaende\/"]}]},{"@type":"ImageObject","inLanguage":"nb-NO","@id":"https:\/\/site.nord.no\/omsorgsforskning\/prosjekter\/pagaende\/#primaryimage","url":"https:\/\/site.nord.no\/omsorgsforskning\/wp-content\/uploads\/sites\/101\/2025\/08\/SOFmidt_standard.png","contentUrl":"https:\/\/site.nord.no\/omsorgsforskning\/wp-content\/uploads\/sites\/101\/2025\/08\/SOFmidt_standard.png","width":282,"height":150},{"@type":"BreadcrumbList","@id":"https:\/\/site.nord.no\/omsorgsforskning\/prosjekter\/pagaende\/#breadcrumb","itemListElement":[{"@type":"ListItem","position":1,"name":"Hjem","item":"https:\/\/site.nord.no\/omsorgsforskning\/"},{"@type":"ListItem","position":2,"name":"Prosjekter","item":"https:\/\/site.nord.no\/omsorgsforskning\/prosjekter\/"},{"@type":"ListItem","position":3,"name":"P\u00e5g\u00e5ende"}]},{"@type":"WebSite","@id":"https:\/\/site.nord.no\/omsorgsforskning\/#website","url":"https:\/\/site.nord.no\/omsorgsforskning\/","name":"Senter for omsorgsforskning, midt","description":"","potentialAction":[{"@type":"SearchAction","target":{"@type":"EntryPoint","urlTemplate":"https:\/\/site.nord.no\/omsorgsforskning\/?s={search_term_string}"},"query-input":{"@type":"PropertyValueSpecification","valueRequired":true,"valueName":"search_term_string"}}],"inLanguage":"nb-NO"}]}},"_links":{"self":[{"href":"https:\/\/site.nord.no\/omsorgsforskning\/wp-json\/wp\/v2\/pages\/213","targetHints":{"allow":["GET"]}}],"collection":[{"href":"https:\/\/site.nord.no\/omsorgsforskning\/wp-json\/wp\/v2\/pages"}],"about":[{"href":"https:\/\/site.nord.no\/omsorgsforskning\/wp-json\/wp\/v2\/types\/page"}],"author":[{"embeddable":true,"href":"https:\/\/site.nord.no\/omsorgsforskning\/wp-json\/wp\/v2\/users\/75"}],"replies":[{"embeddable":true,"href":"https:\/\/site.nord.no\/omsorgsforskning\/wp-json\/wp\/v2\/comments?post=213"}],"version-history":[{"count":19,"href":"https:\/\/site.nord.no\/omsorgsforskning\/wp-json\/wp\/v2\/pages\/213\/revisions"}],"predecessor-version":[{"id":549,"href":"https:\/\/site.nord.no\/omsorgsforskning\/wp-json\/wp\/v2\/pages\/213\/revisions\/549"}],"up":[{"embeddable":true,"href":"https:\/\/site.nord.no\/omsorgsforskning\/wp-json\/wp\/v2\/pages\/30"}],"wp:attachment":[{"href":"https:\/\/site.nord.no\/omsorgsforskning\/wp-json\/wp\/v2\/media?parent=213"}],"wp:term":[{"taxonomy":"author","embeddable":true,"href":"https:\/\/site.nord.no\/omsorgsforskning\/wp-json\/wp\/v2\/coauthors?post=213"}],"curies":[{"name":"wp","href":"https:\/\/api.w.org\/{rel}","templated":true}]}}