{"id":235,"date":"2025-09-08T10:13:11","date_gmt":"2025-09-08T08:13:11","guid":{"rendered":"https:\/\/site.nord.no\/omsorgsforskning\/?page_id=235"},"modified":"2025-09-10T14:29:36","modified_gmt":"2025-09-10T12:29:36","slug":"astrid-skogseth","status":"publish","type":"page","link":"https:\/\/site.nord.no\/omsorgsforskning\/ansatte\/astrid-skogseth\/","title":{"rendered":"Astrid Skogseth"},"content":{"rendered":"\n<h3 class=\"wp-block-heading\">Stipendiat<\/h3>\n\n\n\n<ul class=\"wp-block-list\">\n<li>Telefon: +47 74 11 20 09<\/li>\n\n\n\n<li>E-post:\u00a0<a href=\"mailto:astrid.skogseth@nord.no\">astrid.skogseth@nord.no<\/a><\/li>\n<\/ul>\n\n\n\n<p>Astrid Skogseth er utdannet teaterregiss\u00f8r ved Ohio universitet, og har en master i drama og teater fra NTNU Trondheim. Astrid har lang erfaring med FoU-arbeid, og har i mange \u00e5r anvendt teater som verkt\u00f8y for \u00e5 sikre medbestemmelse hos mennesker i ulike aldre.<\/p>\n\n\n\n<p>Hun startet som stipendiat ved SOF midt i august 2023, hvor hun er tilknyttet prosjektet MedSafe-Old. I sitt doktorgradsprosjekt skal hun gjennom bruk av teater som verkt\u00f8y bidra til \u00e5 \u00f8ke helsepersonells forst\u00e5else av legemiddelsikkerhet, og identifisere strategier som fremmer personsentrert og trygg legemiddelbruk for hjemmeboende eldre. Astrid er medlem av forskningsgruppen&nbsp;<a href=\"https:\/\/wo.cristin.no\/as\/WebObjects\/cristin.woa\/wa\/presentasjonVis?pres=519724&amp;type=GRUPPE\" target=\"_blank\" rel=\"noreferrer noopener\">Legemidler og legemiddelh\u00e5ndtering<\/a>&nbsp;ved Fakultet for sykepleie og helsevitenskap ved Nord universitet.<\/p>\n\n\n\n<p>Nedenfor finner du lenke til mer informasjon om henne.<\/p>\n\n\n\n<ul class=\"wp-block-list\">\n<li><a href=\"https:\/\/www.nord.no\/om\/ansatte\/astrid-skogseth\" target=\"_blank\" rel=\"noreferrer noopener\">Ansattprofil p\u00e5 nord.no<\/a><\/li>\n<\/ul>\n","protected":false},"excerpt":{"rendered":"<p>Stipendiat Astrid Skogseth er utdannet teaterregiss\u00f8r ved Ohio universitet, og har en master i drama og teater fra NTNU Trondheim. Astrid har lang erfaring med FoU-arbeid, og har i mange \u00e5r anvendt teater som verkt\u00f8y for \u00e5 sikre medbestemmelse hos mennesker i ulike aldre. Hun startet som stipendiat ved SOF midt i august 2023, hvor [&hellip;]<\/p>\n","protected":false},"author":75,"featured_media":0,"parent":28,"menu_order":0,"comment_status":"closed","ping_status":"closed","template":"","meta":{"footnotes":""},"coauthors":[2],"class_list":["post-235","page","type-page","status-publish","hentry"],"yoast_head":"<!-- This site is optimized with the Yoast SEO plugin v27.4 - https:\/\/yoast.com\/product\/yoast-seo-wordpress\/ -->\n<title>Astrid Skogseth - Senter for omsorgsforskning, midt<\/title>\n<meta name=\"robots\" content=\"index, follow, max-snippet:-1, max-image-preview:large, max-video-preview:-1\" \/>\n<link rel=\"canonical\" href=\"https:\/\/site.nord.no\/omsorgsforskning\/ansatte\/astrid-skogseth\/\" \/>\n<meta property=\"og:locale\" content=\"nb_NO\" \/>\n<meta property=\"og:type\" content=\"article\" \/>\n<meta property=\"og:title\" content=\"Astrid Skogseth - Senter for omsorgsforskning, midt\" \/>\n<meta property=\"og:description\" content=\"Stipendiat Astrid Skogseth er utdannet teaterregiss\u00f8r ved Ohio universitet, og har en master i drama og teater fra NTNU Trondheim. Astrid har lang erfaring med FoU-arbeid, og har i mange \u00e5r anvendt teater som verkt\u00f8y for \u00e5 sikre medbestemmelse hos mennesker i ulike aldre. Hun startet som stipendiat ved SOF midt i august 2023, hvor [&hellip;]\" \/>\n<meta property=\"og:url\" content=\"https:\/\/site.nord.no\/omsorgsforskning\/ansatte\/astrid-skogseth\/\" \/>\n<meta property=\"og:site_name\" content=\"Senter for omsorgsforskning, midt\" \/>\n<meta property=\"article:modified_time\" content=\"2025-09-10T12:29:36+00:00\" \/>\n<meta name=\"twitter:card\" content=\"summary_large_image\" \/>\n<meta name=\"twitter:label1\" content=\"Ansl. lesetid\" \/>\n\t<meta name=\"twitter:data1\" content=\"1 minutt\" \/>\n\t<meta name=\"twitter:label2\" content=\"Written by\" \/>\n\t<meta name=\"twitter:data2\" content=\"Admin\" \/>\n<script type=\"application\/ld+json\" class=\"yoast-schema-graph\">{\"@context\":\"https:\\\/\\\/schema.org\",\"@graph\":[{\"@type\":\"WebPage\",\"@id\":\"https:\\\/\\\/site.nord.no\\\/omsorgsforskning\\\/ansatte\\\/astrid-skogseth\\\/\",\"url\":\"https:\\\/\\\/site.nord.no\\\/omsorgsforskning\\\/ansatte\\\/astrid-skogseth\\\/\",\"name\":\"Astrid Skogseth - Senter for omsorgsforskning, midt\",\"isPartOf\":{\"@id\":\"https:\\\/\\\/site.nord.no\\\/omsorgsforskning\\\/#website\"},\"datePublished\":\"2025-09-08T08:13:11+00:00\",\"dateModified\":\"2025-09-10T12:29:36+00:00\",\"breadcrumb\":{\"@id\":\"https:\\\/\\\/site.nord.no\\\/omsorgsforskning\\\/ansatte\\\/astrid-skogseth\\\/#breadcrumb\"},\"inLanguage\":\"nb-NO\",\"potentialAction\":[{\"@type\":\"ReadAction\",\"target\":[\"https:\\\/\\\/site.nord.no\\\/omsorgsforskning\\\/ansatte\\\/astrid-skogseth\\\/\"]}]},{\"@type\":\"BreadcrumbList\",\"@id\":\"https:\\\/\\\/site.nord.no\\\/omsorgsforskning\\\/ansatte\\\/astrid-skogseth\\\/#breadcrumb\",\"itemListElement\":[{\"@type\":\"ListItem\",\"position\":1,\"name\":\"Hjem\",\"item\":\"https:\\\/\\\/site.nord.no\\\/omsorgsforskning\\\/\"},{\"@type\":\"ListItem\",\"position\":2,\"name\":\"Ansatte\",\"item\":\"https:\\\/\\\/site.nord.no\\\/omsorgsforskning\\\/ansatte\\\/\"},{\"@type\":\"ListItem\",\"position\":3,\"name\":\"Astrid Skogseth\"}]},{\"@type\":\"WebSite\",\"@id\":\"https:\\\/\\\/site.nord.no\\\/omsorgsforskning\\\/#website\",\"url\":\"https:\\\/\\\/site.nord.no\\\/omsorgsforskning\\\/\",\"name\":\"Senter for omsorgsforskning, midt\",\"description\":\"\",\"potentialAction\":[{\"@type\":\"SearchAction\",\"target\":{\"@type\":\"EntryPoint\",\"urlTemplate\":\"https:\\\/\\\/site.nord.no\\\/omsorgsforskning\\\/?s={search_term_string}\"},\"query-input\":{\"@type\":\"PropertyValueSpecification\",\"valueRequired\":true,\"valueName\":\"search_term_string\"}}],\"inLanguage\":\"nb-NO\"}]}<\/script>\n<!-- \/ Yoast SEO plugin. -->","yoast_head_json":{"title":"Astrid Skogseth - Senter for omsorgsforskning, midt","robots":{"index":"index","follow":"follow","max-snippet":"max-snippet:-1","max-image-preview":"max-image-preview:large","max-video-preview":"max-video-preview:-1"},"canonical":"https:\/\/site.nord.no\/omsorgsforskning\/ansatte\/astrid-skogseth\/","og_locale":"nb_NO","og_type":"article","og_title":"Astrid Skogseth - Senter for omsorgsforskning, midt","og_description":"Stipendiat Astrid Skogseth er utdannet teaterregiss\u00f8r ved Ohio universitet, og har en master i drama og teater fra NTNU Trondheim. Astrid har lang erfaring med FoU-arbeid, og har i mange \u00e5r anvendt teater som verkt\u00f8y for \u00e5 sikre medbestemmelse hos mennesker i ulike aldre. Hun startet som stipendiat ved SOF midt i august 2023, hvor [&hellip;]","og_url":"https:\/\/site.nord.no\/omsorgsforskning\/ansatte\/astrid-skogseth\/","og_site_name":"Senter for omsorgsforskning, midt","article_modified_time":"2025-09-10T12:29:36+00:00","twitter_card":"summary_large_image","twitter_misc":{"Ansl. lesetid":"1 minutt","Written by":"Admin"},"schema":{"@context":"https:\/\/schema.org","@graph":[{"@type":"WebPage","@id":"https:\/\/site.nord.no\/omsorgsforskning\/ansatte\/astrid-skogseth\/","url":"https:\/\/site.nord.no\/omsorgsforskning\/ansatte\/astrid-skogseth\/","name":"Astrid Skogseth - Senter for omsorgsforskning, midt","isPartOf":{"@id":"https:\/\/site.nord.no\/omsorgsforskning\/#website"},"datePublished":"2025-09-08T08:13:11+00:00","dateModified":"2025-09-10T12:29:36+00:00","breadcrumb":{"@id":"https:\/\/site.nord.no\/omsorgsforskning\/ansatte\/astrid-skogseth\/#breadcrumb"},"inLanguage":"nb-NO","potentialAction":[{"@type":"ReadAction","target":["https:\/\/site.nord.no\/omsorgsforskning\/ansatte\/astrid-skogseth\/"]}]},{"@type":"BreadcrumbList","@id":"https:\/\/site.nord.no\/omsorgsforskning\/ansatte\/astrid-skogseth\/#breadcrumb","itemListElement":[{"@type":"ListItem","position":1,"name":"Hjem","item":"https:\/\/site.nord.no\/omsorgsforskning\/"},{"@type":"ListItem","position":2,"name":"Ansatte","item":"https:\/\/site.nord.no\/omsorgsforskning\/ansatte\/"},{"@type":"ListItem","position":3,"name":"Astrid Skogseth"}]},{"@type":"WebSite","@id":"https:\/\/site.nord.no\/omsorgsforskning\/#website","url":"https:\/\/site.nord.no\/omsorgsforskning\/","name":"Senter for omsorgsforskning, midt","description":"","potentialAction":[{"@type":"SearchAction","target":{"@type":"EntryPoint","urlTemplate":"https:\/\/site.nord.no\/omsorgsforskning\/?s={search_term_string}"},"query-input":{"@type":"PropertyValueSpecification","valueRequired":true,"valueName":"search_term_string"}}],"inLanguage":"nb-NO"}]}},"_links":{"self":[{"href":"https:\/\/site.nord.no\/omsorgsforskning\/wp-json\/wp\/v2\/pages\/235","targetHints":{"allow":["GET"]}}],"collection":[{"href":"https:\/\/site.nord.no\/omsorgsforskning\/wp-json\/wp\/v2\/pages"}],"about":[{"href":"https:\/\/site.nord.no\/omsorgsforskning\/wp-json\/wp\/v2\/types\/page"}],"author":[{"embeddable":true,"href":"https:\/\/site.nord.no\/omsorgsforskning\/wp-json\/wp\/v2\/users\/75"}],"replies":[{"embeddable":true,"href":"https:\/\/site.nord.no\/omsorgsforskning\/wp-json\/wp\/v2\/comments?post=235"}],"version-history":[{"count":1,"href":"https:\/\/site.nord.no\/omsorgsforskning\/wp-json\/wp\/v2\/pages\/235\/revisions"}],"predecessor-version":[{"id":236,"href":"https:\/\/site.nord.no\/omsorgsforskning\/wp-json\/wp\/v2\/pages\/235\/revisions\/236"}],"up":[{"embeddable":true,"href":"https:\/\/site.nord.no\/omsorgsforskning\/wp-json\/wp\/v2\/pages\/28"}],"wp:attachment":[{"href":"https:\/\/site.nord.no\/omsorgsforskning\/wp-json\/wp\/v2\/media?parent=235"}],"wp:term":[{"taxonomy":"author","embeddable":true,"href":"https:\/\/site.nord.no\/omsorgsforskning\/wp-json\/wp\/v2\/coauthors?post=235"}],"curies":[{"name":"wp","href":"https:\/\/api.w.org\/{rel}","templated":true}]}}