{"id":237,"date":"2025-09-08T10:13:29","date_gmt":"2025-09-08T08:13:29","guid":{"rendered":"https:\/\/site.nord.no\/omsorgsforskning\/?page_id=237"},"modified":"2025-09-10T14:31:13","modified_gmt":"2025-09-10T12:31:13","slug":"hege-rasmussen-eid","status":"publish","type":"page","link":"https:\/\/site.nord.no\/omsorgsforskning\/ansatte\/hege-rasmussen-eid\/","title":{"rendered":"Hege Rasmussen Eid"},"content":{"rendered":"\n<h3 class=\"wp-block-heading\">F\u00f8rsteamanuensis<\/h3>\n\n\n\n<ul class=\"wp-block-list\">\n<li>Mobil: 480 45 909<\/li>\n\n\n\n<li>Telefon: 74 21 23 49<\/li>\n\n\n\n<li>E-post:\u00a0<a href=\"mailto:hege.r.eid@nord.no\">hege.r.eid@nord.no<\/a><\/li>\n<\/ul>\n\n\n\n<p>Hege Rasmussen Eid er spesialsykepleier i psykisk helse med mastergrad i tverrfaglig helse og sosialfag med fordypning i psykisk helsearbeid fra HiNT, og har en PhD i Medisin og Helsevitenskap fra NTNU med fokus p\u00e5 Frontotemporal demens og Alzheimers sykdom.&nbsp;Hennes forskningsinteresser er hovedsakelig demens, demensomsorg, p\u00e5r\u00f8rende ved demenssykdom og eldre med psykiske lidelser. Hun er ogs\u00e5 involvert i samarbeidsprosjekter med helseforetaket og kommuner, der fokus er \u00e5 utvikle nye modeller i praksisstudiene p\u00e5 sykepleierutdanningen.<\/p>\n\n\n\n<p>Hege er med i forskningsgruppene&nbsp;<a href=\"https:\/\/www.nord.no\/forskning\/forskning-ved-fakultetene\/forskning-ved-fsh\/faggruppe-helsetjenesteinnovasjon\/e-helse-innovasjon-og-ledelse\" target=\"_blank\" rel=\"noreferrer noopener\">E-Helse, innovasjon og Ledelse (EHIL)<\/a>&nbsp;og&nbsp;<a href=\"https:\/\/www.nord.no\/forskning\/forskning-ved-fakultetene\/forskning-ved-fsh\/faggruppe-helse-og-samfunnsdeltakelse\/forskningsgruppe-for-psykisk-helse\" target=\"_blank\" rel=\"noreferrer noopener\">Forskningsgruppen for psykisk helse<\/a>&nbsp;ved Nord universitet.&nbsp;Nedenfor finner du lenke til mer informasjon om hennes forskning og publisering.<\/p>\n\n\n\n<ul class=\"wp-block-list\">\n<li><a href=\"https:\/\/www.nord.no\/om\/ansatte\/hege-rasmussen-eid\" target=\"_blank\" rel=\"noreferrer noopener\">Ansattprofil p\u00e5 nord.no<\/a><\/li>\n<\/ul>\n","protected":false},"excerpt":{"rendered":"<p>F\u00f8rsteamanuensis Hege Rasmussen Eid er spesialsykepleier i psykisk helse med mastergrad i tverrfaglig helse og sosialfag med fordypning i psykisk helsearbeid fra HiNT, og har en PhD i Medisin og Helsevitenskap fra NTNU med fokus p\u00e5 Frontotemporal demens og Alzheimers sykdom.&nbsp;Hennes forskningsinteresser er hovedsakelig demens, demensomsorg, p\u00e5r\u00f8rende ved demenssykdom og eldre med psykiske lidelser. Hun [&hellip;]<\/p>\n","protected":false},"author":75,"featured_media":0,"parent":28,"menu_order":0,"comment_status":"closed","ping_status":"closed","template":"","meta":{"footnotes":""},"coauthors":[2],"class_list":["post-237","page","type-page","status-publish","hentry"],"yoast_head":"<!-- This site is optimized with the Yoast SEO plugin v27.4 - https:\/\/yoast.com\/product\/yoast-seo-wordpress\/ -->\n<title>Hege Rasmussen Eid - Senter for omsorgsforskning, midt<\/title>\n<meta name=\"robots\" content=\"index, follow, max-snippet:-1, max-image-preview:large, max-video-preview:-1\" \/>\n<link rel=\"canonical\" href=\"https:\/\/site.nord.no\/omsorgsforskning\/ansatte\/hege-rasmussen-eid\/\" \/>\n<meta property=\"og:locale\" content=\"nb_NO\" \/>\n<meta property=\"og:type\" content=\"article\" \/>\n<meta property=\"og:title\" content=\"Hege Rasmussen Eid - Senter for omsorgsforskning, midt\" \/>\n<meta property=\"og:description\" content=\"F\u00f8rsteamanuensis Hege Rasmussen Eid er spesialsykepleier i psykisk helse med mastergrad i tverrfaglig helse og sosialfag med fordypning i psykisk helsearbeid fra HiNT, og har en PhD i Medisin og Helsevitenskap fra NTNU med fokus p\u00e5 Frontotemporal demens og Alzheimers sykdom.&nbsp;Hennes forskningsinteresser er hovedsakelig demens, demensomsorg, p\u00e5r\u00f8rende ved demenssykdom og eldre med psykiske lidelser. Hun [&hellip;]\" \/>\n<meta property=\"og:url\" content=\"https:\/\/site.nord.no\/omsorgsforskning\/ansatte\/hege-rasmussen-eid\/\" \/>\n<meta property=\"og:site_name\" content=\"Senter for omsorgsforskning, midt\" \/>\n<meta property=\"article:modified_time\" content=\"2025-09-10T12:31:13+00:00\" \/>\n<meta name=\"twitter:card\" content=\"summary_large_image\" \/>\n<meta name=\"twitter:label1\" content=\"Ansl. lesetid\" \/>\n\t<meta name=\"twitter:data1\" content=\"1 minutt\" \/>\n\t<meta name=\"twitter:label2\" content=\"Written by\" \/>\n\t<meta name=\"twitter:data2\" content=\"Admin\" \/>\n<script type=\"application\/ld+json\" class=\"yoast-schema-graph\">{\"@context\":\"https:\\\/\\\/schema.org\",\"@graph\":[{\"@type\":\"WebPage\",\"@id\":\"https:\\\/\\\/site.nord.no\\\/omsorgsforskning\\\/ansatte\\\/hege-rasmussen-eid\\\/\",\"url\":\"https:\\\/\\\/site.nord.no\\\/omsorgsforskning\\\/ansatte\\\/hege-rasmussen-eid\\\/\",\"name\":\"Hege Rasmussen Eid - Senter for omsorgsforskning, midt\",\"isPartOf\":{\"@id\":\"https:\\\/\\\/site.nord.no\\\/omsorgsforskning\\\/#website\"},\"datePublished\":\"2025-09-08T08:13:29+00:00\",\"dateModified\":\"2025-09-10T12:31:13+00:00\",\"breadcrumb\":{\"@id\":\"https:\\\/\\\/site.nord.no\\\/omsorgsforskning\\\/ansatte\\\/hege-rasmussen-eid\\\/#breadcrumb\"},\"inLanguage\":\"nb-NO\",\"potentialAction\":[{\"@type\":\"ReadAction\",\"target\":[\"https:\\\/\\\/site.nord.no\\\/omsorgsforskning\\\/ansatte\\\/hege-rasmussen-eid\\\/\"]}]},{\"@type\":\"BreadcrumbList\",\"@id\":\"https:\\\/\\\/site.nord.no\\\/omsorgsforskning\\\/ansatte\\\/hege-rasmussen-eid\\\/#breadcrumb\",\"itemListElement\":[{\"@type\":\"ListItem\",\"position\":1,\"name\":\"Hjem\",\"item\":\"https:\\\/\\\/site.nord.no\\\/omsorgsforskning\\\/\"},{\"@type\":\"ListItem\",\"position\":2,\"name\":\"Ansatte\",\"item\":\"https:\\\/\\\/site.nord.no\\\/omsorgsforskning\\\/ansatte\\\/\"},{\"@type\":\"ListItem\",\"position\":3,\"name\":\"Hege Rasmussen Eid\"}]},{\"@type\":\"WebSite\",\"@id\":\"https:\\\/\\\/site.nord.no\\\/omsorgsforskning\\\/#website\",\"url\":\"https:\\\/\\\/site.nord.no\\\/omsorgsforskning\\\/\",\"name\":\"Senter for omsorgsforskning, midt\",\"description\":\"\",\"potentialAction\":[{\"@type\":\"SearchAction\",\"target\":{\"@type\":\"EntryPoint\",\"urlTemplate\":\"https:\\\/\\\/site.nord.no\\\/omsorgsforskning\\\/?s={search_term_string}\"},\"query-input\":{\"@type\":\"PropertyValueSpecification\",\"valueRequired\":true,\"valueName\":\"search_term_string\"}}],\"inLanguage\":\"nb-NO\"}]}<\/script>\n<!-- \/ Yoast SEO plugin. -->","yoast_head_json":{"title":"Hege Rasmussen Eid - Senter for omsorgsforskning, midt","robots":{"index":"index","follow":"follow","max-snippet":"max-snippet:-1","max-image-preview":"max-image-preview:large","max-video-preview":"max-video-preview:-1"},"canonical":"https:\/\/site.nord.no\/omsorgsforskning\/ansatte\/hege-rasmussen-eid\/","og_locale":"nb_NO","og_type":"article","og_title":"Hege Rasmussen Eid - Senter for omsorgsforskning, midt","og_description":"F\u00f8rsteamanuensis Hege Rasmussen Eid er spesialsykepleier i psykisk helse med mastergrad i tverrfaglig helse og sosialfag med fordypning i psykisk helsearbeid fra HiNT, og har en PhD i Medisin og Helsevitenskap fra NTNU med fokus p\u00e5 Frontotemporal demens og Alzheimers sykdom.&nbsp;Hennes forskningsinteresser er hovedsakelig demens, demensomsorg, p\u00e5r\u00f8rende ved demenssykdom og eldre med psykiske lidelser. Hun [&hellip;]","og_url":"https:\/\/site.nord.no\/omsorgsforskning\/ansatte\/hege-rasmussen-eid\/","og_site_name":"Senter for omsorgsforskning, midt","article_modified_time":"2025-09-10T12:31:13+00:00","twitter_card":"summary_large_image","twitter_misc":{"Ansl. lesetid":"1 minutt","Written by":"Admin"},"schema":{"@context":"https:\/\/schema.org","@graph":[{"@type":"WebPage","@id":"https:\/\/site.nord.no\/omsorgsforskning\/ansatte\/hege-rasmussen-eid\/","url":"https:\/\/site.nord.no\/omsorgsforskning\/ansatte\/hege-rasmussen-eid\/","name":"Hege Rasmussen Eid - Senter for omsorgsforskning, midt","isPartOf":{"@id":"https:\/\/site.nord.no\/omsorgsforskning\/#website"},"datePublished":"2025-09-08T08:13:29+00:00","dateModified":"2025-09-10T12:31:13+00:00","breadcrumb":{"@id":"https:\/\/site.nord.no\/omsorgsforskning\/ansatte\/hege-rasmussen-eid\/#breadcrumb"},"inLanguage":"nb-NO","potentialAction":[{"@type":"ReadAction","target":["https:\/\/site.nord.no\/omsorgsforskning\/ansatte\/hege-rasmussen-eid\/"]}]},{"@type":"BreadcrumbList","@id":"https:\/\/site.nord.no\/omsorgsforskning\/ansatte\/hege-rasmussen-eid\/#breadcrumb","itemListElement":[{"@type":"ListItem","position":1,"name":"Hjem","item":"https:\/\/site.nord.no\/omsorgsforskning\/"},{"@type":"ListItem","position":2,"name":"Ansatte","item":"https:\/\/site.nord.no\/omsorgsforskning\/ansatte\/"},{"@type":"ListItem","position":3,"name":"Hege Rasmussen Eid"}]},{"@type":"WebSite","@id":"https:\/\/site.nord.no\/omsorgsforskning\/#website","url":"https:\/\/site.nord.no\/omsorgsforskning\/","name":"Senter for omsorgsforskning, midt","description":"","potentialAction":[{"@type":"SearchAction","target":{"@type":"EntryPoint","urlTemplate":"https:\/\/site.nord.no\/omsorgsforskning\/?s={search_term_string}"},"query-input":{"@type":"PropertyValueSpecification","valueRequired":true,"valueName":"search_term_string"}}],"inLanguage":"nb-NO"}]}},"_links":{"self":[{"href":"https:\/\/site.nord.no\/omsorgsforskning\/wp-json\/wp\/v2\/pages\/237","targetHints":{"allow":["GET"]}}],"collection":[{"href":"https:\/\/site.nord.no\/omsorgsforskning\/wp-json\/wp\/v2\/pages"}],"about":[{"href":"https:\/\/site.nord.no\/omsorgsforskning\/wp-json\/wp\/v2\/types\/page"}],"author":[{"embeddable":true,"href":"https:\/\/site.nord.no\/omsorgsforskning\/wp-json\/wp\/v2\/users\/75"}],"replies":[{"embeddable":true,"href":"https:\/\/site.nord.no\/omsorgsforskning\/wp-json\/wp\/v2\/comments?post=237"}],"version-history":[{"count":1,"href":"https:\/\/site.nord.no\/omsorgsforskning\/wp-json\/wp\/v2\/pages\/237\/revisions"}],"predecessor-version":[{"id":238,"href":"https:\/\/site.nord.no\/omsorgsforskning\/wp-json\/wp\/v2\/pages\/237\/revisions\/238"}],"up":[{"embeddable":true,"href":"https:\/\/site.nord.no\/omsorgsforskning\/wp-json\/wp\/v2\/pages\/28"}],"wp:attachment":[{"href":"https:\/\/site.nord.no\/omsorgsforskning\/wp-json\/wp\/v2\/media?parent=237"}],"wp:term":[{"taxonomy":"author","embeddable":true,"href":"https:\/\/site.nord.no\/omsorgsforskning\/wp-json\/wp\/v2\/coauthors?post=237"}],"curies":[{"name":"wp","href":"https:\/\/api.w.org\/{rel}","templated":true}]}}