{"id":36,"date":"2025-08-28T12:21:47","date_gmt":"2025-08-28T10:21:47","guid":{"rendered":"https:\/\/site.nord.no\/omsorgsforskning\/?page_id=36"},"modified":"2025-10-09T12:25:33","modified_gmt":"2025-10-09T10:25:33","slug":"kontakt","status":"publish","type":"page","link":"https:\/\/site.nord.no\/omsorgsforskning\/kontakt\/","title":{"rendered":"Kontakt"},"content":{"rendered":"\n<div class=\"wp-block-columns is-layout-flex wp-container-core-columns-is-layout-9d6595d7 wp-block-columns-is-layout-flex\">\n<div class=\"wp-block-column is-layout-flow wp-block-column-is-layout-flow\" style=\"flex-basis:50%\">\n<h2 class=\"wp-block-heading\">Postadresse<\/h2>\n\n\n\n<p>Senter for omsorgsforskning, midt<br>Nord universitet<br>Postboks 474<br>7801 Namsos<\/p>\n\n\n\n<h2 class=\"wp-block-heading\">Telefon<\/h2>\n\n\n\n<p>+47 74 21 23 39 (senterleder)<\/p>\n\n\n\n<h2 class=\"wp-block-heading\">E-post<\/h2>\n\n\n\n<p><a href=\"mailto:rose.m.olsen@nord.no\">rose.m.olsen@nord.no<\/a> (senterleder)<\/p>\n<\/div>\n\n\n\n<div class=\"wp-block-column is-layout-flow wp-block-column-is-layout-flow\" style=\"flex-basis:50%\">\n<h2 class=\"wp-block-heading\">Bes\u00f8k oss gjerne<\/h2>\n\n\n\n<p>Dersom du \u00f8nsker \u00e5 bes\u00f8ke oss, finner du oss ved Nord universitet sitt <a href=\"https:\/\/link.mazemap.com\/kXbfCAII\">studiested i Namsos<\/a> (Finn Christiansens veg 1, 7800 Namsos).<\/p>\n<\/div>\n<\/div>\n","protected":false},"excerpt":{"rendered":"<p>Postadresse Senter for omsorgsforskning, midtNord universitetPostboks 4747801 Namsos Telefon +47 74 21 23 39 (senterleder) E-post rose.m.olsen@nord.no (senterleder) Bes\u00f8k oss gjerne Dersom du \u00f8nsker \u00e5 bes\u00f8ke oss, finner du oss ved Nord universitet sitt studiested i Namsos (Finn Christiansens veg 1, 7800 Namsos).<\/p>\n","protected":false},"author":75,"featured_media":139,"parent":0,"menu_order":20,"comment_status":"closed","ping_status":"closed","template":"","meta":{"footnotes":""},"coauthors":[2],"class_list":["post-36","page","type-page","status-publish","has-post-thumbnail","hentry"],"yoast_head":"<!-- This site is optimized with the Yoast SEO plugin v27.4 - https:\/\/yoast.com\/product\/yoast-seo-wordpress\/ -->\n<title>Kontakt - Senter for omsorgsforskning, midt<\/title>\n<meta name=\"robots\" content=\"index, follow, max-snippet:-1, max-image-preview:large, max-video-preview:-1\" \/>\n<link rel=\"canonical\" href=\"https:\/\/site.nord.no\/omsorgsforskning\/kontakt\/\" \/>\n<meta property=\"og:locale\" content=\"nb_NO\" \/>\n<meta property=\"og:type\" content=\"article\" \/>\n<meta property=\"og:title\" content=\"Kontakt - Senter for omsorgsforskning, midt\" \/>\n<meta property=\"og:description\" content=\"Postadresse Senter for omsorgsforskning, midtNord universitetPostboks 4747801 Namsos Telefon +47 74 21 23 39 (senterleder) E-post rose.m.olsen@nord.no (senterleder) Bes\u00f8k oss gjerne Dersom du \u00f8nsker \u00e5 bes\u00f8ke oss, finner du oss ved Nord universitet sitt studiested i Namsos (Finn Christiansens veg 1, 7800 Namsos).\" \/>\n<meta property=\"og:url\" content=\"https:\/\/site.nord.no\/omsorgsforskning\/kontakt\/\" \/>\n<meta property=\"og:site_name\" content=\"Senter for omsorgsforskning, midt\" \/>\n<meta property=\"article:modified_time\" content=\"2025-10-09T10:25:33+00:00\" \/>\n<meta property=\"og:image\" content=\"https:\/\/site.nord.no\/omsorgsforskning\/wp-content\/uploads\/sites\/101\/2025\/08\/Studiested-namsos-oversiktsbilde.jpg\" \/>\n\t<meta property=\"og:image:width\" content=\"1700\" \/>\n\t<meta property=\"og:image:height\" content=\"956\" \/>\n\t<meta property=\"og:image:type\" content=\"image\/jpeg\" \/>\n<meta name=\"twitter:card\" content=\"summary_large_image\" \/>\n<meta name=\"twitter:label1\" content=\"Ansl. lesetid\" \/>\n\t<meta name=\"twitter:data1\" content=\"1 minutt\" \/>\n\t<meta name=\"twitter:label2\" content=\"Written by\" \/>\n\t<meta name=\"twitter:data2\" content=\"Admin\" \/>\n<script type=\"application\/ld+json\" class=\"yoast-schema-graph\">{\"@context\":\"https:\\\/\\\/schema.org\",\"@graph\":[{\"@type\":\"WebPage\",\"@id\":\"https:\\\/\\\/site.nord.no\\\/omsorgsforskning\\\/kontakt\\\/\",\"url\":\"https:\\\/\\\/site.nord.no\\\/omsorgsforskning\\\/kontakt\\\/\",\"name\":\"Kontakt - Senter for omsorgsforskning, midt\",\"isPartOf\":{\"@id\":\"https:\\\/\\\/site.nord.no\\\/omsorgsforskning\\\/#website\"},\"primaryImageOfPage\":{\"@id\":\"https:\\\/\\\/site.nord.no\\\/omsorgsforskning\\\/kontakt\\\/#primaryimage\"},\"image\":{\"@id\":\"https:\\\/\\\/site.nord.no\\\/omsorgsforskning\\\/kontakt\\\/#primaryimage\"},\"thumbnailUrl\":\"https:\\\/\\\/site.nord.no\\\/omsorgsforskning\\\/wp-content\\\/uploads\\\/sites\\\/101\\\/2025\\\/08\\\/Studiested-namsos-oversiktsbilde.jpg\",\"datePublished\":\"2025-08-28T10:21:47+00:00\",\"dateModified\":\"2025-10-09T10:25:33+00:00\",\"breadcrumb\":{\"@id\":\"https:\\\/\\\/site.nord.no\\\/omsorgsforskning\\\/kontakt\\\/#breadcrumb\"},\"inLanguage\":\"nb-NO\",\"potentialAction\":[{\"@type\":\"ReadAction\",\"target\":[\"https:\\\/\\\/site.nord.no\\\/omsorgsforskning\\\/kontakt\\\/\"]}]},{\"@type\":\"ImageObject\",\"inLanguage\":\"nb-NO\",\"@id\":\"https:\\\/\\\/site.nord.no\\\/omsorgsforskning\\\/kontakt\\\/#primaryimage\",\"url\":\"https:\\\/\\\/site.nord.no\\\/omsorgsforskning\\\/wp-content\\\/uploads\\\/sites\\\/101\\\/2025\\\/08\\\/Studiested-namsos-oversiktsbilde.jpg\",\"contentUrl\":\"https:\\\/\\\/site.nord.no\\\/omsorgsforskning\\\/wp-content\\\/uploads\\\/sites\\\/101\\\/2025\\\/08\\\/Studiested-namsos-oversiktsbilde.jpg\",\"width\":1700,\"height\":956},{\"@type\":\"BreadcrumbList\",\"@id\":\"https:\\\/\\\/site.nord.no\\\/omsorgsforskning\\\/kontakt\\\/#breadcrumb\",\"itemListElement\":[{\"@type\":\"ListItem\",\"position\":1,\"name\":\"Hjem\",\"item\":\"https:\\\/\\\/site.nord.no\\\/omsorgsforskning\\\/\"},{\"@type\":\"ListItem\",\"position\":2,\"name\":\"Kontakt\"}]},{\"@type\":\"WebSite\",\"@id\":\"https:\\\/\\\/site.nord.no\\\/omsorgsforskning\\\/#website\",\"url\":\"https:\\\/\\\/site.nord.no\\\/omsorgsforskning\\\/\",\"name\":\"Senter for omsorgsforskning, midt\",\"description\":\"\",\"potentialAction\":[{\"@type\":\"SearchAction\",\"target\":{\"@type\":\"EntryPoint\",\"urlTemplate\":\"https:\\\/\\\/site.nord.no\\\/omsorgsforskning\\\/?s={search_term_string}\"},\"query-input\":{\"@type\":\"PropertyValueSpecification\",\"valueRequired\":true,\"valueName\":\"search_term_string\"}}],\"inLanguage\":\"nb-NO\"}]}<\/script>\n<!-- \/ Yoast SEO plugin. -->","yoast_head_json":{"title":"Kontakt - Senter for omsorgsforskning, midt","robots":{"index":"index","follow":"follow","max-snippet":"max-snippet:-1","max-image-preview":"max-image-preview:large","max-video-preview":"max-video-preview:-1"},"canonical":"https:\/\/site.nord.no\/omsorgsforskning\/kontakt\/","og_locale":"nb_NO","og_type":"article","og_title":"Kontakt - Senter for omsorgsforskning, midt","og_description":"Postadresse Senter for omsorgsforskning, midtNord universitetPostboks 4747801 Namsos Telefon +47 74 21 23 39 (senterleder) E-post rose.m.olsen@nord.no (senterleder) Bes\u00f8k oss gjerne Dersom du \u00f8nsker \u00e5 bes\u00f8ke oss, finner du oss ved Nord universitet sitt studiested i Namsos (Finn Christiansens veg 1, 7800 Namsos).","og_url":"https:\/\/site.nord.no\/omsorgsforskning\/kontakt\/","og_site_name":"Senter for omsorgsforskning, midt","article_modified_time":"2025-10-09T10:25:33+00:00","og_image":[{"width":1700,"height":956,"url":"https:\/\/site.nord.no\/omsorgsforskning\/wp-content\/uploads\/sites\/101\/2025\/08\/Studiested-namsos-oversiktsbilde.jpg","type":"image\/jpeg"}],"twitter_card":"summary_large_image","twitter_misc":{"Ansl. lesetid":"1 minutt","Written by":"Admin"},"schema":{"@context":"https:\/\/schema.org","@graph":[{"@type":"WebPage","@id":"https:\/\/site.nord.no\/omsorgsforskning\/kontakt\/","url":"https:\/\/site.nord.no\/omsorgsforskning\/kontakt\/","name":"Kontakt - Senter for omsorgsforskning, midt","isPartOf":{"@id":"https:\/\/site.nord.no\/omsorgsforskning\/#website"},"primaryImageOfPage":{"@id":"https:\/\/site.nord.no\/omsorgsforskning\/kontakt\/#primaryimage"},"image":{"@id":"https:\/\/site.nord.no\/omsorgsforskning\/kontakt\/#primaryimage"},"thumbnailUrl":"https:\/\/site.nord.no\/omsorgsforskning\/wp-content\/uploads\/sites\/101\/2025\/08\/Studiested-namsos-oversiktsbilde.jpg","datePublished":"2025-08-28T10:21:47+00:00","dateModified":"2025-10-09T10:25:33+00:00","breadcrumb":{"@id":"https:\/\/site.nord.no\/omsorgsforskning\/kontakt\/#breadcrumb"},"inLanguage":"nb-NO","potentialAction":[{"@type":"ReadAction","target":["https:\/\/site.nord.no\/omsorgsforskning\/kontakt\/"]}]},{"@type":"ImageObject","inLanguage":"nb-NO","@id":"https:\/\/site.nord.no\/omsorgsforskning\/kontakt\/#primaryimage","url":"https:\/\/site.nord.no\/omsorgsforskning\/wp-content\/uploads\/sites\/101\/2025\/08\/Studiested-namsos-oversiktsbilde.jpg","contentUrl":"https:\/\/site.nord.no\/omsorgsforskning\/wp-content\/uploads\/sites\/101\/2025\/08\/Studiested-namsos-oversiktsbilde.jpg","width":1700,"height":956},{"@type":"BreadcrumbList","@id":"https:\/\/site.nord.no\/omsorgsforskning\/kontakt\/#breadcrumb","itemListElement":[{"@type":"ListItem","position":1,"name":"Hjem","item":"https:\/\/site.nord.no\/omsorgsforskning\/"},{"@type":"ListItem","position":2,"name":"Kontakt"}]},{"@type":"WebSite","@id":"https:\/\/site.nord.no\/omsorgsforskning\/#website","url":"https:\/\/site.nord.no\/omsorgsforskning\/","name":"Senter for omsorgsforskning, midt","description":"","potentialAction":[{"@type":"SearchAction","target":{"@type":"EntryPoint","urlTemplate":"https:\/\/site.nord.no\/omsorgsforskning\/?s={search_term_string}"},"query-input":{"@type":"PropertyValueSpecification","valueRequired":true,"valueName":"search_term_string"}}],"inLanguage":"nb-NO"}]}},"_links":{"self":[{"href":"https:\/\/site.nord.no\/omsorgsforskning\/wp-json\/wp\/v2\/pages\/36","targetHints":{"allow":["GET"]}}],"collection":[{"href":"https:\/\/site.nord.no\/omsorgsforskning\/wp-json\/wp\/v2\/pages"}],"about":[{"href":"https:\/\/site.nord.no\/omsorgsforskning\/wp-json\/wp\/v2\/types\/page"}],"author":[{"embeddable":true,"href":"https:\/\/site.nord.no\/omsorgsforskning\/wp-json\/wp\/v2\/users\/75"}],"replies":[{"embeddable":true,"href":"https:\/\/site.nord.no\/omsorgsforskning\/wp-json\/wp\/v2\/comments?post=36"}],"version-history":[{"count":16,"href":"https:\/\/site.nord.no\/omsorgsforskning\/wp-json\/wp\/v2\/pages\/36\/revisions"}],"predecessor-version":[{"id":369,"href":"https:\/\/site.nord.no\/omsorgsforskning\/wp-json\/wp\/v2\/pages\/36\/revisions\/369"}],"wp:featuredmedia":[{"embeddable":true,"href":"https:\/\/site.nord.no\/omsorgsforskning\/wp-json\/wp\/v2\/media\/139"}],"wp:attachment":[{"href":"https:\/\/site.nord.no\/omsorgsforskning\/wp-json\/wp\/v2\/media?parent=36"}],"wp:term":[{"taxonomy":"author","embeddable":true,"href":"https:\/\/site.nord.no\/omsorgsforskning\/wp-json\/wp\/v2\/coauthors?post=36"}],"curies":[{"name":"wp","href":"https:\/\/api.w.org\/{rel}","templated":true}]}}