{"id":503,"date":"2025-09-29T23:37:35","date_gmt":"2025-09-29T21:37:35","guid":{"rendered":"https:\/\/site.nord.no\/omsorgsforskning\/?page_id=503"},"modified":"2025-09-29T23:37:52","modified_gmt":"2025-09-29T21:37:52","slug":"ledelse-pasientsikkerhetskultur-og-utelatt-helse-og-omsorgshjelp-i-sykehjem","status":"publish","type":"page","link":"https:\/\/site.nord.no\/omsorgsforskning\/prosjekter\/avsluttede\/ledelse-pasientsikkerhetskultur-og-utelatt-helse-og-omsorgshjelp-i-sykehjem\/","title":{"rendered":"Ledelse, pasientsikkerhetskultur og utelatt helse- og omsorgshjelp i sykehjem"},"content":{"rendered":"\n<h2 class=\"wp-block-heading\">Prosjektperiode: <\/h2>\n\n\n\n<p>2023<\/p>\n\n\n\n<h2 class=\"wp-block-heading\">Prosjekteier:<\/h2>\n\n\n\n<p>Nord universitet v\/SOF midt<\/p>\n\n\n\n<h2 class=\"wp-block-heading\">Samarbeidspartnere:<\/h2>\n\n\n\n<p>SOF nord (UiT), SOF vest (HVL), SOF \u00f8st (NTNU Gj\u00f8vik), SOF s\u00f8r (UiA\/USN). Prosjektgruppen best\u00e5r av Rose Mari Olsen, Nina Beate Andfossen, Siri Andreassen Devik, Terje Emil Fredwall, Oddvar F\u00f8rland og Jill-Marit Moholt..<\/p>\n\n\n\n<h2 class=\"wp-block-heading\">Prosjektleder:<\/h2>\n\n\n\n<p>Rose Mari Olsen<\/p>\n\n\n\n<h2 class=\"wp-block-heading\">Prosjekttype:<\/h2>\n\n\n\n<p>Oppdragsforskning<\/p>\n\n\n\n<h2 class=\"wp-block-heading\">Finansiering:<\/h2>\n\n\n\n<p>Helsedirektoratet<\/p>\n\n\n\n<h2 class=\"wp-block-heading\">Prosjektsammendrag:<\/h2>\n\n\n\n<p>Forskning viser at utelatt helse- og omsorgshjelp er vanlig i sykehjem, og at dette kan ha sammenheng med karakteristika ved sykehjemmene, de ansatte og pasientene. Mellomledere uttrykker b\u00e5de evne og vilje til \u00e5 gj\u00f8re noe med utfordringene, men vi mangler kunnskap om hvilket reelt handlingsrom lederne innehar. Videre savnes mer kunnskap om sammenhenger mellom lederspenn, pasientsikkerhetskultur og utelatt helse- og omsorgshjelp i sykehjem. F\u00f8lgende problemstillinger var styrende for arbeidet: 1) Hvilke forhold erfarer mellomledere fremmer og hemmer deres muligheter for \u00e5 bygge en kultur for \u00e5penhet og l\u00e6ring i sykehjem? 2) Hvor h\u00f8y er ledertettheten i norske sykehjem sammenlignet med barnehager, grunnskole, hjemmehjelp, og hjemmesykepleie? 3) Hvor stort er lederspennet blant f\u00f8rstelinjeledere i v\u00e5rt utvalg av 40 norske sykehjem? 4) Hvilke sammenhenger kan identifiseres mellom karakteristika ved ansatte i sykehjem og deres opplevelser av pasientsikkerhetskultur? 5) Hvilke sammenhenger kan identifiseres mellom utelatt helse- og omsorgshjelp, lederspenn og pasientsikkerhetskultur i sykehjem?<\/p>\n\n\n\n<p>Sluttrapporten er tilgjengelig i fulltekst p\u00e5 <a href=\"https:\/\/hdl.handle.net\/11250\/3128354\">Omsorgsbiblioteket<\/a><\/p>\n\n\n\n<p>.<\/p>\n\n\n\n<p><\/p>\n\n\n\n<p><\/p>\n\n\n\n<p><\/p>\n","protected":false},"excerpt":{"rendered":"<p>Prosjektperiode: 2023 Prosjekteier: Nord universitet v\/SOF midt Samarbeidspartnere: SOF nord (UiT), SOF vest (HVL), SOF \u00f8st (NTNU Gj\u00f8vik), SOF s\u00f8r (UiA\/USN). Prosjektgruppen best\u00e5r av Rose Mari Olsen, Nina Beate Andfossen, Siri Andreassen Devik, Terje Emil Fredwall, Oddvar F\u00f8rland og Jill-Marit Moholt.. Prosjektleder: Rose Mari Olsen Prosjekttype: Oppdragsforskning Finansiering: Helsedirektoratet Prosjektsammendrag: Forskning viser at utelatt helse- [&hellip;]<\/p>\n","protected":false},"author":148,"featured_media":0,"parent":215,"menu_order":0,"comment_status":"closed","ping_status":"closed","template":"","meta":{"footnotes":""},"coauthors":[4],"class_list":["post-503","page","type-page","status-publish","hentry"],"yoast_head":"<!-- This site is optimized with the Yoast SEO plugin v27.4 - https:\/\/yoast.com\/product\/yoast-seo-wordpress\/ -->\n<title>Ledelse, pasientsikkerhetskultur og utelatt helse- og omsorgshjelp i sykehjem - Senter for omsorgsforskning, midt<\/title>\n<meta name=\"robots\" content=\"index, follow, max-snippet:-1, max-image-preview:large, max-video-preview:-1\" \/>\n<link rel=\"canonical\" href=\"https:\/\/site.nord.no\/omsorgsforskning\/prosjekter\/avsluttede\/ledelse-pasientsikkerhetskultur-og-utelatt-helse-og-omsorgshjelp-i-sykehjem\/\" \/>\n<meta property=\"og:locale\" content=\"nb_NO\" \/>\n<meta property=\"og:type\" content=\"article\" \/>\n<meta property=\"og:title\" content=\"Ledelse, pasientsikkerhetskultur og utelatt helse- og omsorgshjelp i sykehjem - Senter for omsorgsforskning, midt\" \/>\n<meta property=\"og:description\" content=\"Prosjektperiode: 2023 Prosjekteier: Nord universitet v\/SOF midt Samarbeidspartnere: SOF nord (UiT), SOF vest (HVL), SOF \u00f8st (NTNU Gj\u00f8vik), SOF s\u00f8r (UiA\/USN). Prosjektgruppen best\u00e5r av Rose Mari Olsen, Nina Beate Andfossen, Siri Andreassen Devik, Terje Emil Fredwall, Oddvar F\u00f8rland og Jill-Marit Moholt.. Prosjektleder: Rose Mari Olsen Prosjekttype: Oppdragsforskning Finansiering: Helsedirektoratet Prosjektsammendrag: Forskning viser at utelatt helse- [&hellip;]\" \/>\n<meta property=\"og:url\" content=\"https:\/\/site.nord.no\/omsorgsforskning\/prosjekter\/avsluttede\/ledelse-pasientsikkerhetskultur-og-utelatt-helse-og-omsorgshjelp-i-sykehjem\/\" \/>\n<meta property=\"og:site_name\" content=\"Senter for omsorgsforskning, midt\" \/>\n<meta property=\"article:modified_time\" content=\"2025-09-29T21:37:52+00:00\" \/>\n<meta name=\"twitter:card\" content=\"summary_large_image\" \/>\n<meta name=\"twitter:label1\" content=\"Ansl. lesetid\" \/>\n\t<meta name=\"twitter:data1\" content=\"1 minutt\" \/>\n\t<meta name=\"twitter:label2\" content=\"Written by\" \/>\n\t<meta name=\"twitter:data2\" content=\"rosemariolsen\" \/>\n<script type=\"application\/ld+json\" class=\"yoast-schema-graph\">{\"@context\":\"https:\\\/\\\/schema.org\",\"@graph\":[{\"@type\":\"WebPage\",\"@id\":\"https:\\\/\\\/site.nord.no\\\/omsorgsforskning\\\/prosjekter\\\/avsluttede\\\/ledelse-pasientsikkerhetskultur-og-utelatt-helse-og-omsorgshjelp-i-sykehjem\\\/\",\"url\":\"https:\\\/\\\/site.nord.no\\\/omsorgsforskning\\\/prosjekter\\\/avsluttede\\\/ledelse-pasientsikkerhetskultur-og-utelatt-helse-og-omsorgshjelp-i-sykehjem\\\/\",\"name\":\"Ledelse, pasientsikkerhetskultur og utelatt helse- og omsorgshjelp i sykehjem - Senter for omsorgsforskning, midt\",\"isPartOf\":{\"@id\":\"https:\\\/\\\/site.nord.no\\\/omsorgsforskning\\\/#website\"},\"datePublished\":\"2025-09-29T21:37:35+00:00\",\"dateModified\":\"2025-09-29T21:37:52+00:00\",\"breadcrumb\":{\"@id\":\"https:\\\/\\\/site.nord.no\\\/omsorgsforskning\\\/prosjekter\\\/avsluttede\\\/ledelse-pasientsikkerhetskultur-og-utelatt-helse-og-omsorgshjelp-i-sykehjem\\\/#breadcrumb\"},\"inLanguage\":\"nb-NO\",\"potentialAction\":[{\"@type\":\"ReadAction\",\"target\":[\"https:\\\/\\\/site.nord.no\\\/omsorgsforskning\\\/prosjekter\\\/avsluttede\\\/ledelse-pasientsikkerhetskultur-og-utelatt-helse-og-omsorgshjelp-i-sykehjem\\\/\"]}]},{\"@type\":\"BreadcrumbList\",\"@id\":\"https:\\\/\\\/site.nord.no\\\/omsorgsforskning\\\/prosjekter\\\/avsluttede\\\/ledelse-pasientsikkerhetskultur-og-utelatt-helse-og-omsorgshjelp-i-sykehjem\\\/#breadcrumb\",\"itemListElement\":[{\"@type\":\"ListItem\",\"position\":1,\"name\":\"Hjem\",\"item\":\"https:\\\/\\\/site.nord.no\\\/omsorgsforskning\\\/\"},{\"@type\":\"ListItem\",\"position\":2,\"name\":\"Prosjekter\",\"item\":\"https:\\\/\\\/site.nord.no\\\/omsorgsforskning\\\/prosjekter\\\/\"},{\"@type\":\"ListItem\",\"position\":3,\"name\":\"Avsluttede\",\"item\":\"https:\\\/\\\/site.nord.no\\\/omsorgsforskning\\\/prosjekter\\\/avsluttede\\\/\"},{\"@type\":\"ListItem\",\"position\":4,\"name\":\"Ledelse, pasientsikkerhetskultur og utelatt helse- og omsorgshjelp i sykehjem\"}]},{\"@type\":\"WebSite\",\"@id\":\"https:\\\/\\\/site.nord.no\\\/omsorgsforskning\\\/#website\",\"url\":\"https:\\\/\\\/site.nord.no\\\/omsorgsforskning\\\/\",\"name\":\"Senter for omsorgsforskning, midt\",\"description\":\"\",\"potentialAction\":[{\"@type\":\"SearchAction\",\"target\":{\"@type\":\"EntryPoint\",\"urlTemplate\":\"https:\\\/\\\/site.nord.no\\\/omsorgsforskning\\\/?s={search_term_string}\"},\"query-input\":{\"@type\":\"PropertyValueSpecification\",\"valueRequired\":true,\"valueName\":\"search_term_string\"}}],\"inLanguage\":\"nb-NO\"}]}<\/script>\n<!-- \/ Yoast SEO plugin. -->","yoast_head_json":{"title":"Ledelse, pasientsikkerhetskultur og utelatt helse- og omsorgshjelp i sykehjem - Senter for omsorgsforskning, midt","robots":{"index":"index","follow":"follow","max-snippet":"max-snippet:-1","max-image-preview":"max-image-preview:large","max-video-preview":"max-video-preview:-1"},"canonical":"https:\/\/site.nord.no\/omsorgsforskning\/prosjekter\/avsluttede\/ledelse-pasientsikkerhetskultur-og-utelatt-helse-og-omsorgshjelp-i-sykehjem\/","og_locale":"nb_NO","og_type":"article","og_title":"Ledelse, pasientsikkerhetskultur og utelatt helse- og omsorgshjelp i sykehjem - Senter for omsorgsforskning, midt","og_description":"Prosjektperiode: 2023 Prosjekteier: Nord universitet v\/SOF midt Samarbeidspartnere: SOF nord (UiT), SOF vest (HVL), SOF \u00f8st (NTNU Gj\u00f8vik), SOF s\u00f8r (UiA\/USN). Prosjektgruppen best\u00e5r av Rose Mari Olsen, Nina Beate Andfossen, Siri Andreassen Devik, Terje Emil Fredwall, Oddvar F\u00f8rland og Jill-Marit Moholt.. Prosjektleder: Rose Mari Olsen Prosjekttype: Oppdragsforskning Finansiering: Helsedirektoratet Prosjektsammendrag: Forskning viser at utelatt helse- [&hellip;]","og_url":"https:\/\/site.nord.no\/omsorgsforskning\/prosjekter\/avsluttede\/ledelse-pasientsikkerhetskultur-og-utelatt-helse-og-omsorgshjelp-i-sykehjem\/","og_site_name":"Senter for omsorgsforskning, midt","article_modified_time":"2025-09-29T21:37:52+00:00","twitter_card":"summary_large_image","twitter_misc":{"Ansl. lesetid":"1 minutt","Written by":"rosemariolsen"},"schema":{"@context":"https:\/\/schema.org","@graph":[{"@type":"WebPage","@id":"https:\/\/site.nord.no\/omsorgsforskning\/prosjekter\/avsluttede\/ledelse-pasientsikkerhetskultur-og-utelatt-helse-og-omsorgshjelp-i-sykehjem\/","url":"https:\/\/site.nord.no\/omsorgsforskning\/prosjekter\/avsluttede\/ledelse-pasientsikkerhetskultur-og-utelatt-helse-og-omsorgshjelp-i-sykehjem\/","name":"Ledelse, pasientsikkerhetskultur og utelatt helse- og omsorgshjelp i sykehjem - Senter for omsorgsforskning, midt","isPartOf":{"@id":"https:\/\/site.nord.no\/omsorgsforskning\/#website"},"datePublished":"2025-09-29T21:37:35+00:00","dateModified":"2025-09-29T21:37:52+00:00","breadcrumb":{"@id":"https:\/\/site.nord.no\/omsorgsforskning\/prosjekter\/avsluttede\/ledelse-pasientsikkerhetskultur-og-utelatt-helse-og-omsorgshjelp-i-sykehjem\/#breadcrumb"},"inLanguage":"nb-NO","potentialAction":[{"@type":"ReadAction","target":["https:\/\/site.nord.no\/omsorgsforskning\/prosjekter\/avsluttede\/ledelse-pasientsikkerhetskultur-og-utelatt-helse-og-omsorgshjelp-i-sykehjem\/"]}]},{"@type":"BreadcrumbList","@id":"https:\/\/site.nord.no\/omsorgsforskning\/prosjekter\/avsluttede\/ledelse-pasientsikkerhetskultur-og-utelatt-helse-og-omsorgshjelp-i-sykehjem\/#breadcrumb","itemListElement":[{"@type":"ListItem","position":1,"name":"Hjem","item":"https:\/\/site.nord.no\/omsorgsforskning\/"},{"@type":"ListItem","position":2,"name":"Prosjekter","item":"https:\/\/site.nord.no\/omsorgsforskning\/prosjekter\/"},{"@type":"ListItem","position":3,"name":"Avsluttede","item":"https:\/\/site.nord.no\/omsorgsforskning\/prosjekter\/avsluttede\/"},{"@type":"ListItem","position":4,"name":"Ledelse, pasientsikkerhetskultur og utelatt helse- og omsorgshjelp i sykehjem"}]},{"@type":"WebSite","@id":"https:\/\/site.nord.no\/omsorgsforskning\/#website","url":"https:\/\/site.nord.no\/omsorgsforskning\/","name":"Senter for omsorgsforskning, midt","description":"","potentialAction":[{"@type":"SearchAction","target":{"@type":"EntryPoint","urlTemplate":"https:\/\/site.nord.no\/omsorgsforskning\/?s={search_term_string}"},"query-input":{"@type":"PropertyValueSpecification","valueRequired":true,"valueName":"search_term_string"}}],"inLanguage":"nb-NO"}]}},"_links":{"self":[{"href":"https:\/\/site.nord.no\/omsorgsforskning\/wp-json\/wp\/v2\/pages\/503","targetHints":{"allow":["GET"]}}],"collection":[{"href":"https:\/\/site.nord.no\/omsorgsforskning\/wp-json\/wp\/v2\/pages"}],"about":[{"href":"https:\/\/site.nord.no\/omsorgsforskning\/wp-json\/wp\/v2\/types\/page"}],"author":[{"embeddable":true,"href":"https:\/\/site.nord.no\/omsorgsforskning\/wp-json\/wp\/v2\/users\/148"}],"replies":[{"embeddable":true,"href":"https:\/\/site.nord.no\/omsorgsforskning\/wp-json\/wp\/v2\/comments?post=503"}],"version-history":[{"count":3,"href":"https:\/\/site.nord.no\/omsorgsforskning\/wp-json\/wp\/v2\/pages\/503\/revisions"}],"predecessor-version":[{"id":528,"href":"https:\/\/site.nord.no\/omsorgsforskning\/wp-json\/wp\/v2\/pages\/503\/revisions\/528"}],"up":[{"embeddable":true,"href":"https:\/\/site.nord.no\/omsorgsforskning\/wp-json\/wp\/v2\/pages\/215"}],"wp:attachment":[{"href":"https:\/\/site.nord.no\/omsorgsforskning\/wp-json\/wp\/v2\/media?parent=503"}],"wp:term":[{"taxonomy":"author","embeddable":true,"href":"https:\/\/site.nord.no\/omsorgsforskning\/wp-json\/wp\/v2\/coauthors?post=503"}],"curies":[{"name":"wp","href":"https:\/\/api.w.org\/{rel}","templated":true}]}}