{"id":509,"date":"2025-09-29T23:19:42","date_gmt":"2025-09-29T21:19:42","guid":{"rendered":"https:\/\/site.nord.no\/omsorgsforskning\/?page_id=509"},"modified":"2025-09-29T23:19:42","modified_gmt":"2025-09-29T21:19:42","slug":"kartlegging-av-erfaringer-med-og-bruken-av-tildelingskontor-i-norske-kommuner","status":"publish","type":"page","link":"https:\/\/site.nord.no\/omsorgsforskning\/prosjekter\/avsluttede\/kartlegging-av-erfaringer-med-og-bruken-av-tildelingskontor-i-norske-kommuner\/","title":{"rendered":"Kartlegging av erfaringer med, og bruken av tildelingskontor i norske kommuner"},"content":{"rendered":"\n<h2 class=\"wp-block-heading\">Prosjektperiode: <\/h2>\n\n\n\n<p>2024<\/p>\n\n\n\n<h2 class=\"wp-block-heading\">Prosjekteier:<\/h2>\n\n\n\n<p>NTNU Gj\u00f8vik v\/SOF \u00f8st<\/p>\n\n\n\n<h2 class=\"wp-block-heading\">Samarbeidspartnere:<\/h2>\n\n\n\n<p>SOF nord (UiT), SOF midt (Nord universitet), SOF vest (HVL) og SOF s\u00f8r (UiA\/USN). Prosjektgruppen best\u00e5r av Laila Tingvold, Bodil H. Blix, Anette Fagertun, Oddvar F\u00f8rland, Brooke Ann Hollister, Karl Ove Hufthammer, Kristin Jeppest\u00f8l, Jill-Marit Moholt, Marianne Koller\u00f8s Nilsen, Rose Mari Olsen, Ann Katrin Bl\u00f8 Pedersen, Hanne Marie Rostad og G\u00f8ril Ursin..<\/p>\n\n\n\n<h2 class=\"wp-block-heading\">Prosjektleder:<\/h2>\n\n\n\n<p>Laila Tingvold<\/p>\n\n\n\n<h2 class=\"wp-block-heading\">Prosjekttype:<\/h2>\n\n\n\n<p>Oppdragsforskning<\/p>\n\n\n\n<h2 class=\"wp-block-heading\">Finansiering:<\/h2>\n\n\n\n<p>Helsedirektoratet<\/p>\n\n\n\n<h2 class=\"wp-block-heading\">Prosjektsammendrag:<\/h2>\n\n\n\n<p>Hensikt med studien var \u00e5 kartlegge erfaringer med og bruken av tildelingskontor i norske kommuner. Overordnede problemstillinger var: Hvilke ulike organisatoriske modeller for tildeling av kommunale helse- og omsorgstjenester kan identifiseres, og hvilke logikker og praksiser skiller de ulike modellene fra hverandre? P\u00e5 hvilke m\u00e5ter former de ulike modellene arbeidsm\u00e5ter som fremmer eller hemmer det \u00e5 skape trygge, sammenhengende og likeverdige tjenester? Tre delstudier ble gjennomf\u00f8rt: en nasjonal<br>sp\u00f8rreunders\u00f8kelse til kommunene, en komparativ casestudie ved fem tildelingsenheter i kommuner<br>av ulik st\u00f8rrelse og i forskjellige deler av landet samt en kunnskapsoppsummering (scoping review).<\/p>\n\n\n\n<p>Sluttrapporten er tilgjengelig i fulltekst p\u00e5 <a href=\"https:\/\/hdl.handle.net\/11250\/3184428\">Omsorgsbiblioteket<\/a><\/p>\n\n\n\n<p>.<\/p>\n\n\n\n<p><\/p>\n\n\n\n<p><\/p>\n\n\n\n<p><\/p>\n","protected":false},"excerpt":{"rendered":"<p>Prosjektperiode: 2024 Prosjekteier: NTNU Gj\u00f8vik v\/SOF \u00f8st Samarbeidspartnere: SOF nord (UiT), SOF midt (Nord universitet), SOF vest (HVL) og SOF s\u00f8r (UiA\/USN). Prosjektgruppen best\u00e5r av Laila Tingvold, Bodil H. Blix, Anette Fagertun, Oddvar F\u00f8rland, Brooke Ann Hollister, Karl Ove Hufthammer, Kristin Jeppest\u00f8l, Jill-Marit Moholt, Marianne Koller\u00f8s Nilsen, Rose Mari Olsen, Ann Katrin Bl\u00f8 Pedersen, Hanne [&hellip;]<\/p>\n","protected":false},"author":148,"featured_media":0,"parent":215,"menu_order":0,"comment_status":"closed","ping_status":"closed","template":"","meta":{"footnotes":""},"coauthors":[4],"class_list":["post-509","page","type-page","status-publish","hentry"],"yoast_head":"<!-- This site is optimized with the Yoast SEO plugin v27.4 - https:\/\/yoast.com\/product\/yoast-seo-wordpress\/ -->\n<title>Kartlegging av erfaringer med, og bruken av tildelingskontor i norske kommuner - Senter for omsorgsforskning, midt<\/title>\n<meta name=\"robots\" content=\"index, follow, max-snippet:-1, max-image-preview:large, max-video-preview:-1\" \/>\n<link rel=\"canonical\" href=\"https:\/\/site.nord.no\/omsorgsforskning\/prosjekter\/avsluttede\/kartlegging-av-erfaringer-med-og-bruken-av-tildelingskontor-i-norske-kommuner\/\" \/>\n<meta property=\"og:locale\" content=\"nb_NO\" \/>\n<meta property=\"og:type\" content=\"article\" \/>\n<meta property=\"og:title\" content=\"Kartlegging av erfaringer med, og bruken av tildelingskontor i norske kommuner - Senter for omsorgsforskning, midt\" \/>\n<meta property=\"og:description\" content=\"Prosjektperiode: 2024 Prosjekteier: NTNU Gj\u00f8vik v\/SOF \u00f8st Samarbeidspartnere: SOF nord (UiT), SOF midt (Nord universitet), SOF vest (HVL) og SOF s\u00f8r (UiA\/USN). Prosjektgruppen best\u00e5r av Laila Tingvold, Bodil H. Blix, Anette Fagertun, Oddvar F\u00f8rland, Brooke Ann Hollister, Karl Ove Hufthammer, Kristin Jeppest\u00f8l, Jill-Marit Moholt, Marianne Koller\u00f8s Nilsen, Rose Mari Olsen, Ann Katrin Bl\u00f8 Pedersen, Hanne [&hellip;]\" \/>\n<meta property=\"og:url\" content=\"https:\/\/site.nord.no\/omsorgsforskning\/prosjekter\/avsluttede\/kartlegging-av-erfaringer-med-og-bruken-av-tildelingskontor-i-norske-kommuner\/\" \/>\n<meta property=\"og:site_name\" content=\"Senter for omsorgsforskning, midt\" \/>\n<meta name=\"twitter:card\" content=\"summary_large_image\" \/>\n<meta name=\"twitter:label1\" content=\"Ansl. lesetid\" \/>\n\t<meta name=\"twitter:data1\" content=\"1 minutt\" \/>\n\t<meta name=\"twitter:label2\" content=\"Written by\" \/>\n\t<meta name=\"twitter:data2\" content=\"rosemariolsen\" \/>\n<script type=\"application\/ld+json\" class=\"yoast-schema-graph\">{\"@context\":\"https:\\\/\\\/schema.org\",\"@graph\":[{\"@type\":\"WebPage\",\"@id\":\"https:\\\/\\\/site.nord.no\\\/omsorgsforskning\\\/prosjekter\\\/avsluttede\\\/kartlegging-av-erfaringer-med-og-bruken-av-tildelingskontor-i-norske-kommuner\\\/\",\"url\":\"https:\\\/\\\/site.nord.no\\\/omsorgsforskning\\\/prosjekter\\\/avsluttede\\\/kartlegging-av-erfaringer-med-og-bruken-av-tildelingskontor-i-norske-kommuner\\\/\",\"name\":\"Kartlegging av erfaringer med, og bruken av tildelingskontor i norske kommuner - Senter for omsorgsforskning, midt\",\"isPartOf\":{\"@id\":\"https:\\\/\\\/site.nord.no\\\/omsorgsforskning\\\/#website\"},\"datePublished\":\"2025-09-29T21:19:42+00:00\",\"breadcrumb\":{\"@id\":\"https:\\\/\\\/site.nord.no\\\/omsorgsforskning\\\/prosjekter\\\/avsluttede\\\/kartlegging-av-erfaringer-med-og-bruken-av-tildelingskontor-i-norske-kommuner\\\/#breadcrumb\"},\"inLanguage\":\"nb-NO\",\"potentialAction\":[{\"@type\":\"ReadAction\",\"target\":[\"https:\\\/\\\/site.nord.no\\\/omsorgsforskning\\\/prosjekter\\\/avsluttede\\\/kartlegging-av-erfaringer-med-og-bruken-av-tildelingskontor-i-norske-kommuner\\\/\"]}]},{\"@type\":\"BreadcrumbList\",\"@id\":\"https:\\\/\\\/site.nord.no\\\/omsorgsforskning\\\/prosjekter\\\/avsluttede\\\/kartlegging-av-erfaringer-med-og-bruken-av-tildelingskontor-i-norske-kommuner\\\/#breadcrumb\",\"itemListElement\":[{\"@type\":\"ListItem\",\"position\":1,\"name\":\"Hjem\",\"item\":\"https:\\\/\\\/site.nord.no\\\/omsorgsforskning\\\/\"},{\"@type\":\"ListItem\",\"position\":2,\"name\":\"Prosjekter\",\"item\":\"https:\\\/\\\/site.nord.no\\\/omsorgsforskning\\\/prosjekter\\\/\"},{\"@type\":\"ListItem\",\"position\":3,\"name\":\"Avsluttede\",\"item\":\"https:\\\/\\\/site.nord.no\\\/omsorgsforskning\\\/prosjekter\\\/avsluttede\\\/\"},{\"@type\":\"ListItem\",\"position\":4,\"name\":\"Kartlegging av erfaringer med, og bruken av tildelingskontor i norske kommuner\"}]},{\"@type\":\"WebSite\",\"@id\":\"https:\\\/\\\/site.nord.no\\\/omsorgsforskning\\\/#website\",\"url\":\"https:\\\/\\\/site.nord.no\\\/omsorgsforskning\\\/\",\"name\":\"Senter for omsorgsforskning, midt\",\"description\":\"\",\"potentialAction\":[{\"@type\":\"SearchAction\",\"target\":{\"@type\":\"EntryPoint\",\"urlTemplate\":\"https:\\\/\\\/site.nord.no\\\/omsorgsforskning\\\/?s={search_term_string}\"},\"query-input\":{\"@type\":\"PropertyValueSpecification\",\"valueRequired\":true,\"valueName\":\"search_term_string\"}}],\"inLanguage\":\"nb-NO\"}]}<\/script>\n<!-- \/ Yoast SEO plugin. -->","yoast_head_json":{"title":"Kartlegging av erfaringer med, og bruken av tildelingskontor i norske kommuner - Senter for omsorgsforskning, midt","robots":{"index":"index","follow":"follow","max-snippet":"max-snippet:-1","max-image-preview":"max-image-preview:large","max-video-preview":"max-video-preview:-1"},"canonical":"https:\/\/site.nord.no\/omsorgsforskning\/prosjekter\/avsluttede\/kartlegging-av-erfaringer-med-og-bruken-av-tildelingskontor-i-norske-kommuner\/","og_locale":"nb_NO","og_type":"article","og_title":"Kartlegging av erfaringer med, og bruken av tildelingskontor i norske kommuner - Senter for omsorgsforskning, midt","og_description":"Prosjektperiode: 2024 Prosjekteier: NTNU Gj\u00f8vik v\/SOF \u00f8st Samarbeidspartnere: SOF nord (UiT), SOF midt (Nord universitet), SOF vest (HVL) og SOF s\u00f8r (UiA\/USN). Prosjektgruppen best\u00e5r av Laila Tingvold, Bodil H. Blix, Anette Fagertun, Oddvar F\u00f8rland, Brooke Ann Hollister, Karl Ove Hufthammer, Kristin Jeppest\u00f8l, Jill-Marit Moholt, Marianne Koller\u00f8s Nilsen, Rose Mari Olsen, Ann Katrin Bl\u00f8 Pedersen, Hanne [&hellip;]","og_url":"https:\/\/site.nord.no\/omsorgsforskning\/prosjekter\/avsluttede\/kartlegging-av-erfaringer-med-og-bruken-av-tildelingskontor-i-norske-kommuner\/","og_site_name":"Senter for omsorgsforskning, midt","twitter_card":"summary_large_image","twitter_misc":{"Ansl. lesetid":"1 minutt","Written by":"rosemariolsen"},"schema":{"@context":"https:\/\/schema.org","@graph":[{"@type":"WebPage","@id":"https:\/\/site.nord.no\/omsorgsforskning\/prosjekter\/avsluttede\/kartlegging-av-erfaringer-med-og-bruken-av-tildelingskontor-i-norske-kommuner\/","url":"https:\/\/site.nord.no\/omsorgsforskning\/prosjekter\/avsluttede\/kartlegging-av-erfaringer-med-og-bruken-av-tildelingskontor-i-norske-kommuner\/","name":"Kartlegging av erfaringer med, og bruken av tildelingskontor i norske kommuner - Senter for omsorgsforskning, midt","isPartOf":{"@id":"https:\/\/site.nord.no\/omsorgsforskning\/#website"},"datePublished":"2025-09-29T21:19:42+00:00","breadcrumb":{"@id":"https:\/\/site.nord.no\/omsorgsforskning\/prosjekter\/avsluttede\/kartlegging-av-erfaringer-med-og-bruken-av-tildelingskontor-i-norske-kommuner\/#breadcrumb"},"inLanguage":"nb-NO","potentialAction":[{"@type":"ReadAction","target":["https:\/\/site.nord.no\/omsorgsforskning\/prosjekter\/avsluttede\/kartlegging-av-erfaringer-med-og-bruken-av-tildelingskontor-i-norske-kommuner\/"]}]},{"@type":"BreadcrumbList","@id":"https:\/\/site.nord.no\/omsorgsforskning\/prosjekter\/avsluttede\/kartlegging-av-erfaringer-med-og-bruken-av-tildelingskontor-i-norske-kommuner\/#breadcrumb","itemListElement":[{"@type":"ListItem","position":1,"name":"Hjem","item":"https:\/\/site.nord.no\/omsorgsforskning\/"},{"@type":"ListItem","position":2,"name":"Prosjekter","item":"https:\/\/site.nord.no\/omsorgsforskning\/prosjekter\/"},{"@type":"ListItem","position":3,"name":"Avsluttede","item":"https:\/\/site.nord.no\/omsorgsforskning\/prosjekter\/avsluttede\/"},{"@type":"ListItem","position":4,"name":"Kartlegging av erfaringer med, og bruken av tildelingskontor i norske kommuner"}]},{"@type":"WebSite","@id":"https:\/\/site.nord.no\/omsorgsforskning\/#website","url":"https:\/\/site.nord.no\/omsorgsforskning\/","name":"Senter for omsorgsforskning, midt","description":"","potentialAction":[{"@type":"SearchAction","target":{"@type":"EntryPoint","urlTemplate":"https:\/\/site.nord.no\/omsorgsforskning\/?s={search_term_string}"},"query-input":{"@type":"PropertyValueSpecification","valueRequired":true,"valueName":"search_term_string"}}],"inLanguage":"nb-NO"}]}},"_links":{"self":[{"href":"https:\/\/site.nord.no\/omsorgsforskning\/wp-json\/wp\/v2\/pages\/509","targetHints":{"allow":["GET"]}}],"collection":[{"href":"https:\/\/site.nord.no\/omsorgsforskning\/wp-json\/wp\/v2\/pages"}],"about":[{"href":"https:\/\/site.nord.no\/omsorgsforskning\/wp-json\/wp\/v2\/types\/page"}],"author":[{"embeddable":true,"href":"https:\/\/site.nord.no\/omsorgsforskning\/wp-json\/wp\/v2\/users\/148"}],"replies":[{"embeddable":true,"href":"https:\/\/site.nord.no\/omsorgsforskning\/wp-json\/wp\/v2\/comments?post=509"}],"version-history":[{"count":2,"href":"https:\/\/site.nord.no\/omsorgsforskning\/wp-json\/wp\/v2\/pages\/509\/revisions"}],"predecessor-version":[{"id":523,"href":"https:\/\/site.nord.no\/omsorgsforskning\/wp-json\/wp\/v2\/pages\/509\/revisions\/523"}],"up":[{"embeddable":true,"href":"https:\/\/site.nord.no\/omsorgsforskning\/wp-json\/wp\/v2\/pages\/215"}],"wp:attachment":[{"href":"https:\/\/site.nord.no\/omsorgsforskning\/wp-json\/wp\/v2\/media?parent=509"}],"wp:term":[{"taxonomy":"author","embeddable":true,"href":"https:\/\/site.nord.no\/omsorgsforskning\/wp-json\/wp\/v2\/coauthors?post=509"}],"curies":[{"name":"wp","href":"https:\/\/api.w.org\/{rel}","templated":true}]}}