{"id":513,"date":"2025-09-29T23:54:58","date_gmt":"2025-09-29T21:54:58","guid":{"rendered":"https:\/\/site.nord.no\/omsorgsforskning\/?page_id=513"},"modified":"2025-09-29T23:54:58","modified_gmt":"2025-09-29T21:54:58","slug":"oppgaveglidning-i-omsorgstjenestene-en-hurtigoversikt-over-forskningslitteratur","status":"publish","type":"page","link":"https:\/\/site.nord.no\/omsorgsforskning\/prosjekter\/avsluttede\/oppgaveglidning-i-omsorgstjenestene-en-hurtigoversikt-over-forskningslitteratur\/","title":{"rendered":"Oppgaveglidning i omsorgstjenestene: En hurtigoversikt over forskningslitteratur"},"content":{"rendered":"\n<h2 class=\"wp-block-heading\">Prosjektperiode: <\/h2>\n\n\n\n<p>2021<\/p>\n\n\n\n<h2 class=\"wp-block-heading\">Prosjekteier:<\/h2>\n\n\n\n<p>Nord universitet v\/SOF midt<\/p>\n\n\n\n<h2 class=\"wp-block-heading\">Samarbeidspartnere:<\/h2>\n\n\n\n<p>Prosjektgruppen best\u00e5r av Siri Andreassen Devik og Rose Mari Olsen.<\/p>\n\n\n\n<h2 class=\"wp-block-heading\">Prosjektleder:<\/h2>\n\n\n\n<p>Siri Andreassen Devik<\/p>\n\n\n\n<h2 class=\"wp-block-heading\">Prosjekttype:<\/h2>\n\n\n\n<p>Oppdragsforskning<\/p>\n\n\n\n<h2 class=\"wp-block-heading\">Finansiering:<\/h2>\n\n\n\n<p>Helse- og omsorgsdepartementet<\/p>\n\n\n\n<h2 class=\"wp-block-heading\">Prosjektsammendrag:<\/h2>\n\n\n\n<p>Hensikten med prosjektet var \u00e5 utarbeide en hurtigoversikt som belyser oppgaveglidning mellom sykepleiere og andre helsearbeidere i den kommunale omsorgstjenesten. F\u00f8lgende forskningssp\u00f8rsm\u00e5l var styrende for arbeidet: Hvilke erfaringer er gjort med oppgaveglidningen? Mellom hvilke yrkesgrupper skjer oppgaveglidning? Hvor ofte skjer oppgaveglidning? Hvilke oppgaver gjelder det? Hva er begrunnelsen for oppgaveglidningen? I hurtigoversikten ble det inkludert 61 publikasjoner. Resultatene beskriver vi gjennom fem hovedkategorier med tilh\u00f8rende subkategorier: 1) <em>Yrkesgrupper<\/em>: Oppgaveglidning fra leger til sykepleiere; Oppgaveglidning fra sykepleiere til personell med lavere kompetanse. 2) <em>Forekomst<\/em>: Forekomst av oppgaveglidning i Norge; Forekomst av oppgaveglidning internasjonalt. 3) <em>Oppgaver<\/em>: Oppgaver overf\u00f8rt fra leger til sykepleiere; Oppgaver overf\u00f8rt fra sykepleiere til personell med lavere kompetanse. 4) <em>Begrunnelser<\/em>: Begrunnelser for oppgaveglidning i norske omsorgstjenester; Begrunnelser i omsorgstjenester internasjonalt. 5) <em>Erfaringer<\/em>: Erfaringer med oppgaveglidning mellom leger og sykepleiere; Erfaringer med oppgaveglidning mellom sykepleiere og andre pleiere; Pasienter og p\u00e5r\u00f8rendes erfaringer med oppgaveglidning; Helsetjenestens erfaringer som organisasjon og leverand\u00f8r av tjenester.<\/p>\n\n\n\n<p>Sluttrapporten er tilgjengelig i fulltekst p\u00e5 <a href=\"https:\/\/hdl.handle.net\/11250\/2995762\">Omsorgsbiblioteket<\/a><\/p>\n\n\n\n<p>.<\/p>\n\n\n\n<p><\/p>\n\n\n\n<p><\/p>\n\n\n\n<p><\/p>\n","protected":false},"excerpt":{"rendered":"<p>Prosjektperiode: 2021 Prosjekteier: Nord universitet v\/SOF midt Samarbeidspartnere: Prosjektgruppen best\u00e5r av Siri Andreassen Devik og Rose Mari Olsen. Prosjektleder: Siri Andreassen Devik Prosjekttype: Oppdragsforskning Finansiering: Helse- og omsorgsdepartementet Prosjektsammendrag: Hensikten med prosjektet var \u00e5 utarbeide en hurtigoversikt som belyser oppgaveglidning mellom sykepleiere og andre helsearbeidere i den kommunale omsorgstjenesten. F\u00f8lgende forskningssp\u00f8rsm\u00e5l var styrende for arbeidet: [&hellip;]<\/p>\n","protected":false},"author":148,"featured_media":0,"parent":215,"menu_order":0,"comment_status":"closed","ping_status":"closed","template":"","meta":{"footnotes":""},"coauthors":[4],"class_list":["post-513","page","type-page","status-publish","hentry"],"yoast_head":"<!-- This site is optimized with the Yoast SEO plugin v27.4 - https:\/\/yoast.com\/product\/yoast-seo-wordpress\/ -->\n<title>Oppgaveglidning i omsorgstjenestene: En hurtigoversikt over forskningslitteratur - Senter for omsorgsforskning, midt<\/title>\n<meta name=\"robots\" content=\"index, follow, max-snippet:-1, max-image-preview:large, max-video-preview:-1\" \/>\n<link rel=\"canonical\" href=\"https:\/\/site.nord.no\/omsorgsforskning\/prosjekter\/avsluttede\/oppgaveglidning-i-omsorgstjenestene-en-hurtigoversikt-over-forskningslitteratur\/\" \/>\n<meta property=\"og:locale\" content=\"nb_NO\" \/>\n<meta property=\"og:type\" content=\"article\" \/>\n<meta property=\"og:title\" content=\"Oppgaveglidning i omsorgstjenestene: En hurtigoversikt over forskningslitteratur - Senter for omsorgsforskning, midt\" \/>\n<meta property=\"og:description\" content=\"Prosjektperiode: 2021 Prosjekteier: Nord universitet v\/SOF midt Samarbeidspartnere: Prosjektgruppen best\u00e5r av Siri Andreassen Devik og Rose Mari Olsen. Prosjektleder: Siri Andreassen Devik Prosjekttype: Oppdragsforskning Finansiering: Helse- og omsorgsdepartementet Prosjektsammendrag: Hensikten med prosjektet var \u00e5 utarbeide en hurtigoversikt som belyser oppgaveglidning mellom sykepleiere og andre helsearbeidere i den kommunale omsorgstjenesten. F\u00f8lgende forskningssp\u00f8rsm\u00e5l var styrende for arbeidet: [&hellip;]\" \/>\n<meta property=\"og:url\" content=\"https:\/\/site.nord.no\/omsorgsforskning\/prosjekter\/avsluttede\/oppgaveglidning-i-omsorgstjenestene-en-hurtigoversikt-over-forskningslitteratur\/\" \/>\n<meta property=\"og:site_name\" content=\"Senter for omsorgsforskning, midt\" \/>\n<meta name=\"twitter:card\" content=\"summary_large_image\" \/>\n<meta name=\"twitter:label1\" content=\"Ansl. lesetid\" \/>\n\t<meta name=\"twitter:data1\" content=\"1 minutt\" \/>\n\t<meta name=\"twitter:label2\" content=\"Written by\" \/>\n\t<meta name=\"twitter:data2\" content=\"rosemariolsen\" \/>\n<script type=\"application\/ld+json\" class=\"yoast-schema-graph\">{\"@context\":\"https:\\\/\\\/schema.org\",\"@graph\":[{\"@type\":\"WebPage\",\"@id\":\"https:\\\/\\\/site.nord.no\\\/omsorgsforskning\\\/prosjekter\\\/avsluttede\\\/oppgaveglidning-i-omsorgstjenestene-en-hurtigoversikt-over-forskningslitteratur\\\/\",\"url\":\"https:\\\/\\\/site.nord.no\\\/omsorgsforskning\\\/prosjekter\\\/avsluttede\\\/oppgaveglidning-i-omsorgstjenestene-en-hurtigoversikt-over-forskningslitteratur\\\/\",\"name\":\"Oppgaveglidning i omsorgstjenestene: En hurtigoversikt over forskningslitteratur - Senter for omsorgsforskning, midt\",\"isPartOf\":{\"@id\":\"https:\\\/\\\/site.nord.no\\\/omsorgsforskning\\\/#website\"},\"datePublished\":\"2025-09-29T21:54:58+00:00\",\"breadcrumb\":{\"@id\":\"https:\\\/\\\/site.nord.no\\\/omsorgsforskning\\\/prosjekter\\\/avsluttede\\\/oppgaveglidning-i-omsorgstjenestene-en-hurtigoversikt-over-forskningslitteratur\\\/#breadcrumb\"},\"inLanguage\":\"nb-NO\",\"potentialAction\":[{\"@type\":\"ReadAction\",\"target\":[\"https:\\\/\\\/site.nord.no\\\/omsorgsforskning\\\/prosjekter\\\/avsluttede\\\/oppgaveglidning-i-omsorgstjenestene-en-hurtigoversikt-over-forskningslitteratur\\\/\"]}]},{\"@type\":\"BreadcrumbList\",\"@id\":\"https:\\\/\\\/site.nord.no\\\/omsorgsforskning\\\/prosjekter\\\/avsluttede\\\/oppgaveglidning-i-omsorgstjenestene-en-hurtigoversikt-over-forskningslitteratur\\\/#breadcrumb\",\"itemListElement\":[{\"@type\":\"ListItem\",\"position\":1,\"name\":\"Hjem\",\"item\":\"https:\\\/\\\/site.nord.no\\\/omsorgsforskning\\\/\"},{\"@type\":\"ListItem\",\"position\":2,\"name\":\"Prosjekter\",\"item\":\"https:\\\/\\\/site.nord.no\\\/omsorgsforskning\\\/prosjekter\\\/\"},{\"@type\":\"ListItem\",\"position\":3,\"name\":\"Avsluttede\",\"item\":\"https:\\\/\\\/site.nord.no\\\/omsorgsforskning\\\/prosjekter\\\/avsluttede\\\/\"},{\"@type\":\"ListItem\",\"position\":4,\"name\":\"Oppgaveglidning i omsorgstjenestene: En hurtigoversikt over forskningslitteratur\"}]},{\"@type\":\"WebSite\",\"@id\":\"https:\\\/\\\/site.nord.no\\\/omsorgsforskning\\\/#website\",\"url\":\"https:\\\/\\\/site.nord.no\\\/omsorgsforskning\\\/\",\"name\":\"Senter for omsorgsforskning, midt\",\"description\":\"\",\"potentialAction\":[{\"@type\":\"SearchAction\",\"target\":{\"@type\":\"EntryPoint\",\"urlTemplate\":\"https:\\\/\\\/site.nord.no\\\/omsorgsforskning\\\/?s={search_term_string}\"},\"query-input\":{\"@type\":\"PropertyValueSpecification\",\"valueRequired\":true,\"valueName\":\"search_term_string\"}}],\"inLanguage\":\"nb-NO\"}]}<\/script>\n<!-- \/ Yoast SEO plugin. -->","yoast_head_json":{"title":"Oppgaveglidning i omsorgstjenestene: En hurtigoversikt over forskningslitteratur - Senter for omsorgsforskning, midt","robots":{"index":"index","follow":"follow","max-snippet":"max-snippet:-1","max-image-preview":"max-image-preview:large","max-video-preview":"max-video-preview:-1"},"canonical":"https:\/\/site.nord.no\/omsorgsforskning\/prosjekter\/avsluttede\/oppgaveglidning-i-omsorgstjenestene-en-hurtigoversikt-over-forskningslitteratur\/","og_locale":"nb_NO","og_type":"article","og_title":"Oppgaveglidning i omsorgstjenestene: En hurtigoversikt over forskningslitteratur - Senter for omsorgsforskning, midt","og_description":"Prosjektperiode: 2021 Prosjekteier: Nord universitet v\/SOF midt Samarbeidspartnere: Prosjektgruppen best\u00e5r av Siri Andreassen Devik og Rose Mari Olsen. Prosjektleder: Siri Andreassen Devik Prosjekttype: Oppdragsforskning Finansiering: Helse- og omsorgsdepartementet Prosjektsammendrag: Hensikten med prosjektet var \u00e5 utarbeide en hurtigoversikt som belyser oppgaveglidning mellom sykepleiere og andre helsearbeidere i den kommunale omsorgstjenesten. F\u00f8lgende forskningssp\u00f8rsm\u00e5l var styrende for arbeidet: [&hellip;]","og_url":"https:\/\/site.nord.no\/omsorgsforskning\/prosjekter\/avsluttede\/oppgaveglidning-i-omsorgstjenestene-en-hurtigoversikt-over-forskningslitteratur\/","og_site_name":"Senter for omsorgsforskning, midt","twitter_card":"summary_large_image","twitter_misc":{"Ansl. lesetid":"1 minutt","Written by":"rosemariolsen"},"schema":{"@context":"https:\/\/schema.org","@graph":[{"@type":"WebPage","@id":"https:\/\/site.nord.no\/omsorgsforskning\/prosjekter\/avsluttede\/oppgaveglidning-i-omsorgstjenestene-en-hurtigoversikt-over-forskningslitteratur\/","url":"https:\/\/site.nord.no\/omsorgsforskning\/prosjekter\/avsluttede\/oppgaveglidning-i-omsorgstjenestene-en-hurtigoversikt-over-forskningslitteratur\/","name":"Oppgaveglidning i omsorgstjenestene: En hurtigoversikt over forskningslitteratur - Senter for omsorgsforskning, midt","isPartOf":{"@id":"https:\/\/site.nord.no\/omsorgsforskning\/#website"},"datePublished":"2025-09-29T21:54:58+00:00","breadcrumb":{"@id":"https:\/\/site.nord.no\/omsorgsforskning\/prosjekter\/avsluttede\/oppgaveglidning-i-omsorgstjenestene-en-hurtigoversikt-over-forskningslitteratur\/#breadcrumb"},"inLanguage":"nb-NO","potentialAction":[{"@type":"ReadAction","target":["https:\/\/site.nord.no\/omsorgsforskning\/prosjekter\/avsluttede\/oppgaveglidning-i-omsorgstjenestene-en-hurtigoversikt-over-forskningslitteratur\/"]}]},{"@type":"BreadcrumbList","@id":"https:\/\/site.nord.no\/omsorgsforskning\/prosjekter\/avsluttede\/oppgaveglidning-i-omsorgstjenestene-en-hurtigoversikt-over-forskningslitteratur\/#breadcrumb","itemListElement":[{"@type":"ListItem","position":1,"name":"Hjem","item":"https:\/\/site.nord.no\/omsorgsforskning\/"},{"@type":"ListItem","position":2,"name":"Prosjekter","item":"https:\/\/site.nord.no\/omsorgsforskning\/prosjekter\/"},{"@type":"ListItem","position":3,"name":"Avsluttede","item":"https:\/\/site.nord.no\/omsorgsforskning\/prosjekter\/avsluttede\/"},{"@type":"ListItem","position":4,"name":"Oppgaveglidning i omsorgstjenestene: En hurtigoversikt over forskningslitteratur"}]},{"@type":"WebSite","@id":"https:\/\/site.nord.no\/omsorgsforskning\/#website","url":"https:\/\/site.nord.no\/omsorgsforskning\/","name":"Senter for omsorgsforskning, midt","description":"","potentialAction":[{"@type":"SearchAction","target":{"@type":"EntryPoint","urlTemplate":"https:\/\/site.nord.no\/omsorgsforskning\/?s={search_term_string}"},"query-input":{"@type":"PropertyValueSpecification","valueRequired":true,"valueName":"search_term_string"}}],"inLanguage":"nb-NO"}]}},"_links":{"self":[{"href":"https:\/\/site.nord.no\/omsorgsforskning\/wp-json\/wp\/v2\/pages\/513","targetHints":{"allow":["GET"]}}],"collection":[{"href":"https:\/\/site.nord.no\/omsorgsforskning\/wp-json\/wp\/v2\/pages"}],"about":[{"href":"https:\/\/site.nord.no\/omsorgsforskning\/wp-json\/wp\/v2\/types\/page"}],"author":[{"embeddable":true,"href":"https:\/\/site.nord.no\/omsorgsforskning\/wp-json\/wp\/v2\/users\/148"}],"replies":[{"embeddable":true,"href":"https:\/\/site.nord.no\/omsorgsforskning\/wp-json\/wp\/v2\/comments?post=513"}],"version-history":[{"count":4,"href":"https:\/\/site.nord.no\/omsorgsforskning\/wp-json\/wp\/v2\/pages\/513\/revisions"}],"predecessor-version":[{"id":534,"href":"https:\/\/site.nord.no\/omsorgsforskning\/wp-json\/wp\/v2\/pages\/513\/revisions\/534"}],"up":[{"embeddable":true,"href":"https:\/\/site.nord.no\/omsorgsforskning\/wp-json\/wp\/v2\/pages\/215"}],"wp:attachment":[{"href":"https:\/\/site.nord.no\/omsorgsforskning\/wp-json\/wp\/v2\/media?parent=513"}],"wp:term":[{"taxonomy":"author","embeddable":true,"href":"https:\/\/site.nord.no\/omsorgsforskning\/wp-json\/wp\/v2\/coauthors?post=513"}],"curies":[{"name":"wp","href":"https:\/\/api.w.org\/{rel}","templated":true}]}}