{"id":5,"date":"2026-03-12T10:45:55","date_gmt":"2026-03-12T09:45:55","guid":{"rendered":"https:\/\/site.nord.no\/psykiskhelse\/hjem\/"},"modified":"2026-03-12T11:46:54","modified_gmt":"2026-03-12T10:46:54","slug":"hjem","status":"publish","type":"page","link":"https:\/\/site.nord.no\/psykiskhelse\/","title":{"rendered":""},"content":{"rendered":"\n<figure class=\"wp-block-image size-full\"><img loading=\"lazy\" decoding=\"async\" width=\"1260\" height=\"360\" src=\"https:\/\/site.nord.no\/psykiskhelse\/wp-content\/uploads\/sites\/112\/2026\/03\/Illustrasjon-av-by.jpg\" alt=\"\" class=\"wp-image-30\" srcset=\"https:\/\/site.nord.no\/psykiskhelse\/wp-content\/uploads\/sites\/112\/2026\/03\/Illustrasjon-av-by.jpg 1260w, https:\/\/site.nord.no\/psykiskhelse\/wp-content\/uploads\/sites\/112\/2026\/03\/Illustrasjon-av-by-300x86.jpg 300w, https:\/\/site.nord.no\/psykiskhelse\/wp-content\/uploads\/sites\/112\/2026\/03\/Illustrasjon-av-by-1024x293.jpg 1024w, https:\/\/site.nord.no\/psykiskhelse\/wp-content\/uploads\/sites\/112\/2026\/03\/Illustrasjon-av-by-768x219.jpg 768w\" sizes=\"auto, (max-width: 1260px) 100vw, 1260px\" \/><\/figure>\n\n\n\n<h1 class=\"wp-block-heading has-text-align-left\">Forskningsgruppe for psyisk helse<\/h1>\n\n\n\n<p class=\"has-text-align-left\">Forskningsgruppen er tverrfaglig og benytter ulike forskningsmetoder for \u00e5 utvikle ny kunnskap om og forst\u00e5else av psykisk helse.<\/p>\n\n\n\n<p class=\"has-text-align-left\">V\u00e5r visjon er \u00e5 styrke psykisk helsefeltet ved \u00e5 utvikle kunnskap i samarbeid med dem det gjelder, slik at vi sammen kan bidra til bedre, mer innovative og recovery-orienterte praksiser p\u00e5 tvers av tjenester og systemer.<\/p>\n\n\n\n<p class=\"has-text-align-left\">V\u00e5rt m\u00e5l er \u00e5 skape forskning sammen med ber\u00f8rte grupper for \u00e5 utfordre etablerte praksiser i psykisk helsefeltet, redusere barrierer for livskvalitet og utvikle nye former for st\u00f8tte. Vi prioriterer innovative tiln\u00e6rminger som styrker recovery\u2011orienterte praksiser og bidrar til b\u00e6rekraftige, st\u00f8ttende milj\u00f8er for barn og unge.<\/p>\n\n\n\n<div style=\"height:25px\" aria-hidden=\"true\" class=\"wp-block-spacer\"><\/div>\n\n\n\n<div class=\"wp-block-columns is-layout-flex wp-container-core-columns-is-layout-9d6595d7 wp-block-columns-is-layout-flex\">\n<div class=\"wp-block-column is-layout-flow wp-block-column-is-layout-flow\" style=\"flex-basis:25%\"><\/div>\n\n\n\n<div class=\"wp-block-column is-layout-flow wp-block-column-is-layout-flow\" style=\"flex-basis:85%\"><\/div>\n\n\n\n<div class=\"wp-block-column is-layout-flow wp-block-column-is-layout-flow\" style=\"flex-basis:25%\"><\/div>\n<\/div>\n\n\n\n<div style=\"height:25px\" aria-hidden=\"true\" class=\"wp-block-spacer\"><\/div>\n\n\n\n<h2 class=\"wp-block-heading\">Forskningsomr\u00e5der<\/h2>\n\n\n\n<div class=\"wp-block-columns is-layout-flex wp-container-core-columns-is-layout-9d6595d7 wp-block-columns-is-layout-flex\">\n<div class=\"wp-block-column is-layout-flow wp-block-column-is-layout-flow\">\n<figure class=\"wp-block-image size-full\"><img loading=\"lazy\" decoding=\"async\" width=\"1007\" height=\"607\" src=\"https:\/\/site.nord.no\/psykiskhelse\/wp-content\/uploads\/sites\/112\/2026\/03\/Barn.jpg\" alt=\"\" class=\"wp-image-18\" srcset=\"https:\/\/site.nord.no\/psykiskhelse\/wp-content\/uploads\/sites\/112\/2026\/03\/Barn.jpg 1007w, https:\/\/site.nord.no\/psykiskhelse\/wp-content\/uploads\/sites\/112\/2026\/03\/Barn-300x181.jpg 300w, https:\/\/site.nord.no\/psykiskhelse\/wp-content\/uploads\/sites\/112\/2026\/03\/Barn-768x463.jpg 768w\" sizes=\"auto, (max-width: 1007px) 100vw, 1007px\" \/><\/figure>\n\n\n\n<p>Recovery<\/p>\n<\/div>\n\n\n\n<div class=\"wp-block-column is-layout-flow wp-block-column-is-layout-flow\">\n<figure class=\"wp-block-image size-full\"><img loading=\"lazy\" decoding=\"async\" width=\"1007\" height=\"607\" src=\"https:\/\/site.nord.no\/psykiskhelse\/wp-content\/uploads\/sites\/112\/2026\/03\/Barn.jpg\" alt=\"\" class=\"wp-image-18\" srcset=\"https:\/\/site.nord.no\/psykiskhelse\/wp-content\/uploads\/sites\/112\/2026\/03\/Barn.jpg 1007w, https:\/\/site.nord.no\/psykiskhelse\/wp-content\/uploads\/sites\/112\/2026\/03\/Barn-300x181.jpg 300w, https:\/\/site.nord.no\/psykiskhelse\/wp-content\/uploads\/sites\/112\/2026\/03\/Barn-768x463.jpg 768w\" sizes=\"auto, (max-width: 1007px) 100vw, 1007px\" \/><\/figure>\n\n\n\n<p>Recovery<\/p>\n<\/div>\n\n\n\n<div class=\"wp-block-column is-layout-flow wp-block-column-is-layout-flow\">\n<figure class=\"wp-block-image size-full\"><img loading=\"lazy\" decoding=\"async\" width=\"1007\" height=\"607\" src=\"https:\/\/site.nord.no\/psykiskhelse\/wp-content\/uploads\/sites\/112\/2026\/03\/Barn.jpg\" alt=\"\" class=\"wp-image-18\" srcset=\"https:\/\/site.nord.no\/psykiskhelse\/wp-content\/uploads\/sites\/112\/2026\/03\/Barn.jpg 1007w, https:\/\/site.nord.no\/psykiskhelse\/wp-content\/uploads\/sites\/112\/2026\/03\/Barn-300x181.jpg 300w, https:\/\/site.nord.no\/psykiskhelse\/wp-content\/uploads\/sites\/112\/2026\/03\/Barn-768x463.jpg 768w\" sizes=\"auto, (max-width: 1007px) 100vw, 1007px\" \/><\/figure>\n<\/div>\n<\/div>\n\n\n\n<h2 class=\"wp-block-heading\">Nyheter<\/h2>\n\n\n<ul class=\"wp-block-latest-posts__list is-grid columns-3 wp-block-latest-posts has-medium-font-size\"><li><a class=\"wp-block-latest-posts__post-title\" href=\"https:\/\/site.nord.no\/psykiskhelse\/hei-verden\/\">Hei, verden!<\/a><div class=\"wp-block-latest-posts__post-excerpt\">Velkommen til Nord universitet bloggomr\u00e5de. Dette er ditt f\u00f8rste innlegg. Rediger eller slett\u2026 <a class=\"wp-block-latest-posts__read-more\" href=\"https:\/\/site.nord.no\/psykiskhelse\/hei-verden\/\" rel=\"noopener noreferrer\">Les mer<span class=\"screen-reader-text\">: Hei, verden!<\/span><\/a><\/div><\/li>\n<\/ul>","protected":false},"excerpt":{"rendered":"<p>Forskningsgruppe for psyisk helse Forskningsgruppen er tverrfaglig og benytter ulike forskningsmetoder for \u00e5 utvikle ny kunnskap om og forst\u00e5else av psykisk helse. V\u00e5r visjon er \u00e5 styrke psykisk helsefeltet ved \u00e5 utvikle kunnskap i samarbeid med dem det gjelder, slik at vi sammen kan bidra til bedre, mer innovative og recovery-orienterte praksiser p\u00e5 tvers av [&hellip;]<\/p>\n","protected":false},"author":75,"featured_media":0,"parent":0,"menu_order":0,"comment_status":"closed","ping_status":"closed","template":"","meta":{"footnotes":""},"coauthors":[2],"class_list":["post-5","page","type-page","status-publish","hentry"],"_links":{"self":[{"href":"https:\/\/site.nord.no\/psykiskhelse\/wp-json\/wp\/v2\/pages\/5","targetHints":{"allow":["GET"]}}],"collection":[{"href":"https:\/\/site.nord.no\/psykiskhelse\/wp-json\/wp\/v2\/pages"}],"about":[{"href":"https:\/\/site.nord.no\/psykiskhelse\/wp-json\/wp\/v2\/types\/page"}],"author":[{"embeddable":true,"href":"https:\/\/site.nord.no\/psykiskhelse\/wp-json\/wp\/v2\/users\/75"}],"replies":[{"embeddable":true,"href":"https:\/\/site.nord.no\/psykiskhelse\/wp-json\/wp\/v2\/comments?post=5"}],"version-history":[{"count":13,"href":"https:\/\/site.nord.no\/psykiskhelse\/wp-json\/wp\/v2\/pages\/5\/revisions"}],"predecessor-version":[{"id":67,"href":"https:\/\/site.nord.no\/psykiskhelse\/wp-json\/wp\/v2\/pages\/5\/revisions\/67"}],"wp:attachment":[{"href":"https:\/\/site.nord.no\/psykiskhelse\/wp-json\/wp\/v2\/media?parent=5"}],"wp:term":[{"taxonomy":"author","embeddable":true,"href":"https:\/\/site.nord.no\/psykiskhelse\/wp-json\/wp\/v2\/coauthors?post=5"}],"curies":[{"name":"wp","href":"https:\/\/api.w.org\/{rel}","templated":true}]}}