{"id":1534,"date":"2025-12-16T08:23:18","date_gmt":"2025-12-16T07:23:18","guid":{"rendered":"https:\/\/site.nord.no\/response\/?page_id=1534"},"modified":"2025-12-16T08:50:53","modified_gmt":"2025-12-16T07:50:53","slug":"sesong-4","status":"publish","type":"page","link":"https:\/\/site.nord.no\/response\/sesong-4\/","title":{"rendered":"Sesong 4"},"content":{"rendered":"\n<p class=\"has-medium-font-size\"><strong>Vi er tilbake med ny sesong! Episoder tar utgangspunkt i boka<\/strong> <strong>Idrettssosiologi<\/strong> <strong>av Arve Hjelseth (NTNU), Lone Friis Thing (NIH) og Anne Tj\u00f8nndal (Nord universitet).<\/strong><\/p>\n\n\n\n<p>I sesongen belyses sp\u00f8rsm\u00e5l som: Hva er meningen med idrett? Hvordan er den organisert? Hva er konsekvensen av profesjonalisering, digitalisering og teknologisering av idretten? Er idretten for alle, eller bidrar den til \u00e5 understreke og forsterke sosial ulikhet?<\/p>\n\n\n\n<figure class=\"wp-block-image size-full is-resized\"><img fetchpriority=\"high\" decoding=\"async\" width=\"306\" height=\"310\" src=\"https:\/\/site.nord.no\/response\/wp-content\/uploads\/sites\/56\/2025\/12\/responsecast.png\" alt=\"\" class=\"wp-image-1551\" style=\"width:500px\" srcset=\"https:\/\/site.nord.no\/response\/wp-content\/uploads\/sites\/56\/2025\/12\/responsecast.png 306w, https:\/\/site.nord.no\/response\/wp-content\/uploads\/sites\/56\/2025\/12\/responsecast-296x300.png 296w\" sizes=\"(max-width: 306px) 100vw, 306px\" \/><\/figure>\n\n\n\n<p class=\"has-medium-font-size\"><strong>Lytt til alle 9 episodene <a href=\"https:\/\/open.spotify.com\/show\/7DWLvMeLGq6Qh1xbwxpVVO\">her!<\/a><\/strong><\/p>\n\n\n\n<p><\/p>\n","protected":false},"excerpt":{"rendered":"<p>Vi er tilbake med ny sesong! Episoder tar utgangspunkt i boka Idrettssosiologi av Arve Hjelseth (NTNU), Lone Friis Thing (NIH) og Anne Tj\u00f8nndal (Nord universitet). I sesongen belyses sp\u00f8rsm\u00e5l som: Hva er meningen med idrett? Hvordan er den organisert? Hva er konsekvensen av profesjonalisering, digitalisering og teknologisering av idretten? Er idretten for alle, eller bidrar [&hellip;]<\/p>\n","protected":false},"author":91,"featured_media":0,"parent":0,"menu_order":0,"comment_status":"closed","ping_status":"closed","template":"","meta":{"footnotes":""},"coauthors":[19],"class_list":["post-1534","page","type-page","status-publish","hentry"],"_links":{"self":[{"href":"https:\/\/site.nord.no\/response\/wp-json\/wp\/v2\/pages\/1534","targetHints":{"allow":["GET"]}}],"collection":[{"href":"https:\/\/site.nord.no\/response\/wp-json\/wp\/v2\/pages"}],"about":[{"href":"https:\/\/site.nord.no\/response\/wp-json\/wp\/v2\/types\/page"}],"author":[{"embeddable":true,"href":"https:\/\/site.nord.no\/response\/wp-json\/wp\/v2\/users\/91"}],"replies":[{"embeddable":true,"href":"https:\/\/site.nord.no\/response\/wp-json\/wp\/v2\/comments?post=1534"}],"version-history":[{"count":4,"href":"https:\/\/site.nord.no\/response\/wp-json\/wp\/v2\/pages\/1534\/revisions"}],"predecessor-version":[{"id":1554,"href":"https:\/\/site.nord.no\/response\/wp-json\/wp\/v2\/pages\/1534\/revisions\/1554"}],"wp:attachment":[{"href":"https:\/\/site.nord.no\/response\/wp-json\/wp\/v2\/media?parent=1534"}],"wp:term":[{"taxonomy":"author","embeddable":true,"href":"https:\/\/site.nord.no\/response\/wp-json\/wp\/v2\/coauthors?post=1534"}],"curies":[{"name":"wp","href":"https:\/\/api.w.org\/{rel}","templated":true}]}}