{"id":235,"date":"2022-10-12T10:56:03","date_gmt":"2022-10-12T08:56:03","guid":{"rendered":"https:\/\/site.nord.no\/response\/?page_id=235"},"modified":"2025-12-16T08:41:19","modified_gmt":"2025-12-16T07:41:19","slug":"books","status":"publish","type":"page","link":"https:\/\/site.nord.no\/response\/en\/scientific-publications\/books\/","title":{"rendered":"Books"},"content":{"rendered":"\n<h4 class=\"wp-block-heading\"><a href=\"https:\/\/www.taylorfrancis.com\/books\/edit\/10.4324\/9781003527565\/women-digitized-sports-culture-anne-tj%C3%B8nndal-kirsten-frandsen-egil-trasti-rogstad-riikka-turtiainen\">Women in a Digitized Sports Culture &#8211; Nordic Perspectives<\/a><\/h4>\n\n\n\n<figure class=\"wp-block-image size-full is-resized\"><img decoding=\"async\" width=\"180\" height=\"272\" src=\"https:\/\/site.nord.no\/response\/wp-content\/uploads\/sites\/56\/2024\/05\/9781003527565-2.jpg\" alt=\"\" class=\"wp-image-1507\" style=\"width:350px\" \/><\/figure>\n\n\n\n<h4 class=\"wp-block-heading\"><a href=\"https:\/\/www.routledge.com\/Social-Issues-in-Esports\/Tjonndal\/p\/book\/9781032193205\">Anne Tj\u00f8nndal (Ed.) &#8211; Social Issues in Esports<\/a><\/h4>\n\n\n\n<figure class=\"wp-block-image size-full is-resized\"><img fetchpriority=\"high\" decoding=\"async\" width=\"350\" height=\"536\" src=\"https:\/\/site.nord.no\/response\/wp-content\/uploads\/sites\/56\/2023\/02\/image-3.png\" alt=\"\" class=\"wp-image-679\" style=\"width:350px;height:557px\" \/><\/figure>\n\n\n\n<h4 class=\"wp-block-heading\"><a href=\"https:\/\/link.springer.com\/book\/10.1007\/978-3-030-63765-1\">Anne Tj\u00f8nndal (Ed.) &#8211; Social Innovation in Sport<\/a><\/h4>\n\n\n\n<figure class=\"wp-block-image size-full is-resized\"><img decoding=\"async\" width=\"827\" height=\"1168\" src=\"https:\/\/site.nord.no\/response\/wp-content\/uploads\/sites\/56\/2023\/03\/image-3.png\" alt=\"\" class=\"wp-image-769\" style=\"width:350px;height:522px\" \/><\/figure>\n\n\n\n<h4 class=\"wp-block-heading\"><a href=\"https:\/\/www.adlibris.com\/no\/bok\/innovation-sustainability-and-management-in-motorsports-9783030742201\">Hans Erik Naess &amp; Anne Tj\u00f8nndal (Eds.) &#8211; Innovation, Sustainability and Management in Motorsports <\/a><\/h4>\n\n\n\n<figure class=\"wp-block-image size-full is-resized\"><img loading=\"lazy\" decoding=\"async\" width=\"764\" height=\"1080\" src=\"https:\/\/site.nord.no\/response\/wp-content\/uploads\/sites\/56\/2023\/03\/image-5.png\" alt=\"\" class=\"wp-image-771\" style=\"width:350px;height:538px\" \/><\/figure>\n","protected":false},"excerpt":{"rendered":"<p>Women in a Digitized Sports Culture &#8211; Nordic Perspectives Anne Tj\u00f8nndal (Ed.) &#8211; Social Issues in Esports Anne Tj\u00f8nndal (Ed.) &#8211; Social Innovation in Sport Hans Erik Naess &amp; Anne Tj\u00f8nndal (Eds.) &#8211; Innovation, Sustainability and Management in Motorsports<\/p>\n","protected":false},"author":91,"featured_media":0,"parent":239,"menu_order":0,"comment_status":"closed","ping_status":"closed","template":"","meta":{"footnotes":""},"coauthors":[19],"class_list":["post-235","page","type-page","status-publish","hentry"],"_links":{"self":[{"href":"https:\/\/site.nord.no\/response\/wp-json\/wp\/v2\/pages\/235","targetHints":{"allow":["GET"]}}],"collection":[{"href":"https:\/\/site.nord.no\/response\/wp-json\/wp\/v2\/pages"}],"about":[{"href":"https:\/\/site.nord.no\/response\/wp-json\/wp\/v2\/types\/page"}],"author":[{"embeddable":true,"href":"https:\/\/site.nord.no\/response\/wp-json\/wp\/v2\/users\/91"}],"replies":[{"embeddable":true,"href":"https:\/\/site.nord.no\/response\/wp-json\/wp\/v2\/comments?post=235"}],"version-history":[{"count":3,"href":"https:\/\/site.nord.no\/response\/wp-json\/wp\/v2\/pages\/235\/revisions"}],"predecessor-version":[{"id":1549,"href":"https:\/\/site.nord.no\/response\/wp-json\/wp\/v2\/pages\/235\/revisions\/1549"}],"up":[{"embeddable":true,"href":"https:\/\/site.nord.no\/response\/wp-json\/wp\/v2\/pages\/239"}],"wp:attachment":[{"href":"https:\/\/site.nord.no\/response\/wp-json\/wp\/v2\/media?parent=235"}],"wp:term":[{"taxonomy":"author","embeddable":true,"href":"https:\/\/site.nord.no\/response\/wp-json\/wp\/v2\/coauthors?post=235"}],"curies":[{"name":"wp","href":"https:\/\/api.w.org\/{rel}","templated":true}]}}