{"id":277,"date":"2026-04-24T09:04:06","date_gmt":"2026-04-24T07:04:06","guid":{"rendered":"https:\/\/site.nord.no\/samisk-konferansen\/?page_id=277"},"modified":"2026-04-24T09:26:07","modified_gmt":"2026-04-24T07:26:07","slug":"anna-andersen","status":"publish","type":"page","link":"https:\/\/site.nord.no\/samisk-konferansen\/anna-andersen\/","title":{"rendered":"Anna Andersen"},"content":{"rendered":"\n<div class=\"wp-block-group alignfull has-global-padding is-layout-constrained wp-container-core-group-is-layout-490fa1db wp-block-group-is-layout-constrained\" style=\"padding-top:var(--wp--preset--spacing--50);padding-right:var(--wp--preset--spacing--50);padding-bottom:var(--wp--preset--spacing--50);padding-left:var(--wp--preset--spacing--50)\">\n<div class=\"wp-block-group has-global-padding is-layout-constrained wp-container-core-group-is-layout-650790e1 wp-block-group-is-layout-constrained\">\n<h1 class=\"wp-block-heading has-text-align-center has-x-large-font-size\">Nord University<\/h1>\n<\/div>\n\n\n\n<div style=\"height:var(--wp--preset--spacing--30)\" aria-hidden=\"true\" class=\"wp-block-spacer\"><\/div>\n<\/div>\n\n\n\n<div class=\"wp-block-group alignfull has-base-2-background-color has-background is-vertical is-layout-flex wp-container-core-group-is-layout-056709a1 wp-block-group-is-layout-flex\" style=\"margin-top:0;margin-bottom:0;padding-top:var(--wp--preset--spacing--50);padding-right:var(--wp--preset--spacing--50);padding-bottom:var(--wp--preset--spacing--50);padding-left:var(--wp--preset--spacing--50)\">\n<div class=\"wp-block-group is-vertical is-content-justification-center is-layout-flex wp-container-core-group-is-layout-52b864f0 wp-block-group-is-layout-flex\">\n<p><\/p>\n\n\n\n<div style=\"height:0px\" aria-hidden=\"true\" class=\"wp-block-spacer wp-container-content-4f2ccadb\"><\/div>\n\n\n\n<p>Anna Andersen is an Eastern (Kildin) S\u00e1mi historian and researcher in the project&nbsp;<em>\u201cINDHOME: Indigenous Homemaking as Survivance\u201d<\/em>&nbsp;at Nord University. She holds a PhD in History and an MA in Indigenous Studies from UiT \u2013 The Arctic University of Norway.<\/p>\n<\/div>\n\n\n\n<p><\/p>\n\n\n\n<div class=\"wp-block-group is-vertical is-content-justification-center is-layout-flex wp-container-core-group-is-layout-52b864f0 wp-block-group-is-layout-flex\">\n<p>From 2022 to 2024, she was a visiting researcher at the University of Greenland, where she worked closely with Greenlandic Inuit on experiences of forced resettlement and colonial child removal. Her research in Nuuk forms part of a broader comparative study of relocations among Indigenous peoples in the Arctic, combining archival work with oral histories and community-based collaboration.<\/p>\n<\/div>\n\n\n\n<p><\/p>\n\n\n\n<div class=\"wp-block-group is-vertical is-content-justification-center is-layout-flex wp-container-core-group-is-layout-52b864f0 wp-block-group-is-layout-flex\">\n<p>Since 2010, she has conducted empirical research on oral life histories of Indigenous peoples, primarily S\u00e1mi communities in the Nordic countries and Russia, with a focus on enforced resettlement and residential schooling.<\/p>\n\n\n\n<p>In 2015, she was a visiting researcher at the University of Montana and with the Confederated Salish and Kootenai Tribes of the Flathead Reservation in the United States.<\/p>\n<\/div>\n\n\n\n<p><\/p>\n\n\n\n<div class=\"wp-block-group is-vertical is-content-justification-center is-layout-flex wp-container-core-group-is-layout-52b864f0 wp-block-group-is-layout-flex\">\n<p>In her conference presentation at the Nord University S\u00e1mi and Indigenous Conference 2026, she will share insights from her comparative empirical work on S\u00e1mi and Inuit experiences of enforced resettlement in S\u00e1pmi and Kalaallit Nunaat (Greenland).<\/p>\n<\/div>\n\n\n\n<div style=\"margin-top:0;margin-bottom:0;height:0px\" aria-hidden=\"true\" class=\"wp-block-spacer wp-container-content-9d1f8957\"><\/div>\n<\/div>\n","protected":false},"excerpt":{"rendered":"<p>Nord University Anna Andersen is an Eastern (Kildin) S\u00e1mi historian and researcher in the project&nbsp;\u201cINDHOME: Indigenous Homemaking as Survivance\u201d&nbsp;at Nord University. She holds a PhD in History and an MA in Indigenous Studies from UiT \u2013 The Arctic University of Norway. From 2022 to 2024, she was a visiting researcher at the University of Greenland, [&hellip;]<\/p>\n","protected":false},"author":58,"featured_media":281,"parent":0,"menu_order":0,"comment_status":"closed","ping_status":"closed","template":"","meta":{"footnotes":""},"coauthors":[3],"class_list":["post-277","page","type-page","status-publish","has-post-thumbnail","hentry"],"_links":{"self":[{"href":"https:\/\/site.nord.no\/samisk-konferansen\/wp-json\/wp\/v2\/pages\/277","targetHints":{"allow":["GET"]}}],"collection":[{"href":"https:\/\/site.nord.no\/samisk-konferansen\/wp-json\/wp\/v2\/pages"}],"about":[{"href":"https:\/\/site.nord.no\/samisk-konferansen\/wp-json\/wp\/v2\/types\/page"}],"author":[{"embeddable":true,"href":"https:\/\/site.nord.no\/samisk-konferansen\/wp-json\/wp\/v2\/users\/58"}],"replies":[{"embeddable":true,"href":"https:\/\/site.nord.no\/samisk-konferansen\/wp-json\/wp\/v2\/comments?post=277"}],"version-history":[{"count":4,"href":"https:\/\/site.nord.no\/samisk-konferansen\/wp-json\/wp\/v2\/pages\/277\/revisions"}],"predecessor-version":[{"id":291,"href":"https:\/\/site.nord.no\/samisk-konferansen\/wp-json\/wp\/v2\/pages\/277\/revisions\/291"}],"wp:featuredmedia":[{"embeddable":true,"href":"https:\/\/site.nord.no\/samisk-konferansen\/wp-json\/wp\/v2\/media\/281"}],"wp:attachment":[{"href":"https:\/\/site.nord.no\/samisk-konferansen\/wp-json\/wp\/v2\/media?parent=277"}],"wp:term":[{"taxonomy":"author","embeddable":true,"href":"https:\/\/site.nord.no\/samisk-konferansen\/wp-json\/wp\/v2\/coauthors?post=277"}],"curies":[{"name":"wp","href":"https:\/\/api.w.org\/{rel}","templated":true}]}}

<div class="wp-block-group alignfull has-global-padding is-layout-constrained wp-container-core-group-is-layout-490fa1db wp-block-group-is-layout-constrained" style="padding-top:var(--wp--preset--spacing--50);padding-right:var(--wp--preset--spacing--50);padding-bottom:var(--wp--preset--spacing--50);padding-left:var(--wp--preset--spacing--50)">
<div class="wp-block-group has-global-padding is-layout-constrained wp-container-core-group-is-layout-650790e1 wp-block-group-is-layout-constrained">
<h1 class="wp-block-heading has-text-align-center has-x-large-font-size">Nord University</h1>
</div>



<div style="height:var(--wp--preset--spacing--30)" aria-hidden="true" class="wp-block-spacer"></div>
</div>



<div class="wp-block-group alignfull has-base-2-background-color has-background is-vertical is-layout-flex wp-container-core-group-is-layout-056709a1 wp-block-group-is-layout-flex" style="margin-top:0;margin-bottom:0;padding-top:var(--wp--preset--spacing--50);padding-right:var(--wp--preset--spacing--50);padding-bottom:var(--wp--preset--spacing--50);padding-left:var(--wp--preset--spacing--50)">
<div class="wp-block-group is-vertical is-content-justification-center is-layout-flex wp-container-core-group-is-layout-52b864f0 wp-block-group-is-layout-flex">
<p></p>



<div style="height:0px" aria-hidden="true" class="wp-block-spacer wp-container-content-4f2ccadb"></div>



<p>Anna Andersen is an Eastern (Kildin) Sámi historian and researcher in the project&nbsp;<em>“INDHOME: Indigenous Homemaking as Survivance”</em>&nbsp;at Nord University. She holds a PhD in History and an MA in Indigenous Studies from UiT – The Arctic University of Norway.</p>
</div>



<p></p>



<div class="wp-block-group is-vertical is-content-justification-center is-layout-flex wp-container-core-group-is-layout-52b864f0 wp-block-group-is-layout-flex">
<p>From 2022 to 2024, she was a visiting researcher at the University of Greenland, where she worked closely with Greenlandic Inuit on experiences of forced resettlement and colonial child removal. Her research in Nuuk forms part of a broader comparative study of relocations among Indigenous peoples in the Arctic, combining archival work with oral histories and community-based collaboration.</p>
</div>



<p></p>



<div class="wp-block-group is-vertical is-content-justification-center is-layout-flex wp-container-core-group-is-layout-52b864f0 wp-block-group-is-layout-flex">
<p>Since 2010, she has conducted empirical research on oral life histories of Indigenous peoples, primarily Sámi communities in the Nordic countries and Russia, with a focus on enforced resettlement and residential schooling.</p>



<p>In 2015, she was a visiting researcher at the University of Montana and with the Confederated Salish and Kootenai Tribes of the Flathead Reservation in the United States.</p>
</div>



<p></p>



<div class="wp-block-group is-vertical is-content-justification-center is-layout-flex wp-container-core-group-is-layout-52b864f0 wp-block-group-is-layout-flex">
<p>In her conference presentation at the Nord University Sámi and Indigenous Conference 2026, she will share insights from her comparative empirical work on Sámi and Inuit experiences of enforced resettlement in Sápmi and Kalaallit Nunaat (Greenland).</p>
</div>



<div style="margin-top:0;margin-bottom:0;height:0px" aria-hidden="true" class="wp-block-spacer wp-container-content-9d1f8957"></div>
</div>

<p>Nord University Anna Andersen is an Eastern (Kildin) Sámi historian and researcher in the project&nbsp;“INDHOME: Indigenous Homemaking as Survivance”&nbsp;at Nord University. She holds a PhD in History and an MA in Indigenous Studies from UiT – The Arctic University of Norway. From 2022 to 2024, she was a visiting researcher at the University of Greenland, [&hellip;]</p>
