{"id":13,"date":"2025-03-18T12:37:25","date_gmt":"2025-03-18T11:37:25","guid":{"rendered":"https:\/\/site.nord.no\/samla\/?page_id=13"},"modified":"2025-08-12T09:14:48","modified_gmt":"2025-08-12T07:14:48","slug":"aarjelsaemie","status":"publish","type":"page","link":"https:\/\/site.nord.no\/samla\/sami-languages\/aarjelsaemie\/","title":{"rendered":"\u00c5arjelsaemie"},"content":{"rendered":"<ul style=\"padding-top:var(--wp--preset--spacing--40);padding-bottom:var(--wp--preset--spacing--40);padding-left:var(--wp--preset--spacing--40);padding-right:var(--wp--preset--spacing--40);margin-top:0;margin-bottom:0;margin-left:0;margin-right:0;\" class=\"wp-block-latest-posts__list has-dates has-author wp-block-latest-posts has-background has-ast-global-color-4-background-color has-medium-font-size\"><li><a class=\"wp-block-latest-posts__post-title\" href=\"https:\/\/site.nord.no\/samla\/2025\/08\/29\/aalkoealmetjegielh-lieredh-gaskenasjovne-jih-komparatijve-vuajnoeh\/\">Aalkoealmetjeg\u00efelh l\u00eferedh: gaskenasjovne j\u00efh komparatijve vuajnoeh\u00a0<\/a><div class=\"wp-block-latest-posts__post-author\">by minervapiha<\/div><time datetime=\"2025-08-29T10:14:08+02:00\" class=\"wp-block-latest-posts__post-date\">29. August 2025<\/time><div class=\"wp-block-latest-posts__post-excerpt\">Lohkeht\u00e6jjine \u00e5rrodh saemien g\u00efelesne jallh jeatjah aalkoealmetjeg\u00efeline g\u00eferve barkoe. J\u00efjnjh lohkeht\u00e6jjah domtoeh stoerre d\u00efedtem mij ij barre klaassetj\u00efehtjelisnie, mohte aaj vijriebasse jaksa. Vaenieh leah lohkeht\u00e6jjah j\u00efh dah j\u00efjnjem oktegimsie berkieh. SAMLA viermedahke datnem\/dijjem b\u00f6\u00f6rie seminaarese\u00a0mesnie\u00a0digkiedibie guktie smaave saemieng\u00efelh \u00f6\u00f6hpehtidh j\u00efh l\u00eferedh. Guessieh b\u00f6\u00f6reme jeatjah dajvijste gusnie aalkoealmetjeg\u00efelh. Guessieh edtjieh soptsestidh dej g\u00efeli tsiehkiej b\u00efjre j\u00efh\u2026 <a class=\"wp-block-latest-posts__read-more\" href=\"https:\/\/site.nord.no\/samla\/2025\/08\/29\/aalkoealmetjegielh-lieredh-gaskenasjovne-jih-komparatijve-vuajnoeh\/\" rel=\"noopener noreferrer\">Read more<span class=\"screen-reader-text\">: Aalkoealmetjeg\u00efelh l\u00eferedh: gaskenasjovne j\u00efh komparatijve vuajnoeh\u00a0<\/span><\/a><\/div><\/li>\n<li><a class=\"wp-block-latest-posts__post-title\" href=\"https:\/\/site.nord.no\/samla\/2025\/04\/02\/south-saami-2\/\">Buerie b\u00e5eteme SAMLAn bloggese!<\/a><div class=\"wp-block-latest-posts__post-author\">by minervapiha<\/div><time datetime=\"2025-04-02T11:29:10+02:00\" class=\"wp-block-latest-posts__post-date\">2. April 2025<\/time><div class=\"wp-block-latest-posts__post-excerpt\">Njoktjen 21. b. 2025, g\u00efjrebiejjien, SAMLA-ektiebarkijh dan voestes tj\u00e5anghkose tj\u00e5anghkenin, Networkshopesne \u201dOnne saemiej g\u00efeli dotkeme j\u00efh \u00f6\u00f6hpehtimmie golme laantine\u201d. Daate Networkshop dotkijh tj\u00f6\u00f6nghki dejnie 4 onne saemiej g\u00efeline SAMLAsne: \u00e5arjelsaemesne, julevsaemesne, enaresaemesne j\u00efh skoltesaemesne. Dotkijh dennie voestes tj\u00e5anghkosne lij Markus Juutinen (Giellagas Instituhte, Oulun universiteete), Marja-Liisa Olthuis (Giellagas Instituhte, Oulun universiteete), Michelle Francett-Hermes (Giellagas Instituhte,\u2026 <a class=\"wp-block-latest-posts__read-more\" href=\"https:\/\/site.nord.no\/samla\/2025\/04\/02\/south-saami-2\/\" rel=\"noopener noreferrer\">Read more<span class=\"screen-reader-text\">: Buerie b\u00e5eteme SAMLAn bloggese!<\/span><\/a><\/div><\/li>\n<\/ul>\n\n\n<p><\/p>\n","protected":false},"excerpt":{"rendered":"","protected":false},"author":75,"featured_media":0,"parent":266,"menu_order":0,"comment_status":"closed","ping_status":"closed","template":"","meta":{"site-sidebar-layout":"default","site-content-layout":"","ast-site-content-layout":"","site-content-style":"default","site-sidebar-style":"default","ast-global-header-display":"","ast-banner-title-visibility":"","ast-main-header-display":"","ast-hfb-above-header-display":"","ast-hfb-below-header-display":"","ast-hfb-mobile-header-display":"","site-post-title":"","ast-breadcrumbs-content":"","ast-featured-img":"","footer-sml-layout":"","ast-disable-related-posts":"","theme-transparent-header-meta":"","adv-header-id-meta":"","stick-header-meta":"","header-above-stick-meta":"","header-main-stick-meta":"","header-below-stick-meta":"","astra-migrate-meta-layouts":"default","ast-page-background-enabled":"default","ast-page-background-meta":{"desktop":{"background-color":"var(--ast-global-color-5)","background-image":"","background-repeat":"repeat","background-position":"center center","background-size":"auto","background-attachment":"scroll","background-type":"","background-media":"","overlay-type":"","overlay-color":"","overlay-opacity":"","overlay-gradient":""},"tablet":{"background-color":"","background-image":"","background-repeat":"repeat","background-position":"center center","background-size":"auto","background-attachment":"scroll","background-type":"","background-media":"","overlay-type":"","overlay-color":"","overlay-opacity":"","overlay-gradient":""},"mobile":{"background-color":"","background-image":"","background-repeat":"repeat","background-position":"center center","background-size":"auto","background-attachment":"scroll","background-type":"","background-media":"","overlay-type":"","overlay-color":"","overlay-opacity":"","overlay-gradient":""}},"ast-content-background-meta":{"desktop":{"background-color":"var(--ast-global-color-4)","background-image":"","background-repeat":"repeat","background-position":"center center","background-size":"auto","background-attachment":"scroll","background-type":"","background-media":"","overlay-type":"","overlay-color":"","overlay-opacity":"","overlay-gradient":""},"tablet":{"background-color":"var(--ast-global-color-4)","background-image":"","background-repeat":"repeat","background-position":"center center","background-size":"auto","background-attachment":"scroll","background-type":"","background-media":"","overlay-type":"","overlay-color":"","overlay-opacity":"","overlay-gradient":""},"mobile":{"background-color":"var(--ast-global-color-4)","background-image":"","background-repeat":"repeat","background-position":"center center","background-size":"auto","background-attachment":"scroll","background-type":"","background-media":"","overlay-type":"","overlay-color":"","overlay-opacity":"","overlay-gradient":""}},"footnotes":""},"coauthors":[7],"class_list":["post-13","page","type-page","status-publish","hentry"],"_links":{"self":[{"href":"https:\/\/site.nord.no\/samla\/wp-json\/wp\/v2\/pages\/13","targetHints":{"allow":["GET"]}}],"collection":[{"href":"https:\/\/site.nord.no\/samla\/wp-json\/wp\/v2\/pages"}],"about":[{"href":"https:\/\/site.nord.no\/samla\/wp-json\/wp\/v2\/types\/page"}],"author":[{"embeddable":true,"href":"https:\/\/site.nord.no\/samla\/wp-json\/wp\/v2\/users\/75"}],"replies":[{"embeddable":true,"href":"https:\/\/site.nord.no\/samla\/wp-json\/wp\/v2\/comments?post=13"}],"version-history":[{"count":8,"href":"https:\/\/site.nord.no\/samla\/wp-json\/wp\/v2\/pages\/13\/revisions"}],"predecessor-version":[{"id":169,"href":"https:\/\/site.nord.no\/samla\/wp-json\/wp\/v2\/pages\/13\/revisions\/169"}],"up":[{"embeddable":true,"href":"https:\/\/site.nord.no\/samla\/wp-json\/wp\/v2\/pages\/266"}],"wp:attachment":[{"href":"https:\/\/site.nord.no\/samla\/wp-json\/wp\/v2\/media?parent=13"}],"wp:term":[{"taxonomy":"author","embeddable":true,"href":"https:\/\/site.nord.no\/samla\/wp-json\/wp\/v2\/coauthors?post=13"}],"curies":[{"name":"wp","href":"https:\/\/api.w.org\/{rel}","templated":true}]}}