{"id":227,"date":"2025-07-25T14:43:59","date_gmt":"2025-07-25T12:43:59","guid":{"rendered":"https:\/\/site.nord.no\/samla\/?page_id=227"},"modified":"2025-11-21T13:55:22","modified_gmt":"2025-11-21T12:55:22","slug":"pue%ca%b9tted-tiorvan-buerie-baeteme-vuostasj-welcome","status":"publish","type":"page","link":"https:\/\/site.nord.no\/samla\/","title":{"rendered":"Pue\u02b9tted ti\u00f5rv\u00e2n! Buerie b\u00e5eteme! Buorisboahtem! Welcome!"},"content":{"rendered":"\n<div class=\"wp-block-group is-layout-constrained wp-block-group-is-layout-constrained\">\n<div class=\"wp-block-columns is-layout-flex wp-container-core-columns-is-layout-28f84493 wp-block-columns-is-layout-flex\">\n<div class=\"wp-block-column is-layout-flow wp-block-column-is-layout-flow\" style=\"flex-basis:100%\">\n<div class=\"wp-block-group is-layout-grid wp-container-core-group-is-layout-478b6e6b wp-block-group-is-layout-grid\">\n<p>Here we share exciting developments of a network developing project for Small Saami languages with the aim of brining education practitioners and students, researchers and decision-makers together for better and smoother collaboration and to enhance language vitality.<\/p>\n\n\n\n<div class=\"wp-block-group is-layout-grid wp-container-core-group-is-layout-478b6e6b wp-block-group-is-layout-grid\">\n<p>SAMLA lij proje\u02b9ktt, m\u00e2\u02b9st le\u00e4\u02b9p raajjmen u\u02b9cc s\u00e4\u00e4\u02b9m\u01e9i\u00f5li \u00f5httsa\u017etu\u00e2jjs\u00e4\u00e4i\u02b9m. Mie\u02b9rren lij pu\u02b9htted \u00f5\u02b9htte u\u02b9\u010dtee\u02b9lid, m\u00e4tt\u02bct\u00f5\u00f5\u0111jid, tu\u02b9t\u01e9\u01e9ee\u02b9jid da mie\u02b9rree\u02b9jid.<\/p>\n<\/div>\n\n\n\n<p>Daesnie murreds evtiedimmieh viermieevtiedimmieprosjekteste onne saemiej g\u00efelide mesnie ulmie lea \u00f6\u00f6hpehtimmiebarkijh j\u00efh studenth, dotkijh j\u00efh sj\u00e6jsjalimmieaajhterh ektesne tj\u00e5anghkenidh juktie buerebe laavenjostedh j\u00efh g\u00efelejielievoetem n\u00e6nnoestidh.<\/p>\n\n\n\n<p>D\u00e1nna diedojt juohkep geldulasj \u00e5vdd\u00e5nimij birra prosjevtan g\u00e5nn\u00e5 galggap v\u00e6rm\u00e1dag\u00e1v \u00e5vdd\u00e5nahttet unna s\u00e1megielaj \u00e5vd\u00e5s. V\u00e6rm\u00e1dag\u00e1 ulmme l \u00e5hpadiddjijt, dutkijt ja mierrediddjijt tjoahkkit buorebut ja \u00e1lkkebut aktisattjat bargatjit ja gielaj \u00e6ll\u00e1dimijt doarjotjit. &nbsp;&nbsp;<\/p>\n<\/div>\n<\/div>\n<\/div>\n<\/div>\n\n\n\n<hr class=\"wp-block-separator has-alpha-channel-opacity\" \/>\n\n\n\n<h2 class=\"wp-block-heading\">What&#8217;s on<\/h2>\n\n\n\n<div class=\"wp-block-media-text is-stacked-on-mobile\"><figure class=\"wp-block-media-text__media\"><img loading=\"lazy\" decoding=\"async\" width=\"1264\" height=\"634\" src=\"https:\/\/site.nord.no\/samla\/wp-content\/uploads\/sites\/93\/2025\/11\/Time-line-1.png\" alt=\"\" class=\"wp-image-400 size-full\" \/><\/figure><div class=\"wp-block-media-text__content\">\n<blockquote class=\"wp-block-quote is-layout-flow wp-block-quote-is-layout-flow\">\n<p>Next up is our seminar for teachers and emerging teachers of small Saami languages, in March 2026. Stay tuned for more information!<\/p>\n<\/blockquote>\n<\/div><\/div>\n\n\n\n<h2 class=\"wp-block-heading\">Recording of the 24.10. International Seminar<\/h2>\n\n\n\n<figure class=\"wp-block-image size-full\"><a href=\"https:\/\/site.nord.no\/samla\/2025\/11\/07\/seminar-notes-international-and-comparative-perspectives-on-indigenous-language-learning\/\"><img loading=\"lazy\" decoding=\"async\" width=\"336\" height=\"169\" src=\"https:\/\/site.nord.no\/samla\/wp-content\/uploads\/sites\/93\/2025\/11\/Direct-link-to-recording-of-International-Seminar.jpg\" alt=\"\" class=\"wp-image-422\" \/><\/a><\/figure>\n\n\n\n<hr class=\"wp-block-separator has-alpha-channel-opacity\" \/>\n\n\n\n<h2 class=\"wp-block-heading\">Recent posts<\/h2>\n\n\n<ul class=\"wp-block-latest-posts__list is-grid columns-3 wp-block-latest-posts\"><li><a class=\"wp-block-latest-posts__post-title\" href=\"https:\/\/site.nord.no\/samla\/2026\/01\/28\/meeraikoskksaz-da-verddooli-%c7%a9ioccamvue%ca%b9jj-alggmeerai-%c7%a9ioli-mattjummsa\/\">Meeraik\u00f5skks\u00e2\u017e da verdd\u00f5\u00f5li \u01e9i\u00f5\u010d\u010d\u00e2mvue\u02b9jj alggmeerai \u01e9i\u00f5li m\u00e4ttjumm\u0161a<\/a><div class=\"wp-block-latest-posts__post-excerpt\">Pi\u00e2tn\u00e2c skamm-mannu 24. peei\u02b9v SAMLA j\u00e4\u02b9rjsti Meeraik\u00f5skks\u00e2\u017e da verdd\u00f5\u00f5li \u01e9i\u00f5\u010d\u010d\u00e2mvue\u02b9jj alggmeerai \u01e9i\u00f5li m\u00e4ttjumm\u0161a -seminaar. P\u00e2\u02b9jjel 40 vu\u00e4ss\u00f5\u00f5ttjed seu\u02b9rrje seminaar internee\u02b9ttest. Seminaar\u00e2st kue\u02b9sslo\u01e5lm\u00f5\u00f5\u02b9sti mainste ju\u00f5\u02b9\u01e9\u01e9ka\u017e jiijj\u00e2s perspektiiv\u00e2st assimilaatiost, kolonisaatiost, vu\u00e2sttl\u00e2\u02b9sttemoodd\u00e2st da\u2026 <a class=\"wp-block-latest-posts__read-more\" href=\"https:\/\/site.nord.no\/samla\/2026\/01\/28\/meeraikoskksaz-da-verddooli-%c7%a9ioccamvue%ca%b9jj-alggmeerai-%c7%a9ioli-mattjummsa\/\" rel=\"noopener noreferrer\">Read more<span class=\"screen-reader-text\">: Meeraik\u00f5skks\u00e2\u017e da verdd\u00f5\u00f5li \u01e9i\u00f5\u010d\u010d\u00e2mvue\u02b9jj alggmeerai \u01e9i\u00f5li m\u00e4ttjumm\u0161a<\/span><\/a><\/div><\/li>\n<li><a class=\"wp-block-latest-posts__post-title\" href=\"https:\/\/site.nord.no\/samla\/2025\/11\/21\/rijkajgasskasasj-ja-buohtastahttem-perspektijva-alggoalmmukgiellaoahppamij\/\">Rijkajgasskasasj ja buohtastahttem perspektijva \u00e1lggo\u00e1lmmukgiellaoahppamij<\/a><div class=\"wp-block-latest-posts__post-excerpt\">Bierjjedag\u00e1 g\u00e5lg\u00e5dism\u00e1no 24. b. SAMLA-v\u00e6rm\u00e1dahka \u00e1sadij&nbsp; semin\u00e1rav man namma lij Rijkajgasskasasj ja buohtastahttem perspektijva \u00e1lggo\u00e1lmmukgiellaoahppamij. Ienebuv g\u00e5 40 oass\u00e1lasste semin\u00e1rav tjuovvun nehta baktu, ja \u00e1rvvogis guossel\u00e5g\u00e5dalle mij\u00e1v mielastuhttin, h\u00e1sstalin ja\u2026 <a class=\"wp-block-latest-posts__read-more\" href=\"https:\/\/site.nord.no\/samla\/2025\/11\/21\/rijkajgasskasasj-ja-buohtastahttem-perspektijva-alggoalmmukgiellaoahppamij\/\" rel=\"noopener noreferrer\">Read more<span class=\"screen-reader-text\">: Rijkajgasskasasj ja buohtastahttem perspektijva \u00e1lggo\u00e1lmmukgiellaoahppamij<\/span><\/a><\/div><\/li>\n<li><a class=\"wp-block-latest-posts__post-title\" href=\"https:\/\/site.nord.no\/samla\/2025\/11\/07\/seminar-notes-international-and-comparative-perspectives-on-indigenous-language-learning\/\">Seminar notes: International and comparative perspectives on Indigenous language learning<\/a><div class=\"wp-block-latest-posts__post-excerpt\">On Friday the 24th of October SAMLA arranged the seminar International and comparative perspectives on Indigenous language learning. More than 40 participants followed the seminar online, and we were intrigued,\u2026 <a class=\"wp-block-latest-posts__read-more\" href=\"https:\/\/site.nord.no\/samla\/2025\/11\/07\/seminar-notes-international-and-comparative-perspectives-on-indigenous-language-learning\/\" rel=\"noopener noreferrer\">Read more<span class=\"screen-reader-text\">: Seminar notes: International and comparative perspectives on Indigenous language learning<\/span><\/a><\/div><\/li>\n<\/ul>\n\n\n<hr class=\"wp-block-separator has-alpha-channel-opacity\" \/>\n\n\n<ul class=\"wp-block-latest-posts__list wp-block-latest-posts\"><li><a class=\"wp-block-latest-posts__post-title\" href=\"https:\/\/site.nord.no\/samla\/2025\/05\/12\/whats-on\/\">October 24th 2025: International seminar<\/a><div class=\"wp-block-latest-posts__post-excerpt\">International and comparative perspectives on Indigenous language learning We welcome interested parties to a one-day seminar about teaching of smaller Saami languages on the 24th of October, 2025 in which we discuss Indigenous language teaching and learning from a range of perspective, both in terms of context and content. We welcome two international guests who\u2026 <a class=\"wp-block-latest-posts__read-more\" href=\"https:\/\/site.nord.no\/samla\/2025\/05\/12\/whats-on\/\" rel=\"noopener noreferrer\">Read more<span class=\"screen-reader-text\">: October 24th 2025: International seminar<\/span><\/a><\/div><\/li>\n<\/ul>\n\n\n<p><\/p>\n\n\n\n<p><\/p>\n","protected":false},"excerpt":{"rendered":"<p>Here we share exciting developments of a network developing project for Small Saami languages with the aim of brining education [&hellip;]<\/p>\n","protected":false},"author":173,"featured_media":0,"parent":0,"menu_order":0,"comment_status":"closed","ping_status":"closed","template":"","meta":{"site-sidebar-layout":"default","site-content-layout":"","ast-site-content-layout":"default","site-content-style":"default","site-sidebar-style":"default","ast-global-header-display":"","ast-banner-title-visibility":"","ast-main-header-display":"","ast-hfb-above-header-display":"","ast-hfb-below-header-display":"","ast-hfb-mobile-header-display":"","site-post-title":"","ast-breadcrumbs-content":"","ast-featured-img":"","footer-sml-layout":"","ast-disable-related-posts":"","theme-transparent-header-meta":"","adv-header-id-meta":"","stick-header-meta":"","header-above-stick-meta":"","header-main-stick-meta":"","header-below-stick-meta":"","astra-migrate-meta-layouts":"default","ast-page-background-enabled":"default","ast-page-background-meta":{"desktop":{"background-color":"var(--ast-global-color-5)","background-image":"","background-repeat":"repeat","background-position":"center center","background-size":"auto","background-attachment":"scroll","background-type":"","background-media":"","overlay-type":"","overlay-color":"","overlay-opacity":"","overlay-gradient":""},"tablet":{"background-color":"","background-image":"","background-repeat":"repeat","background-position":"center center","background-size":"auto","background-attachment":"scroll","background-type":"","background-media":"","overlay-type":"","overlay-color":"","overlay-opacity":"","overlay-gradient":""},"mobile":{"background-color":"","background-image":"","background-repeat":"repeat","background-position":"center center","background-size":"auto","background-attachment":"scroll","background-type":"","background-media":"","overlay-type":"","overlay-color":"","overlay-opacity":"","overlay-gradient":""}},"ast-content-background-meta":{"desktop":{"background-color":"var(--ast-global-color-4)","background-image":"","background-repeat":"repeat","background-position":"center center","background-size":"auto","background-attachment":"scroll","background-type":"","background-media":"","overlay-type":"","overlay-color":"","overlay-opacity":"","overlay-gradient":""},"tablet":{"background-color":"var(--ast-global-color-4)","background-image":"","background-repeat":"repeat","background-position":"center center","background-size":"auto","background-attachment":"scroll","background-type":"","background-media":"","overlay-type":"","overlay-color":"","overlay-opacity":"","overlay-gradient":""},"mobile":{"background-color":"var(--ast-global-color-4)","background-image":"","background-repeat":"repeat","background-position":"center center","background-size":"auto","background-attachment":"scroll","background-type":"","background-media":"","overlay-type":"","overlay-color":"","overlay-opacity":"","overlay-gradient":""}},"footnotes":""},"coauthors":[10],"class_list":["post-227","page","type-page","status-publish","hentry"],"_links":{"self":[{"href":"https:\/\/site.nord.no\/samla\/wp-json\/wp\/v2\/pages\/227","targetHints":{"allow":["GET"]}}],"collection":[{"href":"https:\/\/site.nord.no\/samla\/wp-json\/wp\/v2\/pages"}],"about":[{"href":"https:\/\/site.nord.no\/samla\/wp-json\/wp\/v2\/types\/page"}],"author":[{"embeddable":true,"href":"https:\/\/site.nord.no\/samla\/wp-json\/wp\/v2\/users\/173"}],"replies":[{"embeddable":true,"href":"https:\/\/site.nord.no\/samla\/wp-json\/wp\/v2\/comments?post=227"}],"version-history":[{"count":31,"href":"https:\/\/site.nord.no\/samla\/wp-json\/wp\/v2\/pages\/227\/revisions"}],"predecessor-version":[{"id":449,"href":"https:\/\/site.nord.no\/samla\/wp-json\/wp\/v2\/pages\/227\/revisions\/449"}],"wp:attachment":[{"href":"https:\/\/site.nord.no\/samla\/wp-json\/wp\/v2\/media?parent=227"}],"wp:term":[{"taxonomy":"author","embeddable":true,"href":"https:\/\/site.nord.no\/samla\/wp-json\/wp\/v2\/coauthors?post=227"}],"curies":[{"name":"wp","href":"https:\/\/api.w.org\/{rel}","templated":true}]}}