{"id":96,"date":"2025-04-02T10:57:18","date_gmt":"2025-04-02T08:57:18","guid":{"rendered":"https:\/\/site.nord.no\/samla\/?page_id=96"},"modified":"2025-07-25T15:23:24","modified_gmt":"2025-07-25T13:23:24","slug":"english","status":"publish","type":"page","link":"https:\/\/site.nord.no\/samla\/english\/","title":{"rendered":"English"},"content":{"rendered":"<ul class=\"wp-block-latest-posts__list has-dates has-author wp-block-latest-posts\"><li><a class=\"wp-block-latest-posts__post-title\" href=\"https:\/\/site.nord.no\/samla\/2025\/11\/07\/seminar-notes-international-and-comparative-perspectives-on-indigenous-language-learning\/\">Seminar notes: International and comparative perspectives on Indigenous language learning<\/a><div class=\"wp-block-latest-posts__post-author\">by ingvillbaberg<\/div><time datetime=\"2025-11-07T14:24:30+01:00\" class=\"wp-block-latest-posts__post-date\">7. November 2025<\/time><div class=\"wp-block-latest-posts__post-excerpt\">On Friday the 24th of October SAMLA arranged the seminar International and comparative perspectives on Indigenous language learning. More than 40 participants followed the seminar online, and we were intrigued, challenged and engaged by our esteemed guest lecturers who, in different ways, discussed assimilation, colonization, resistance, and reclamation of indigenous languages.<\/div><\/li>\n<li><a class=\"wp-block-latest-posts__post-title\" href=\"https:\/\/site.nord.no\/samla\/2025\/07\/01\/welcome-to-samlas-blog\/\">Welcome to SAMLA\u2019s blog!<\/a><div class=\"wp-block-latest-posts__post-author\">by minervapiha<\/div><time datetime=\"2025-07-01T07:23:49+02:00\" class=\"wp-block-latest-posts__post-date\">1. July 2025<\/time><div class=\"wp-block-latest-posts__post-excerpt\">On March 21st 2025, the spring solstice, SAMLA partners came together for it\u2019s first gathering, a NetWorkshop on \u201dResearching and teaching Small Saami languages in three countries\u201d. This NetWorkshop brought together researchers in four out of the six small Saami languages in SAMLA: \u00c5arjelsaemieng\u00efele\/South Saami, Julevs\u00e1megiella\/Lule Saami, Anar\u00e2\u0161kiel\u00e2\/Inari Saami and S\u00e4\u00e4&#8217;m\u01e9i\u00f5ll\/Skolt Saami. Partners present at\u2026 <a class=\"wp-block-latest-posts__read-more\" href=\"https:\/\/site.nord.no\/samla\/2025\/07\/01\/welcome-to-samlas-blog\/\" rel=\"noopener noreferrer\">Read more<span class=\"screen-reader-text\">: Welcome to SAMLA\u2019s blog!<\/span><\/a><\/div><\/li>\n<\/ul>","protected":false},"excerpt":{"rendered":"","protected":false},"author":184,"featured_media":0,"parent":0,"menu_order":0,"comment_status":"closed","ping_status":"closed","template":"","meta":{"site-sidebar-layout":"default","site-content-layout":"","ast-site-content-layout":"default","site-content-style":"default","site-sidebar-style":"default","ast-global-header-display":"","ast-banner-title-visibility":"","ast-main-header-display":"","ast-hfb-above-header-display":"","ast-hfb-below-header-display":"","ast-hfb-mobile-header-display":"","site-post-title":"","ast-breadcrumbs-content":"","ast-featured-img":"","footer-sml-layout":"","ast-disable-related-posts":"","theme-transparent-header-meta":"","adv-header-id-meta":"","stick-header-meta":"","header-above-stick-meta":"","header-main-stick-meta":"","header-below-stick-meta":"","astra-migrate-meta-layouts":"default","ast-page-background-enabled":"default","ast-page-background-meta":{"desktop":{"background-color":"var(--ast-global-color-5)","background-image":"","background-repeat":"repeat","background-position":"center center","background-size":"auto","background-attachment":"scroll","background-type":"","background-media":"","overlay-type":"","overlay-color":"","overlay-opacity":"","overlay-gradient":""},"tablet":{"background-color":"","background-image":"","background-repeat":"repeat","background-position":"center center","background-size":"auto","background-attachment":"scroll","background-type":"","background-media":"","overlay-type":"","overlay-color":"","overlay-opacity":"","overlay-gradient":""},"mobile":{"background-color":"","background-image":"","background-repeat":"repeat","background-position":"center center","background-size":"auto","background-attachment":"scroll","background-type":"","background-media":"","overlay-type":"","overlay-color":"","overlay-opacity":"","overlay-gradient":""}},"ast-content-background-meta":{"desktop":{"background-color":"var(--ast-global-color-4)","background-image":"","background-repeat":"repeat","background-position":"center center","background-size":"auto","background-attachment":"scroll","background-type":"","background-media":"","overlay-type":"","overlay-color":"","overlay-opacity":"","overlay-gradient":""},"tablet":{"background-color":"var(--ast-global-color-4)","background-image":"","background-repeat":"repeat","background-position":"center center","background-size":"auto","background-attachment":"scroll","background-type":"","background-media":"","overlay-type":"","overlay-color":"","overlay-opacity":"","overlay-gradient":""},"mobile":{"background-color":"var(--ast-global-color-4)","background-image":"","background-repeat":"repeat","background-position":"center center","background-size":"auto","background-attachment":"scroll","background-type":"","background-media":"","overlay-type":"","overlay-color":"","overlay-opacity":"","overlay-gradient":""}},"footnotes":""},"coauthors":[9],"class_list":["post-96","page","type-page","status-publish","hentry"],"_links":{"self":[{"href":"https:\/\/site.nord.no\/samla\/wp-json\/wp\/v2\/pages\/96","targetHints":{"allow":["GET"]}}],"collection":[{"href":"https:\/\/site.nord.no\/samla\/wp-json\/wp\/v2\/pages"}],"about":[{"href":"https:\/\/site.nord.no\/samla\/wp-json\/wp\/v2\/types\/page"}],"author":[{"embeddable":true,"href":"https:\/\/site.nord.no\/samla\/wp-json\/wp\/v2\/users\/184"}],"replies":[{"embeddable":true,"href":"https:\/\/site.nord.no\/samla\/wp-json\/wp\/v2\/comments?post=96"}],"version-history":[{"count":9,"href":"https:\/\/site.nord.no\/samla\/wp-json\/wp\/v2\/pages\/96\/revisions"}],"predecessor-version":[{"id":243,"href":"https:\/\/site.nord.no\/samla\/wp-json\/wp\/v2\/pages\/96\/revisions\/243"}],"wp:attachment":[{"href":"https:\/\/site.nord.no\/samla\/wp-json\/wp\/v2\/media?parent=96"}],"wp:term":[{"taxonomy":"author","embeddable":true,"href":"https:\/\/site.nord.no\/samla\/wp-json\/wp\/v2\/coauthors?post=96"}],"curies":[{"name":"wp","href":"https:\/\/api.w.org\/{rel}","templated":true}]}}