{"id":35,"date":"2023-07-03T10:08:10","date_gmt":"2023-07-03T08:08:10","guid":{"rendered":"https:\/\/site.nord.no\/engage-nord\/?page_id=35"},"modified":"2024-05-07T10:44:00","modified_gmt":"2024-05-07T08:44:00","slug":"nyskaper-finansiering","status":"publish","type":"page","link":"https:\/\/site.nord.no\/spir\/nyskaper-finansiering\/","title":{"rendered":"Nyskaper"},"content":{"rendered":"\n<p>Du, som er student ved Nord universitet, kan s\u00f8ke om \u00e5 f\u00e5 penger til \u00e5 komme til neste fase med din id\u00e9 \/ ditt studentprosjekt. Nord Universitet \u00f8nsker \u00e5 satse p\u00e5 engasjerte studenter med innovative ideer. Alle studenter p\u00e5 Nord kan s\u00f8ke tilskuddet.<\/p>\n\n\n\n<p>Spark* Nord kan gi veiledning i prosessen. <\/p>\n\n\n\n<h2 class=\"wp-block-heading has-medium-font-size\"><strong>Hvor mye penger kan jeg s\u00f8ke p\u00e5?<\/strong><\/h2>\n\n\n\n<p>Du kan s\u00f8ke og f\u00e5 innvilget fra 5.000 kr opp til 25.000 kr.<\/p>\n\n\n\n<h2 class=\"wp-block-heading has-medium-font-size\"><strong>Hva kan jeg bruke pengene til?<\/strong><\/h2>\n\n\n\n<p>Du kan bruke pengene til for eksempel: teste en id\u00e9, gjennomf\u00f8re en reise for \u00e5 l\u00e6re mer, kj\u00f8pe inn materialer til \u00e5 bygge en prototype, kj\u00f8pe inn programvare&#8230; <\/p>\n\n\n\n<h2 class=\"wp-block-heading has-medium-font-size\"><strong>F\u00e5r jeg hjelp til \u00e5 s\u00f8ke?<\/strong><\/h2>\n\n\n\n<p>Studentorganisasjonen Spark* Nord kan hjelpe deg \u00e5 fylle inn s\u00f8knaden og snakke om din id\u00e9. Vi anbefaler at du gjennomf\u00f8rer minimum 1 veiledningstime sammen med en medstudent fra Spark* Nord.<\/p>\n","protected":false},"excerpt":{"rendered":"<p>Du, som er student ved Nord universitet, kan s\u00f8ke om \u00e5 f\u00e5 penger til \u00e5 komme til neste fase med din id\u00e9 \/ ditt studentprosjekt. Nord Universitet \u00f8nsker \u00e5 satse p\u00e5 engasjerte studenter med innovative ideer. Alle studenter p\u00e5 Nord kan s\u00f8ke tilskuddet. Spark* Nord kan gi veiledning i prosessen. Hvor mye penger kan jeg [&hellip;]<\/p>\n","protected":false},"author":138,"featured_media":0,"parent":0,"menu_order":0,"comment_status":"closed","ping_status":"closed","template":"","meta":{"site-sidebar-layout":"default","site-content-layout":"","ast-site-content-layout":"default","site-content-style":"default","site-sidebar-style":"default","ast-global-header-display":"","ast-banner-title-visibility":"","ast-main-header-display":"","ast-hfb-above-header-display":"","ast-hfb-below-header-display":"","ast-hfb-mobile-header-display":"","site-post-title":"","ast-breadcrumbs-content":"","ast-featured-img":"","footer-sml-layout":"","ast-disable-related-posts":"","theme-transparent-header-meta":"","adv-header-id-meta":"","stick-header-meta":"","header-above-stick-meta":"","header-main-stick-meta":"","header-below-stick-meta":"","astra-migrate-meta-layouts":"set","ast-page-background-enabled":"default","ast-page-background-meta":{"desktop":{"background-color":"var(--ast-global-color-4)","background-image":"","background-repeat":"repeat","background-position":"center center","background-size":"auto","background-attachment":"scroll","background-type":"","background-media":"","overlay-type":"","overlay-color":"","overlay-opacity":"","overlay-gradient":""},"tablet":{"background-color":"","background-image":"","background-repeat":"repeat","background-position":"center center","background-size":"auto","background-attachment":"scroll","background-type":"","background-media":"","overlay-type":"","overlay-color":"","overlay-opacity":"","overlay-gradient":""},"mobile":{"background-color":"","background-image":"","background-repeat":"repeat","background-position":"center center","background-size":"auto","background-attachment":"scroll","background-type":"","background-media":"","overlay-type":"","overlay-color":"","overlay-opacity":"","overlay-gradient":""}},"ast-content-background-meta":{"desktop":{"background-color":"var(--ast-global-color-5)","background-image":"","background-repeat":"repeat","background-position":"center center","background-size":"auto","background-attachment":"scroll","background-type":"","background-media":"","overlay-type":"","overlay-color":"","overlay-opacity":"","overlay-gradient":""},"tablet":{"background-color":"var(--ast-global-color-5)","background-image":"","background-repeat":"repeat","background-position":"center center","background-size":"auto","background-attachment":"scroll","background-type":"","background-media":"","overlay-type":"","overlay-color":"","overlay-opacity":"","overlay-gradient":""},"mobile":{"background-color":"var(--ast-global-color-5)","background-image":"","background-repeat":"repeat","background-position":"center center","background-size":"auto","background-attachment":"scroll","background-type":"","background-media":"","overlay-type":"","overlay-color":"","overlay-opacity":"","overlay-gradient":""}},"footnotes":""},"coauthors":[9],"class_list":["post-35","page","type-page","status-publish","hentry"],"_links":{"self":[{"href":"https:\/\/site.nord.no\/spir\/wp-json\/wp\/v2\/pages\/35","targetHints":{"allow":["GET"]}}],"collection":[{"href":"https:\/\/site.nord.no\/spir\/wp-json\/wp\/v2\/pages"}],"about":[{"href":"https:\/\/site.nord.no\/spir\/wp-json\/wp\/v2\/types\/page"}],"author":[{"embeddable":true,"href":"https:\/\/site.nord.no\/spir\/wp-json\/wp\/v2\/users\/138"}],"replies":[{"embeddable":true,"href":"https:\/\/site.nord.no\/spir\/wp-json\/wp\/v2\/comments?post=35"}],"version-history":[{"count":6,"href":"https:\/\/site.nord.no\/spir\/wp-json\/wp\/v2\/pages\/35\/revisions"}],"predecessor-version":[{"id":116,"href":"https:\/\/site.nord.no\/spir\/wp-json\/wp\/v2\/pages\/35\/revisions\/116"}],"wp:attachment":[{"href":"https:\/\/site.nord.no\/spir\/wp-json\/wp\/v2\/media?parent=35"}],"wp:term":[{"taxonomy":"author","embeddable":true,"href":"https:\/\/site.nord.no\/spir\/wp-json\/wp\/v2\/coauthors?post=35"}],"curies":[{"name":"wp","href":"https:\/\/api.w.org\/{rel}","templated":true}]}}