{"id":315,"date":"2025-02-13T10:09:08","date_gmt":"2025-02-13T09:09:08","guid":{"rendered":"https:\/\/site.nord.no\/spk\/?page_id=315"},"modified":"2025-02-14T07:14:45","modified_gmt":"2025-02-14T06:14:45","slug":"omtale-maja-jensvoll","status":"publish","type":"page","link":"https:\/\/site.nord.no\/spk\/omtale-maja-jensvoll\/","title":{"rendered":"Omtale Maja Jensvoll"},"content":{"rendered":"\n<p>Maja Henriette Jensvoll, f\u00f8rstelektor i engelsk didaktikk<\/p>\n\n\n\n<div class=\"wp-block-group is-layout-constrained wp-block-group-is-layout-constrained\">\n<p>Undervisning: Jeg underviser i engelsk didaktikk, herunder b\u00e5de undervisningsmetoder og ulike praktiske og teoretiske tiln\u00e6rminger til spr\u00e5ktilegnelse. Har ogs\u00e5 undervist i engelsk gramatikk og i pedagogikk p\u00e5 lektorutdanning.&nbsp;<\/p>\n\n\n\n<p>Faglig biografi.<\/p>\n\n\n\n<ul class=\"wp-block-list\">\n<li>F\u00f8rstelektor i engelsk didaktikk i faggruppa Spr\u00e5k og litteratur ved FLU, fra 2021<\/li>\n\n\n\n<li>Medlem av sentralstyret i Utdanningsforbundet fra 2024<\/li>\n\n\n\n<li>Universitetslektor, Nord universitet, 2016<\/li>\n\n\n\n<li>Universitetslektor, Universitetet i Nordland, 2011<\/li>\n\n\n\n<li>Tillitavalgt i Utdanningsforbundet fra 2005, fylkesstyret 2008-2019<\/li>\n\n\n\n<li>H\u00f8gskolelektor, H\u00f8gskolen  i Bod\u00f8 2003<\/li>\n\n\n\n<li>Hovedfag i engelsk fra Universitetet i Troms\u00f8, 2000<\/li>\n<\/ul>\n\n\n\n<p>Forsking<\/p>\n\n\n\n<p>Forskningsinteressene mine befinner seg i spennet mellom ulike sp\u00f8rsm\u00e5l ang\u00e5ende undervisning i engelskfaget, til estetiske l\u00e6ringsrposesser, til profesjonsutvikling og profesjonsforst\u00e5else i l\u00e6rerprofesjonen. Disse emnene henger ogs\u00e5 sammen fordi det handler om hvordan l\u00e6reryrket ut\u00f8ves i klasserommet.<\/p>\n\n\n\n<p>Fem viktige publikasjoner: <\/p>\n\n\n\n<ol class=\"wp-block-list\">\n<li>Estetiske l\u00e6ringsprosesser i l\u00e6rerutdanning: skepsis, f\u00f8lelsesmessig respons og faglig forst\u00e5else.Jensvoll, Maja Henriette; Iversen, Jan Viggo.\u00a02024,<em>\u00a0Journal for Research in Arts and Sports<\/em>Education.\u00a0<a href=\"https:\/\/eur01.safelinks.protection.outlook.com\/?url=https%3A%2F%2Fdoi.org%2F10.23865%2Fjased.v8.5423&amp;data=05%7C02%7Ckare.s.fuglseth%40nord.no%7C284909f26d1f420f53dc08dd4c346922%7Cfed13d9f21df485d909a231f3c6d16f0%7C1%7C0%7C638750510159240450%7CUnknown%7CTWFpbGZsb3d8eyJFbXB0eU1hcGkiOnRydWUsIlYiOiIwLjAuMDAwMCIsIlAiOiJXaW4zMiIsIkFOIjoiTWFpbCIsIldUIjoyfQ%3D%3D%7C0%7C%7C%7C&amp;sdata=XxbSh1u0X9FbGNL6V8fORy1XpmNT8olH9xsoCJPns50%3D&amp;reserved=0\">https:\/\/doi.org\/10.23865\/jased.v8.5423<\/a><\/li>\n\n\n\n<li>Humanities Forward: Developments in Norwegian Middle Grades English Education. Hanssen, Jessica Allen; Jensvoll, Maja Henriette. 2019, Routledge.\u00a0<a href=\"https:\/\/eur01.safelinks.protection.outlook.com\/?url=https%3A%2F%2Fdoi.org%2F10.4324%2F9781351122115-24&amp;data=05%7C02%7Ckare.s.fuglseth%40nord.no%7C284909f26d1f420f53dc08dd4c346922%7Cfed13d9f21df485d909a231f3c6d16f0%7C1%7C0%7C638750510159260860%7CUnknown%7CTWFpbGZsb3d8eyJFbXB0eU1hcGkiOnRydWUsIlYiOiIwLjAuMDAwMCIsIlAiOiJXaW4zMiIsIkFOIjoiTWFpbCIsIldUIjoyfQ%3D%3D%7C0%7C%7C%7C&amp;sdata=3QU9Bd8azvenMeHg0MJjZRT2qn4nL31OeRX4LjylHWU%3D&amp;reserved=0\" target=\"_blank\" rel=\"noreferrer noopener\">https:\/\/doi.org\/10.4324\/9781351122115-24<\/a><\/li>\n\n\n\n<li>Hanssen, J. A. &amp; Jensvoll, M. H. (2020).\u00a0Linking Criticality and Creativity: Engagement With Literary Theory in Middle Grades English Education. In Neokleous, G. K., Anna; Farrelly, Raichle. (2020).\u00a0<em>Handbook of research on cultivating literacy in diverse and multilingual classrooms<\/em>.\u00a0(pp. 261\u2013287). IGI Global.<a href=\"https:\/\/eur01.safelinks.protection.outlook.com\/?url=https%3A%2F%2Fdoi.org%2F10.4018%2F978-1-7998-2722-1.ch013&amp;data=05%7C02%7Ckare.s.fuglseth%40nord.no%7Ce44696bc3fdd4c0fb1ce08dd4c7b044a%7Cfed13d9f21df485d909a231f3c6d16f0%7C1%7C0%7C638750813412706190%7CUnknown%7CTWFpbGZsb3d8eyJFbXB0eU1hcGkiOnRydWUsIlYiOiIwLjAuMDAwMCIsIlAiOiJXaW4zMiIsIkFOIjoiTWFpbCIsIldUIjoyfQ%3D%3D%7C0%7C%7C%7C&amp;sdata=lDo89apmO545%2B%2F5Al8n94rENchByDfwn92VKyf1ck3o%3D&amp;reserved=0\" target=\"_blank\" rel=\"noreferrer noopener\">https:\/\/doi.org\/10.4018\/978-1-7998-2722-1.ch013<\/a><\/li>\n\n\n\n<li>Strengthening professionalism through cooperative learning. Jensvoll, Maja Henriette; Lekang, Trond. 2017,\u00a0<em>Professional Development in Education<\/em>\u00a0.<a href=\"https:\/\/eur01.safelinks.protection.outlook.com\/?url=https%3A%2F%2Fwww.tandfonline.com%2Fdoi%2Ffull%2F10.1080%2F19415257.2017.1376223&amp;data=05%7C02%7Ckare.s.fuglseth%40nord.no%7C284909f26d1f420f53dc08dd4c346922%7Cfed13d9f21df485d909a231f3c6d16f0%7C1%7C0%7C638750510159276929%7CUnknown%7CTWFpbGZsb3d8eyJFbXB0eU1hcGkiOnRydWUsIlYiOiIwLjAuMDAwMCIsIlAiOiJXaW4zMiIsIkFOIjoiTWFpbCIsIldUIjoyfQ%3D%3D%7C0%7C%7C%7C&amp;sdata=1ueXyL7g9yw7P0dFygda0iutHo8D7z%2FLmFUxy8Vmqxw%3D&amp;reserved=0\">https:\/\/www.tandfonline.com\/doi\/full\/10.1080\/19415257.2017.1376223<\/a><\/li>\n\n\n\n<li>Kollektiv profesjonsutvikling med fokus p\u00e5 l\u00e6rerens l\u00e6ring. I\u00a0<em>Ungdomstrinn i utvikling: Skoleutvikling og ledelse. Funn og fortellinger.<\/em>\u00a0Jensvoll, Maja Henriette; Lekang, Trond. 2017, Universitetsforlaget.<\/li>\n<\/ol>\n<\/div>\n","protected":false},"excerpt":{"rendered":"<p>Maja Henriette Jensvoll, f\u00f8rstelektor i engelsk didaktikk Undervisning: Jeg underviser i engelsk didaktikk, herunder b\u00e5de undervisningsmetoder og ulike praktiske og teoretiske tiln\u00e6rminger til spr\u00e5ktilegnelse. Har ogs\u00e5 undervist i engelsk gramatikk og i pedagogikk p\u00e5 lektorutdanning.&nbsp; Faglig biografi. Forsking Forskningsinteressene mine befinner seg i spennet mellom ulike sp\u00f8rsm\u00e5l ang\u00e5ende undervisning i engelskfaget, til estetiske l\u00e6ringsrposesser, til [&hellip;]<\/p>\n","protected":false},"author":181,"featured_media":0,"parent":0,"menu_order":0,"comment_status":"closed","ping_status":"closed","template":"","meta":{"footnotes":""},"coauthors":[16],"class_list":["post-315","page","type-page","status-publish","hentry"],"_links":{"self":[{"href":"https:\/\/site.nord.no\/spk\/wp-json\/wp\/v2\/pages\/315","targetHints":{"allow":["GET"]}}],"collection":[{"href":"https:\/\/site.nord.no\/spk\/wp-json\/wp\/v2\/pages"}],"about":[{"href":"https:\/\/site.nord.no\/spk\/wp-json\/wp\/v2\/types\/page"}],"author":[{"embeddable":true,"href":"https:\/\/site.nord.no\/spk\/wp-json\/wp\/v2\/users\/181"}],"replies":[{"embeddable":true,"href":"https:\/\/site.nord.no\/spk\/wp-json\/wp\/v2\/comments?post=315"}],"version-history":[{"count":8,"href":"https:\/\/site.nord.no\/spk\/wp-json\/wp\/v2\/pages\/315\/revisions"}],"predecessor-version":[{"id":360,"href":"https:\/\/site.nord.no\/spk\/wp-json\/wp\/v2\/pages\/315\/revisions\/360"}],"wp:attachment":[{"href":"https:\/\/site.nord.no\/spk\/wp-json\/wp\/v2\/media?parent=315"}],"wp:term":[{"taxonomy":"author","embeddable":true,"href":"https:\/\/site.nord.no\/spk\/wp-json\/wp\/v2\/coauthors?post=315"}],"curies":[{"name":"wp","href":"https:\/\/api.w.org\/{rel}","templated":true}]}}