{"id":317,"date":"2025-02-13T10:09:27","date_gmt":"2025-02-13T09:09:27","guid":{"rendered":"https:\/\/site.nord.no\/spk\/?page_id=317"},"modified":"2025-02-13T10:34:00","modified_gmt":"2025-02-13T09:34:00","slug":"omtale-regine-vesterlid-strom","status":"publish","type":"page","link":"https:\/\/site.nord.no\/spk\/omtale-regine-vesterlid-strom\/","title":{"rendered":"Omtale Regine Vesterlid Str\u00f8m"},"content":{"rendered":"\n<p><strong>Regine Vesterlid Str\u00f8m, Dosent (ph.d.) i musikk<\/strong><\/p>\n\n\n\n<p><strong>Undervisning<\/strong><\/p>\n\n\n\n<p>For tiden underviser jeg i sang, kor, samspill og musikkpedagogikk\/didaktikk i grunnskolel\u00e6rer-utdanningen og i KfK videreutdanning for l\u00e6rere.&nbsp;<strong><\/strong><\/p>\n\n\n\n<p><strong>Faglig biografi<\/strong><\/p>\n\n\n\n<ul class=\"wp-block-list\">\n<li>Dosent (ph.d.) i musikk, Nord universitet siden 2024<\/li>\n\n\n\n<li>Universitetspedagogikk (10 stp.), Nord universitet, 2022<\/li>\n\n\n\n<li>Seksjonskoordinator, musikk, Nord universitet siden 2017<\/li>\n\n\n\n<li>Stipendiat. Ph.d i studier av profesjonspraksis, Universitetet i Nordland, 2009-2015<\/li>\n\n\n\n<li>F\u00f8rstelektor i musikk, Nord universitet siden 2006<\/li>\n\n\n\n<li>Studieleder, fagl\u00e6rerutdanninger i musikk, dans og drama, H\u00f8gskolen i Bod\u00f8, 2005-2008<\/li>\n\n\n\n<li>H\u00f8gskolelektor i musikk, H\u00f8gskolen i Bod\u00f8, 1997-2006<\/li>\n\n\n\n<li>Sangl\u00e6rer, Trondheim kommunale musikkskole, 1996-1997<\/li>\n\n\n\n<li>Vokalut\u00f8ving, hovedinstrument (90 stp.), Musikkonservatoriet i Trondheim, NTNU, 1995-1997<\/li>\n\n\n\n<li>Hovedfag i musikk, NTNU (120 stp.), Cand.Philol, 1993-1996<\/li>\n\n\n\n<li>Grunnfag og mellomfag i musikk, NTNU (81 stp.), 1992-1993<\/li>\n\n\n\n<li>Spesialpedagog, Nordland fylkeskommune, Asphaugen videreg\u00e5ende skole, 1990-1992<\/li>\n\n\n\n<li>Spesialpedagogikk (30 stp.), Bod\u00f8 l\u00e6rerh\u00f8gskole, 1990-1991<\/li>\n\n\n\n<li>Rektor og allmennl\u00e6rer, Bod\u00f8 kommune, 1989-1990<\/li>\n\n\n\n<li>Mediefag (60 stp.), Cand.mag. Bod\u00f8 l\u00e6rerh\u00f8gskole\/H\u00f8gskolesenteret i Nordland, 1988-1989<\/li>\n\n\n\n<li>Allmennl\u00e6rerutdanning (180 stp.), Bod\u00f8 l\u00e6rerh\u00f8gskole, med 60 stp. musikk, 1985-1888<\/li>\n<\/ul>\n\n\n\n<p><strong>Forskning<\/strong><\/p>\n\n\n\n<p>Min forskningsinteresse inkluderer sang b\u00e5de i profesjonell og ikke-profesjonell sammenheng,&nbsp;&nbsp;musikk- og kunstutdanning generelt, kultursosiologi og livshistorieforskning. Jeg er sjefredakt\u00f8r for den vitenskapelige skriftserien&nbsp;<em>Kunst og kultur i oppl\u00e6ring<\/em>&nbsp;som utgis med \u00e5pen tilgang p\u00e5 Cappelen Damm Forskning.<\/p>\n\n\n\n<p><strong>Sentrale publikasjoner<\/strong><\/p>\n\n\n\n<ol class=\"wp-block-list\">\n<li>Balsnes, A., Knigge, J. &amp; Str\u00f8m, R. V. (under utgivelse). L\u00e6rerstudenters erfaringer,\u00a0<\/li>\n\n\n\n<li>kompetanser, holdninger og legitimeringsargumenter knyttet til sang. I \u00d8. Elle, J. Thorstensen &amp; \u00d8. Waren (Red.),\u00a0<em>Musikkfagets kompleksitet og bredde &#8211; nye praksiser i et sammensatt samfunn.<\/em>\u00a0Cappelen Damm Akademisk, NOASP.\u00a0<\/li>\n\n\n\n<li>Str\u00f8m, R. V. &amp; Orset, A. K. (2024). B\u00e6re eller briste? Om talestemmen som<\/li>\n\n\n\n<li>profesjonsfaglig verkt\u00f8y i skolen. I A. H. Balsnes, I. Danbolt &amp; S. Haukenes, (Red.),\u00a0<em>Sangglede og stemmebruk i skolen<\/em>\u00a0(s. 18\u201333). Gyldendal.\u00a0<\/li>\n\n\n\n<li>Str\u00f8m, R. V. &amp; Orset, A. K. (2023). B\u00e6re eller briste? Om talestemmen som profesjonsfaglig<\/li>\n\n\n\n<li>verkt\u00f8y. I A. H. Balsnes, L. A. Hagen &amp; S. Haukenes (Red.),\u00a0<em>Sangglede og stemmebruk i barnehagen<\/em>\u00a0(s. 16\u201328). Gyldendal.\u00a0<\/li>\n\n\n\n<li>Str\u00f8m, R. V., Eiksund, \u00d8. J. &amp; Balsnes, A. H. (2022).\u00a0<em>Samsang gjennom livsl\u00f8pet\u00a0<\/em>(Red.).\u00a0<\/li>\n\n\n\n<li>Cappelen Damm Akademisk.\u00a0<a href=\"https:\/\/doi.org\/10.23865\/noasp.162\">https:\/\/doi.org\/10.23865\/noasp.162<\/a><\/li>\n\n\n\n<li>Str\u00f8m, R. V. &amp; Knigge, J. (2022). Konstitueringen av en semiprofesjonell jentekorpraksis.\u00a0<\/li>\n\n\n\n<li>En retrospektiv empirisk studie om frambringelsen av varige kulturelle verdier i et jentekor. I R. V. Str\u00f8m, O. J. Eiksund &amp; A. H. Balsnes (Red.),\u00a0<em>Samsang gjennom livsl\u00f8pet\u00a0<\/em>(s. 129\u2013171). Cappelen Damm Akademisk.\u00a0<a href=\"https:\/\/doi.org\/10.23865\/noasp.162.ch5\">https:\/\/doi.org\/10.23865\/noasp.162.ch5<\/a><\/li>\n\n\n\n<li>Str\u00f8m, R. V. (2021).\u00a0<em>Det usikre sangerlivet. En livshistoriestudie p\u00e5 langs og p\u00e5 tvers<\/em><\/li>\n\n\n\n<li><em>i klassiske sangeres sosiale praksis<\/em>. Cappelen Damm Akademisk.\u00a0<a href=\"https:\/\/doi.org\/10.23865\/noasp.125\">https:\/\/doi.org\/10.23865\/noasp.125<\/a><\/li>\n<\/ol>\n","protected":false},"excerpt":{"rendered":"<p>Regine Vesterlid Str\u00f8m, Dosent (ph.d.) i musikk Undervisning For tiden underviser jeg i sang, kor, samspill og musikkpedagogikk\/didaktikk i grunnskolel\u00e6rer-utdanningen og i KfK videreutdanning for l\u00e6rere.&nbsp; Faglig biografi Forskning Min forskningsinteresse inkluderer sang b\u00e5de i profesjonell og ikke-profesjonell sammenheng,&nbsp;&nbsp;musikk- og kunstutdanning generelt, kultursosiologi og livshistorieforskning. Jeg er sjefredakt\u00f8r for den vitenskapelige skriftserien&nbsp;Kunst og kultur i [&hellip;]<\/p>\n","protected":false},"author":181,"featured_media":0,"parent":0,"menu_order":0,"comment_status":"closed","ping_status":"closed","template":"","meta":{"footnotes":""},"coauthors":[],"class_list":["post-317","page","type-page","status-publish","hentry"],"_links":{"self":[{"href":"https:\/\/site.nord.no\/spk\/wp-json\/wp\/v2\/pages\/317","targetHints":{"allow":["GET"]}}],"collection":[{"href":"https:\/\/site.nord.no\/spk\/wp-json\/wp\/v2\/pages"}],"about":[{"href":"https:\/\/site.nord.no\/spk\/wp-json\/wp\/v2\/types\/page"}],"author":[{"embeddable":true,"href":"https:\/\/site.nord.no\/spk\/wp-json\/wp\/v2\/users\/181"}],"replies":[{"embeddable":true,"href":"https:\/\/site.nord.no\/spk\/wp-json\/wp\/v2\/comments?post=317"}],"version-history":[{"count":3,"href":"https:\/\/site.nord.no\/spk\/wp-json\/wp\/v2\/pages\/317\/revisions"}],"predecessor-version":[{"id":344,"href":"https:\/\/site.nord.no\/spk\/wp-json\/wp\/v2\/pages\/317\/revisions\/344"}],"wp:attachment":[{"href":"https:\/\/site.nord.no\/spk\/wp-json\/wp\/v2\/media?parent=317"}],"wp:term":[{"taxonomy":"author","embeddable":true,"href":"https:\/\/site.nord.no\/spk\/wp-json\/wp\/v2\/coauthors?post=317"}],"curies":[{"name":"wp","href":"https:\/\/api.w.org\/{rel}","templated":true}]}}

Omtale Regine Vesterlid Strøm

<p><strong>Regine Vesterlid Strøm, Dosent (ph.d.) i musikk</strong></p>



<p><strong>Undervisning</strong></p>



<p>For tiden underviser jeg i sang, kor, samspill og musikkpedagogikk/didaktikk i grunnskolelærer-utdanningen og i KfK videreutdanning for lærere.&nbsp;<strong></strong></p>



<p><strong>Faglig biografi</strong></p>



<ul class="wp-block-list">
<li>Dosent (ph.d.) i musikk, Nord universitet siden 2024</li>



<li>Universitetspedagogikk (10 stp.), Nord universitet, 2022</li>



<li>Seksjonskoordinator, musikk, Nord universitet siden 2017</li>



<li>Stipendiat. Ph.d i studier av profesjonspraksis, Universitetet i Nordland, 2009-2015</li>



<li>Førstelektor i musikk, Nord universitet siden 2006</li>



<li>Studieleder, faglærerutdanninger i musikk, dans og drama, Høgskolen i Bodø, 2005-2008</li>



<li>Høgskolelektor i musikk, Høgskolen i Bodø, 1997-2006</li>



<li>Sanglærer, Trondheim kommunale musikkskole, 1996-1997</li>



<li>Vokalutøving, hovedinstrument (90 stp.), Musikkonservatoriet i Trondheim, NTNU, 1995-1997</li>



<li>Hovedfag i musikk, NTNU (120 stp.), Cand.Philol, 1993-1996</li>



<li>Grunnfag og mellomfag i musikk, NTNU (81 stp.), 1992-1993</li>



<li>Spesialpedagog, Nordland fylkeskommune, Asphaugen videregående skole, 1990-1992</li>



<li>Spesialpedagogikk (30 stp.), Bodø lærerhøgskole, 1990-1991</li>



<li>Rektor og allmennlærer, Bodø kommune, 1989-1990</li>



<li>Mediefag (60 stp.), Cand.mag. Bodø lærerhøgskole/Høgskolesenteret i Nordland, 1988-1989</li>



<li>Allmennlærerutdanning (180 stp.), Bodø lærerhøgskole, med 60 stp. musikk, 1985-1888</li>
</ul>



<p><strong>Forskning</strong></p>



<p>Min forskningsinteresse inkluderer sang både i profesjonell og ikke-profesjonell sammenheng,&nbsp;&nbsp;musikk- og kunstutdanning generelt, kultursosiologi og livshistorieforskning. Jeg er sjefredaktør for den vitenskapelige skriftserien&nbsp;<em>Kunst og kultur i opplæring</em>&nbsp;som utgis med åpen tilgang på Cappelen Damm Forskning.</p>



<p><strong>Sentrale publikasjoner</strong></p>



<ol class="wp-block-list">
<li>Balsnes, A., Knigge, J. &amp; Strøm, R. V. (under utgivelse). Lærerstudenters erfaringer, </li>



<li>kompetanser, holdninger og legitimeringsargumenter knyttet til sang. I Ø. Elle, J. Thorstensen &amp; Ø. Waren (Red.), <em>Musikkfagets kompleksitet og bredde &#8211; nye praksiser i et sammensatt samfunn.</em> Cappelen Damm Akademisk, NOASP. </li>



<li>Strøm, R. V. &amp; Orset, A. K. (2024). Bære eller briste? Om talestemmen som</li>



<li>profesjonsfaglig verktøy i skolen. I A. H. Balsnes, I. Danbolt &amp; S. Haukenes, (Red.), <em>Sangglede og stemmebruk i skolen</em> (s. 18–33). Gyldendal. </li>



<li>Strøm, R. V. &amp; Orset, A. K. (2023). Bære eller briste? Om talestemmen som profesjonsfaglig</li>



<li>verktøy. I A. H. Balsnes, L. A. Hagen &amp; S. Haukenes (Red.), <em>Sangglede og stemmebruk i barnehagen</em> (s. 16–28). Gyldendal. </li>



<li>Strøm, R. V., Eiksund, Ø. J. &amp; Balsnes, A. H. (2022). <em>Samsang gjennom livsløpet </em>(Red.). </li>



<li>Cappelen Damm Akademisk. <a href="https://doi.org/10.23865/noasp.162">https://doi.org/10.23865/noasp.162</a></li>



<li>Strøm, R. V. &amp; Knigge, J. (2022). Konstitueringen av en semiprofesjonell jentekorpraksis. </li>



<li>En retrospektiv empirisk studie om frambringelsen av varige kulturelle verdier i et jentekor. I R. V. Strøm, O. J. Eiksund &amp; A. H. Balsnes (Red.), <em>Samsang gjennom livsløpet </em>(s. 129–171). Cappelen Damm Akademisk. <a href="https://doi.org/10.23865/noasp.162.ch5">https://doi.org/10.23865/noasp.162.ch5</a></li>



<li>Strøm, R. V. (2021). <em>Det usikre sangerlivet. En livshistoriestudie på langs og på tvers</em></li>



<li><em>i klassiske sangeres sosiale praksis</em>. Cappelen Damm Akademisk. <a href="https://doi.org/10.23865/noasp.125">https://doi.org/10.23865/noasp.125</a></li>
</ol>

<p>Regine Vesterlid Strøm, Dosent (ph.d.) i musikk Undervisning For tiden underviser jeg i sang, kor, samspill og musikkpedagogikk/didaktikk i grunnskolelærer-utdanningen og i KfK videreutdanning for lærere.&nbsp; Faglig biografi Forskning Min forskningsinteresse inkluderer sang både i profesjonell og ikke-profesjonell sammenheng,&nbsp;&nbsp;musikk- og kunstutdanning generelt, kultursosiologi og livshistorieforskning. Jeg er sjefredaktør for den vitenskapelige skriftserien&nbsp;Kunst og kultur i [&hellip;]</p>
