{"id":655,"date":"2022-04-27T13:25:08","date_gmt":"2022-04-27T11:25:08","guid":{"rendered":"https:\/\/site.nord.no\/ssmc\/?page_id=655"},"modified":"2025-07-14T12:48:57","modified_gmt":"2025-07-14T10:48:57","slug":"hendingar","status":"publish","type":"page","link":"https:\/\/site.nord.no\/ssmc\/hendingar\/","title":{"rendered":"Hendingar"},"content":{"rendered":"\n<p><a href=\"https:\/\/site.nord.no\/ssmc\/mote-med-britisk-museum\/\">M\u00f8te med British Museum juni 2025<\/a><\/p>\n\n\n\n<p><a href=\"https:\/\/site.nord.no\/ssmc\/skriveseminar-23-og-24-mai-2024-umea\/\">Skriveseminar 23. og 24. mai 2024, Ume\u00e5<\/a> <\/p>\n\n\n\n<p><a href=\"https:\/\/site.nord.no\/ssmc\/deltaking-pa-raasten-rastah-samisk-kulturfestival\/\">Deltaking p\u00e5 Raasten rastah, september 2023<\/a> <\/p>\n\n\n\n<p><a href=\"https:\/\/site.nord.no\/ssmc\/skriveseminar-27-og-28-september-roros\/\">Seminar 27. \u2013 28. september 2023, R\u00f8ros<\/a> <\/p>\n\n\n\n<p><a href=\"https:\/\/site.nord.no\/ssmc\/coming-event-23-06-2022-international-seminar-on-indigenous-knowledge-and-heritage-management\/\">Internasjonalt seminar om urfolkskunnskap og kunnskapsforvalting 23.06.2022<\/a><\/p>\n\n\n\n<p><a href=\"https:\/\/site.nord.no\/ssmc\/mote-med-prosjektpartnarar-16-17-feb-2022\/\">M\u00f8te med prosjektpartnarar 09.-10.03 2022<\/a> <\/p>\n\n\n\n<p><a href=\"https:\/\/site.nord.no\/ssmc\/oppstartsmote\/\">Oppstartsm\u00f8te med partnarane 10.01.2022<\/a><\/p>\n\n\n\n<p><\/p>\n","protected":false},"excerpt":{"rendered":"<p>M\u00f8te med British Museum juni 2025 Skriveseminar 23. og 24. mai 2024, Ume\u00e5 Deltaking p\u00e5 Raasten rastah, september 2023 Seminar 27. \u2013 28. september 2023, R\u00f8ros Internasjonalt seminar om urfolkskunnskap og kunnskapsforvalting 23.06.2022 M\u00f8te med prosjektpartnarar 09.-10.03 2022 Oppstartsm\u00f8te med partnarane 10.01.2022<\/p>\n","protected":false},"author":75,"featured_media":0,"parent":0,"menu_order":0,"comment_status":"closed","ping_status":"closed","template":"","meta":{"footnotes":""},"coauthors":[2],"class_list":["post-655","page","type-page","status-publish","hentry"],"_links":{"self":[{"href":"https:\/\/site.nord.no\/ssmc\/wp-json\/wp\/v2\/pages\/655","targetHints":{"allow":["GET"]}}],"collection":[{"href":"https:\/\/site.nord.no\/ssmc\/wp-json\/wp\/v2\/pages"}],"about":[{"href":"https:\/\/site.nord.no\/ssmc\/wp-json\/wp\/v2\/types\/page"}],"author":[{"embeddable":true,"href":"https:\/\/site.nord.no\/ssmc\/wp-json\/wp\/v2\/users\/75"}],"replies":[{"embeddable":true,"href":"https:\/\/site.nord.no\/ssmc\/wp-json\/wp\/v2\/comments?post=655"}],"version-history":[{"count":17,"href":"https:\/\/site.nord.no\/ssmc\/wp-json\/wp\/v2\/pages\/655\/revisions"}],"predecessor-version":[{"id":938,"href":"https:\/\/site.nord.no\/ssmc\/wp-json\/wp\/v2\/pages\/655\/revisions\/938"}],"wp:attachment":[{"href":"https:\/\/site.nord.no\/ssmc\/wp-json\/wp\/v2\/media?parent=655"}],"wp:term":[{"taxonomy":"author","embeddable":true,"href":"https:\/\/site.nord.no\/ssmc\/wp-json\/wp\/v2\/coauthors?post=655"}],"curies":[{"name":"wp","href":"https:\/\/api.w.org\/{rel}","templated":true}]}}