{"id":1091,"date":"2021-12-22T10:09:04","date_gmt":"2021-12-22T09:09:04","guid":{"rendered":"https:\/\/blogg.nord.no\/studenterssuksess\/?page_id=1091"},"modified":"2021-12-22T10:55:06","modified_gmt":"2021-12-22T09:55:06","slug":"norce-evalueringsrapport","status":"publish","type":"page","link":"https:\/\/site.nord.no\/studenterssuksess\/norce-evalueringsrapport\/","title":{"rendered":"NORCE evalueringsrapport"},"content":{"rendered":"<p>NORCE evaluerte prosjektet kompetansedeling for studenters suksess i h\u00f8yere utdanning i 2019. Form\u00e5let med evalueringen var \u00e5 gi en uavhengig vurdering av om prosjektet ser ut til \u00e5 n\u00e5 de m\u00e5l som ble satt, og hvordan organisering, drift og finansiering fungerer. Ut ifra evalueringen, og Evalueringssamlingen holdt i juni 2019, vises det at de fleste respondenter \u00f8nsker videref\u00f8ring av prosjektet slik som det er, eller i justert form. <a href=\"https:\/\/site.nord.no\/studenterssuksess\/wp-content\/uploads\/sites\/36\/2021\/12\/NFYE-Rapport-v030619.pdf\">Les mer her<\/a>.<\/p>\n","protected":false},"excerpt":{"rendered":"<p>NORCE evaluerte prosjektet kompetansedeling for studenters suksess i h\u00f8yere utdanning i 2019. Form\u00e5let med evalueringen var \u00e5 gi en uavhengig vurdering av om prosjektet ser ut til \u00e5 n\u00e5 de [&hellip;]<\/p>\n","protected":false},"author":75,"featured_media":0,"parent":0,"menu_order":0,"comment_status":"closed","ping_status":"closed","template":"","meta":{"footnotes":""},"coauthors":[3],"class_list":["post-1091","page","type-page","status-publish","hentry"],"_links":{"self":[{"href":"https:\/\/site.nord.no\/studenterssuksess\/wp-json\/wp\/v2\/pages\/1091","targetHints":{"allow":["GET"]}}],"collection":[{"href":"https:\/\/site.nord.no\/studenterssuksess\/wp-json\/wp\/v2\/pages"}],"about":[{"href":"https:\/\/site.nord.no\/studenterssuksess\/wp-json\/wp\/v2\/types\/page"}],"author":[{"embeddable":true,"href":"https:\/\/site.nord.no\/studenterssuksess\/wp-json\/wp\/v2\/users\/75"}],"replies":[{"embeddable":true,"href":"https:\/\/site.nord.no\/studenterssuksess\/wp-json\/wp\/v2\/comments?post=1091"}],"version-history":[{"count":1,"href":"https:\/\/site.nord.no\/studenterssuksess\/wp-json\/wp\/v2\/pages\/1091\/revisions"}],"predecessor-version":[{"id":1093,"href":"https:\/\/site.nord.no\/studenterssuksess\/wp-json\/wp\/v2\/pages\/1091\/revisions\/1093"}],"wp:attachment":[{"href":"https:\/\/site.nord.no\/studenterssuksess\/wp-json\/wp\/v2\/media?parent=1091"}],"wp:term":[{"taxonomy":"author","embeddable":true,"href":"https:\/\/site.nord.no\/studenterssuksess\/wp-json\/wp\/v2\/coauthors?post=1091"}],"curies":[{"name":"wp","href":"https:\/\/api.w.org\/{rel}","templated":true}]}}