{"id":1561,"date":"2017-12-18T14:04:40","date_gmt":"2017-12-18T14:04:40","guid":{"rendered":"http:\/\/nfye.w.uib.no\/?page_id=1561"},"modified":"2017-12-18T14:04:40","modified_gmt":"2017-12-18T14:04:40","slug":"arets-arrangementkalender","status":"publish","type":"page","link":"https:\/\/site.nord.no\/studenterssuksess\/aktuelt\/arets-arrangementkalender\/","title":{"rendered":"Arrangementer i 2018"},"content":{"rendered":"<p>I <strong>mars<\/strong>\u00a0ble det arrangert et kurs og et seminar med temaet &laquo;mottak og f\u00f8rstesemester&raquo;:<\/p>\n<ul>\n<li>5.- 6. mars: <strong><a href=\"https:\/\/site.nord.no\/studenterssuksess\/kurs-og-arbeidsstue-om-mottak-og-forstesemester\/\">Kurs om mottak og f\u00f8rstesemester<\/a><\/strong> <a href=\"https:\/\/site.nord.no\/studenterssuksess\/kurs-og-arbeidsstue-om-mottak-og-forstesemester\/\">\u00a0<\/a><span style=\"color: #ff0000\"><br \/>\n<\/span><\/li>\n<li>7.- 8. mars: <strong><a href=\"https:\/\/site.nord.no\/studenterssuksess\/arbeidsseminar-om-mottak-og-forstesemester-7-8-mars\/\">Seminar om mottak og f\u00f8rstesemester<\/a><\/strong>\u00a0<span style=\"color: #ff0000\"><br \/>\n<\/span><\/li>\n<\/ul>\n<p>I <strong>juni<\/strong> ble det arrangert to seminar:<\/p>\n<ul>\n<li>19.-20. juni: <b><a href=\"https:\/\/site.nord.no\/studenterssuksess\/analysestatistikk-tentativt-13-14-juni-3\/\">Hvordan framstille og presentere data for studiegjennomf\u00f8ring i h\u00f8yere utdanning?<\/a>\u00a0<\/b><\/li>\n<li>21.-22. juni: <a href=\"https:\/\/site.nord.no\/studenterssuksess\/fa-organisasjonen-med-kulturbygging-og-kompetanseheving\/\"><strong>F\u00e5 organisasjonen med &#8211; kulturbygging og kompetanseheving<\/strong><\/a><\/li>\n<\/ul>\n<p>Prosjektet anbefalte ogs\u00e5 flest mulig \u00e5 delta p\u00e5 <a href=\"https:\/\/efye2018.nl\/\"><strong>EFYE i Utrecht 25.-27. juni<\/strong><\/a>.<br \/>\nI <strong>oktober<\/strong> arrangerer vi et seminar:<\/p>\n<ul>\n<li>3.-4. oktober: <strong><a href=\"https:\/\/site.nord.no\/studenterssuksess\/hvordan-tilrettelegge-gode-mentorordninger\/\">Hvordan tilrettelegge gode mentorordninger?<\/a><\/strong><\/li>\n<\/ul>\n<p>I <strong>november<\/strong> planla vi \u00e5 arrangerer konferansen <strong>Studenter som inkluderes lykkes bedre!<\/strong>\u00a0 i T\u00f8nsberg. Ved f<span style=\"color: #0000ff\"><span style=\"color: #000000\">risten for \u00e5 <strong>melde inn innlegg\u00a0 3. september<\/strong> var det kommet for f\u00e5 forslag til \u00e5 kunne skape den bredden vi trenger. Mye tyder p\u00e5 at en \u00e5rlig konferanse blir for hyppig. For at konferansen skal bli best mulig er det n\u00f8dvendig med bedre tid til planlegging og vi utsetter den derfor til november\/desember 2019.<br \/>\n<\/span><\/span><br \/>\n<strong>Spill gjerne inn!<\/strong><br \/>\nHar dere tema dere \u00f8nsker vi skal fokusere p\u00e5 eller andre innspill til seminarene og \u00e5rskonferansen? <a href=\"mailto:nfye@uib.no\">Vi h\u00f8rer gjerne fra dere.<\/a><\/p>\n","protected":false},"excerpt":{"rendered":"<p>I mars\u00a0ble det arrangert et kurs og et seminar med temaet &laquo;mottak og f\u00f8rstesemester&raquo;: 5.- 6. mars: Kurs om mottak og f\u00f8rstesemester \u00a0 7.- 8. mars: Seminar om mottak og [&hellip;]<\/p>\n","protected":false},"author":86,"featured_media":1648,"parent":9,"menu_order":0,"comment_status":"closed","ping_status":"closed","template":"","meta":{"footnotes":""},"coauthors":[],"class_list":["post-1561","page","type-page","status-publish","has-post-thumbnail","hentry"],"_links":{"self":[{"href":"https:\/\/site.nord.no\/studenterssuksess\/wp-json\/wp\/v2\/pages\/1561","targetHints":{"allow":["GET"]}}],"collection":[{"href":"https:\/\/site.nord.no\/studenterssuksess\/wp-json\/wp\/v2\/pages"}],"about":[{"href":"https:\/\/site.nord.no\/studenterssuksess\/wp-json\/wp\/v2\/types\/page"}],"author":[{"embeddable":true,"href":"https:\/\/site.nord.no\/studenterssuksess\/wp-json\/wp\/v2\/users\/86"}],"replies":[{"embeddable":true,"href":"https:\/\/site.nord.no\/studenterssuksess\/wp-json\/wp\/v2\/comments?post=1561"}],"version-history":[{"count":0,"href":"https:\/\/site.nord.no\/studenterssuksess\/wp-json\/wp\/v2\/pages\/1561\/revisions"}],"up":[{"embeddable":true,"href":"https:\/\/site.nord.no\/studenterssuksess\/wp-json\/wp\/v2\/pages\/9"}],"wp:featuredmedia":[{"embeddable":true,"href":"https:\/\/site.nord.no\/studenterssuksess\/wp-json\/wp\/v2\/media\/1648"}],"wp:attachment":[{"href":"https:\/\/site.nord.no\/studenterssuksess\/wp-json\/wp\/v2\/media?parent=1561"}],"wp:term":[{"taxonomy":"author","embeddable":true,"href":"https:\/\/site.nord.no\/studenterssuksess\/wp-json\/wp\/v2\/coauthors?post=1561"}],"curies":[{"name":"wp","href":"https:\/\/api.w.org\/{rel}","templated":true}]}}