{"id":1576,"date":"2017-12-18T14:49:42","date_gmt":"2017-12-18T14:49:42","guid":{"rendered":"http:\/\/nfye.w.uib.no\/?page_id=1576"},"modified":"2017-12-18T14:49:42","modified_gmt":"2017-12-18T14:49:42","slug":"litteratur-og-nettsteder","status":"publish","type":"page","link":"https:\/\/site.nord.no\/studenterssuksess\/deltagelse-i-prosjektet\/litteratur-og-nettsteder\/","title":{"rendered":"Sentral litteratur og nyttige nettsider"},"content":{"rendered":"<p>Her er en oversikt over relevant litteratur og nyttige nettsider om utfordringene som ligger til grunn for prosjektet. Send gjerne tips til nfye@uib.no om litteratur eller nettsider som b\u00f8r v\u00e6re med her.<\/p>\n<div class=\"entry-content\">\n<strong>Litteratur<br \/>\n<\/strong>Vi anbefale f\u00f8lgende arbeider som et utgangspunkt for \u00e5 f\u00e5 et overblikk over utfordringene vi st\u00e5r overfor. Tre av arbeidene er fra USA og er relativt gamle. Det er kommet nyere versjoner, men arbeidet med disse problemstillingene har kommet noen ti\u00e5r lengre ved en rekke amerikanske universitet. Derfor er denne litteraturen like aktuell ved europeiske universitet i dag. For mer aktuell litteratur, ogs\u00e5 norsk og europeisk, vil vi anbefale litteraturlisten i S\u00e6thre sin bok.<\/p>\n<ul>\n<li>Astin, A.W. (1993). <em>What Matters in College: Four Critical Years Revisited<\/em>. San Francisco: Jossey-Bass.<\/li>\n<li>Pascarella, E., Terenzini, P. (1991). <em>How College Affects Students: Findings and Insights from Twenty Years of Research<\/em>. San Francisco, Jossey-Bass Inc.<\/li>\n<li>S\u00e6thre, H. \u00c5. (2014) <em>\u00c5 tilrettelegge for at studentene skal lykkes.<\/em> Bergen: Haas1 \u2013 forlag<\/li>\n<li>Tinto, V. (1993). <em>Leaving College: Rethinking the Causes and Cures of Student Attrition<\/em>. 2nd Edition, Chicago: University of Chicago PressEdit<\/li>\n<\/ul>\n<div class=\"entry-content\">\n<strong>Nettsider<br \/>\n<\/strong>Bli inspirert ved \u00e5 ta en tur innom disse nettsidene.<\/p>\n<ul>\n<li><a href=\"http:\/\/www.sc.edu\/fye\/\">National Resource Center for The First-Year Experience and Students in Transition<\/a><br \/>\nDette er USA sitt ressurssenter p\u00e5 f\u00f8rste\u00e5rsstudenten og studenter i overgangsfaser. Det anbefales \u00e5 sjekke ut ressursene p\u00e5 sidene og melde seg p\u00e5 diskusjonforum eller \u00abListserves\u00bb.<\/li>\n<li><a href=\"http:\/\/efye2015.w.uib.no\/\">EFYE 2015, Bergen<\/a><br \/>\nAlle abstract fra konferansen ligger p\u00e5 denne siden.<\/li>\n<li><a href=\"https:\/\/nifu.brage.unit.no\/nifu-xmlui\/handle\/11250\/2593810\">NIFU<\/a><br \/>\n\u00c5rsaker til frafall i h\u00f8yere utdanning: En forskningsoppsummering av studier basert p\u00e5 norsk data<\/li>\n<\/ul>\n<\/div>\n<\/div>\n<div id=\"page\" class=\"hfeed site\">\n<div id=\"content\" class=\"site-content\">\n<div class=\"wrapper\"><\/div>\n<\/div>\n<\/div>\n","protected":false},"excerpt":{"rendered":"<p>Her er en oversikt over relevant litteratur og nyttige nettsider om utfordringene som ligger til grunn for prosjektet. Send gjerne tips til nfye@uib.no om litteratur eller nettsider som b\u00f8r v\u00e6re [&hellip;]<\/p>\n","protected":false},"author":86,"featured_media":2477,"parent":7,"menu_order":3,"comment_status":"closed","ping_status":"closed","template":"","meta":{"footnotes":""},"coauthors":[],"class_list":["post-1576","page","type-page","status-publish","has-post-thumbnail","hentry"],"_links":{"self":[{"href":"https:\/\/site.nord.no\/studenterssuksess\/wp-json\/wp\/v2\/pages\/1576","targetHints":{"allow":["GET"]}}],"collection":[{"href":"https:\/\/site.nord.no\/studenterssuksess\/wp-json\/wp\/v2\/pages"}],"about":[{"href":"https:\/\/site.nord.no\/studenterssuksess\/wp-json\/wp\/v2\/types\/page"}],"author":[{"embeddable":true,"href":"https:\/\/site.nord.no\/studenterssuksess\/wp-json\/wp\/v2\/users\/86"}],"replies":[{"embeddable":true,"href":"https:\/\/site.nord.no\/studenterssuksess\/wp-json\/wp\/v2\/comments?post=1576"}],"version-history":[{"count":0,"href":"https:\/\/site.nord.no\/studenterssuksess\/wp-json\/wp\/v2\/pages\/1576\/revisions"}],"up":[{"embeddable":true,"href":"https:\/\/site.nord.no\/studenterssuksess\/wp-json\/wp\/v2\/pages\/7"}],"wp:featuredmedia":[{"embeddable":true,"href":"https:\/\/site.nord.no\/studenterssuksess\/wp-json\/wp\/v2\/media\/2477"}],"wp:attachment":[{"href":"https:\/\/site.nord.no\/studenterssuksess\/wp-json\/wp\/v2\/media?parent=1576"}],"wp:term":[{"taxonomy":"author","embeddable":true,"href":"https:\/\/site.nord.no\/studenterssuksess\/wp-json\/wp\/v2\/coauthors?post=1576"}],"curies":[{"name":"wp","href":"https:\/\/api.w.org\/{rel}","templated":true}]}}