{"id":267,"date":"2016-12-21T13:46:28","date_gmt":"2016-12-21T13:46:28","guid":{"rendered":"http:\/\/nfye.w.uib.no\/?page_id=267"},"modified":"2016-12-21T13:46:28","modified_gmt":"2016-12-21T13:46:28","slug":"hvordan-arbeider-vi-pa-seminarene","status":"publish","type":"page","link":"https:\/\/site.nord.no\/studenterssuksess\/hvordan-arbeider-vi-pa-seminarene\/","title":{"rendered":"Hvordan arbeider vi p\u00e5 seminarene?"},"content":{"rendered":"<p>De ulike delene introduseres med et innlegg fra en eller flere av deltagerne. Innleggene blir bestilt av oss som arrangerer arbeidsseminaret p\u00e5 bakgrunn av p\u00e5meldingen og andre forhold vi kjenner til om deltagerne. Innleggene munner ut i ulike sp\u00f8rsm\u00e5l innlederen har p\u00e5 bakgrunn av sine erfaringer.<br \/>\nDet arbeides deretter i mindre grupper med \u00e5 besvare disse sp\u00f8rsm\u00e5lene og eventuelt andre sp\u00f8rsm\u00e5l som kommer opp underveis fra deltagerne. Hver gruppe skriver stikkord eller korte setninger om hva som blir diskutert inn p\u00e5 seminaret sin vegg i Padlet. Svarene presenteres i plenum.<br \/>\nArbeidsseminarene vil fungere f\u00f8rst og frem som en \u00abhjernestorming\u00bb for \u00e5 f\u00e5 belyst sentrale problemstillinger og synliggj\u00f8re mulige l\u00f8sninger. De er i utgangspunktet ikke tenkt som et sted hvor vi lager konkrete planer for det som skal gj\u00f8res. Det er imidlertid ingen ting i veien for at deltagerne selv har laget planer i forkant som de underveis redigerer.<br \/>\n<a href=\"https:\/\/site.nord.no\/studenterssuksess\/tidsplan-arbeidsseminar\/\">Tidsplan for seminarene<\/a><br \/>\n<a href=\"https:\/\/site.nord.no\/studenterssuksess\/wp-content\/uploads\/sites\/36\/2017\/09\/Innforing-i-Padlet.pdf\">Enkel innf\u00f8ring i bruk av Padlet<\/a><\/p>\n","protected":false},"excerpt":{"rendered":"<p>De ulike delene introduseres med et innlegg fra en eller flere av deltagerne. Innleggene blir bestilt av oss som arrangerer arbeidsseminaret p\u00e5 bakgrunn av p\u00e5meldingen og andre forhold vi kjenner [&hellip;]<\/p>\n","protected":false},"author":82,"featured_media":0,"parent":0,"menu_order":0,"comment_status":"closed","ping_status":"closed","template":"","meta":{"footnotes":""},"coauthors":[],"class_list":["post-267","page","type-page","status-publish","hentry"],"_links":{"self":[{"href":"https:\/\/site.nord.no\/studenterssuksess\/wp-json\/wp\/v2\/pages\/267","targetHints":{"allow":["GET"]}}],"collection":[{"href":"https:\/\/site.nord.no\/studenterssuksess\/wp-json\/wp\/v2\/pages"}],"about":[{"href":"https:\/\/site.nord.no\/studenterssuksess\/wp-json\/wp\/v2\/types\/page"}],"author":[{"embeddable":true,"href":"https:\/\/site.nord.no\/studenterssuksess\/wp-json\/wp\/v2\/users\/82"}],"replies":[{"embeddable":true,"href":"https:\/\/site.nord.no\/studenterssuksess\/wp-json\/wp\/v2\/comments?post=267"}],"version-history":[{"count":0,"href":"https:\/\/site.nord.no\/studenterssuksess\/wp-json\/wp\/v2\/pages\/267\/revisions"}],"wp:attachment":[{"href":"https:\/\/site.nord.no\/studenterssuksess\/wp-json\/wp\/v2\/media?parent=267"}],"wp:term":[{"taxonomy":"author","embeddable":true,"href":"https:\/\/site.nord.no\/studenterssuksess\/wp-json\/wp\/v2\/coauthors?post=267"}],"curies":[{"name":"wp","href":"https:\/\/api.w.org\/{rel}","templated":true}]}}