{"id":270,"date":"2021-12-02T12:22:29","date_gmt":"2021-12-02T11:22:29","guid":{"rendered":"https:\/\/blogg.nord.no\/studenterssuksess\/?page_id=270"},"modified":"2025-09-01T10:15:09","modified_gmt":"2025-09-01T08:15:09","slug":"historie","status":"publish","type":"page","link":"https:\/\/site.nord.no\/studenterssuksess\/historie\/","title":{"rendered":"Historie"},"content":{"rendered":"<p><strong>Prosjektperiode<br \/><\/strong><a href=\"http:\/\/www.uib.no\/matnat\/85042\/nettverk-%C3%A5-tilrettelegge-studentene-skal-lykkes\">9. januar 2015 var over 60 deltagere fra 20 l\u00e6resteder og samskipnader samlet i Bergen.<\/a>\u00a0Hensikten var \u00e5 dr\u00f8fte utfordringene med det store frafallet i h\u00f8yere utdanning og muligheten for \u00e5 opprette et nettverk for deling av kompetanse.<\/p>\n<p>Det ble der enighet om \u00e5 nedsette et interimsstyre som skulle utarbeide et mer detaljert forslag til hvordan et slikt nettverk kunne organiseres og finansieres.\u00a0<a href=\"https:\/\/site.nord.no\/studenterssuksess\/interimstyret\/\">Interimstyret la frem sitt forslag i november 2015<\/a>. Deretter fulgte en periode med formelle avklaringer hvor blant annet ordet nettverk ble endret til prosjekt f\u00f8r det ble det sendt ut en formell invitasjon i m\u00e5nedsskifte juni\/juli 2016 til alle l\u00e6resteder og samskipnader i Norge med 15. september 2016 som frist til \u00e5 svare om de \u00f8nsket \u00e5 bli med.<\/p>\n<p>Prosjektet\u00a0<em><a href=\"https:\/\/site.nord.no\/studenterssuksess\/wp-content\/uploads\/sites\/36\/2021\/12\/Prosjektet-Kompetansedeling-for-studenters-suksess-i-hoyere-utdanning.pdf\">Kompetansedeling for studenters suksess i h\u00f8yere utdanning<\/a><\/em>\u00a0startet formelt opp 01.01.2017 med en prosjektperiode ut 2019.<\/p>\n<p><strong>Nettverksperiode<br \/><\/strong><a href=\"https:\/\/site.nord.no\/studenterssuksess\/norce-evalueringsrapport\/\">Prosjektet ble evaluert av NORCE og etter Evalueringssamlingen i juni 2019<\/a>\u00a0bestemte dav\u00e6rende Styringsgruppen, sammen med medlemsinstitusjonene og delstillingene i prosjektet, for at prosjektet skulle fortsette som et nettverk med noen endringer. Dette f\u00f8rte til at\u00a0<a href=\"https:\/\/site.nord.no\/studenterssuksess\/hva-er-nettverket\/\"><em>Kompetansenettverk for studenters suksess i h\u00f8yere utdanning<\/em><\/a> startet formelt opp 01.01.2020.<\/p>\n<p>01.01.2022 ble sekretariatet til nettverket flyttet fra Universitetet i Bergen til Nord universitet. Nettverket har i siden den gang markert seg enda sterkere i sektoren spesielt gjennom sine mange digitale og fysiske seminar. Det har ogs\u00e5 i perioden 2022- d.d. v\u00e6rt fokus p\u00e5 \u00e5 bygge opp nettverkets eierside for \u00e5 sikre kompetanse og \u00f8konomisk drift av nettverket. Pr. 01.01.2025 har nettverker 23 medeiere som er universitet, h\u00f8gskoler og samskipnader i Norge.<\/p>\n<p>01.09.2025 byttet nettverket sitt navn fra Kompetansenettverk for studenters suksess i h\u00f8yere utdanning til L\u00c6R-VEL &#8211; Nasjonalt kompetansenettverk for studenters l\u00e6ringsmilj\u00f8 og velferd. Endringen ble bestemt av nettverket styringsgruppe p\u00e5 bakgrunn av at man \u00f8nsket et navn p\u00e5 nettverket som tydeligere formidlet nettverket form\u00e5l.\u00a0<\/p>\n\n\n<p><\/p>\n","protected":false},"excerpt":{"rendered":"<p>Prosjektperiode9. januar 2015 var over 60 deltagere fra 20 l\u00e6resteder og samskipnader samlet i Bergen.\u00a0Hensikten var \u00e5 dr\u00f8fte utfordringene med det store frafallet i h\u00f8yere utdanning og muligheten for \u00e5 [&hellip;]<\/p>\n","protected":false},"author":73,"featured_media":0,"parent":0,"menu_order":0,"comment_status":"closed","ping_status":"closed","template":"","meta":{"footnotes":""},"coauthors":[8],"class_list":["post-270","page","type-page","status-publish","hentry"],"_links":{"self":[{"href":"https:\/\/site.nord.no\/studenterssuksess\/wp-json\/wp\/v2\/pages\/270","targetHints":{"allow":["GET"]}}],"collection":[{"href":"https:\/\/site.nord.no\/studenterssuksess\/wp-json\/wp\/v2\/pages"}],"about":[{"href":"https:\/\/site.nord.no\/studenterssuksess\/wp-json\/wp\/v2\/types\/page"}],"author":[{"embeddable":true,"href":"https:\/\/site.nord.no\/studenterssuksess\/wp-json\/wp\/v2\/users\/73"}],"replies":[{"embeddable":true,"href":"https:\/\/site.nord.no\/studenterssuksess\/wp-json\/wp\/v2\/comments?post=270"}],"version-history":[{"count":5,"href":"https:\/\/site.nord.no\/studenterssuksess\/wp-json\/wp\/v2\/pages\/270\/revisions"}],"predecessor-version":[{"id":9489,"href":"https:\/\/site.nord.no\/studenterssuksess\/wp-json\/wp\/v2\/pages\/270\/revisions\/9489"}],"wp:attachment":[{"href":"https:\/\/site.nord.no\/studenterssuksess\/wp-json\/wp\/v2\/media?parent=270"}],"wp:term":[{"taxonomy":"author","embeddable":true,"href":"https:\/\/site.nord.no\/studenterssuksess\/wp-json\/wp\/v2\/coauthors?post=270"}],"curies":[{"name":"wp","href":"https:\/\/api.w.org\/{rel}","templated":true}]}}