{"id":280,"date":"2021-12-02T12:27:36","date_gmt":"2021-12-02T11:27:36","guid":{"rendered":"https:\/\/blogg.nord.no\/studenterssuksess\/?page_id=280"},"modified":"2025-12-09T13:10:35","modified_gmt":"2025-12-09T12:10:35","slug":"ressurspersoner","status":"publish","type":"page","link":"https:\/\/site.nord.no\/studenterssuksess\/ressurspersoner\/","title":{"rendered":"Ressurspersoner"},"content":{"rendered":"\n<div class=\"wp-block-group is-layout-constrained wp-block-group-is-layout-constrained\">\n<figure class=\"wp-block-image size-full\"><img fetchpriority=\"high\" decoding=\"async\" width=\"4032\" height=\"3024\" src=\"https:\/\/site.nord.no\/studenterssuksess\/wp-content\/uploads\/sites\/36\/2025\/01\/IMG_4458.jpg\" alt=\"\" class=\"wp-image-9186\" \/><\/figure>\n<\/div>\n\n\n<p>Som en del av eierskapsforpliktelsen skal hver medeierinstitusjon utpeke \u00e9n ressursperson til nettverket. For \u00e5 sikre aktiv deltakelse, involvering og reell innflytelse p\u00e5 nettverkets virksomhet, skal denne ressurspersonen ha en tydelig forankring i arbeidet med studenters l\u00e6ringsmilj\u00f8 og velferd ved egen institusjon. Ressurspersonen inng\u00e5r i et faglig kollegium best\u00e5ende av representanter fra samtlige medeierinstitusjoner.<\/p>\n<p><strong>Ressurspersonens rolle og ansvar:<\/strong><\/p>\n<ul>\n<li>Representere egen institusjon og bidra aktivt i nettverkets virksomhet.<\/li>\n<li>V\u00e6re en p\u00e5driver for \u00e5 gj\u00f8re nettverkets form\u00e5l, aktiviteter og resultater kjent internt ved egen institusjon, og har ansvar for \u00e5 informere ledelsen og relevante organer og utvalg om nettverkets virksomhet.<\/li>\n<li>Delta i nettverkets regelmessige m\u00f8ter for ressurspersoner og \u00e5rlige samling for gruppen av ressurspersoner.<\/li>\n<li>Bidra til planlegging og gjennomf\u00f8ring av nettverkets arrangementer gjennom deltakelse i arbeidsgrupper.<\/li>\n<\/ul>\n<h2>Sittende ressurspersoner:<\/h2>\n<p>Universitet og h\u00f8gskoler:\u00a0<\/p>\n<ul>\n<li>Norges milj\u00f8- og biovitenskapelige universitet: Bodil Norderval (bodil.norderval@nmbu.no)<\/li>\n<li>H\u00f8gskolen i Innlandet: Ingar Dahlen (ingar.dahlen@inn.no)<\/li>\n<li>Nord universitet: Malin Olsen (<a href=\"mailto:karoline.a.wik@nord.no\">malin.b.olsen@nord.no<\/a>)<\/li>\n<li>H\u00f8gskolen i Molde: Torild Joa Halvorsen (torhild.j.halvorsen@himolde.no)\u00a0<\/li>\n<li>Norges teknisk-naturvitenskapelige universitet: Nora-Marie Bratteb\u00f8 (<a href=\"mailto:nora-marie.brattebo@ntnu.no\">nora-marie.brattebo@ntnu.no<\/a>)<\/li>\n<li>Universitetet i Troms\u00f8 \u2013 Norges arktiske universitet: Ingvild Lorentzen (<a class=\"Hyperlink SCXW101299381 BCX9\" href=\"mailto:ingvild.lorentzen@uit.no\" target=\"_blank\" rel=\"noreferrer noopener\"><span class=\"TextRun Underlined SCXW101299381 BCX9\" lang=\"NB-NO\" xml:lang=\"NB-NO\" data-contrast=\"none\"><span class=\"NormalTextRun SCXW101299381 BCX9\" data-ccp-charstyle=\"Hyperlink\">ingvild.lorentzen@uit.no)<\/span><\/span><\/a><span class=\"EOP SCXW101299381 BCX9\" data-ccp-props=\"{&quot;201341983&quot;:0,&quot;335559740&quot;:259}\">\u00a0<\/span><\/li>\n<li>Universitetet i Agder Hanne Andersen-Steinsland: (<a href=\"mailto:hanne.andersen-steinsland@uia.no\">hanne.andersen-steinsland@uia.no<\/a>)<\/li>\n<li>H\u00f8yskolen p\u00e5 Vestlandet: \u00d8ystein Backelin (<a href=\"mailto:oystein.backelin@hvl.no\">oystein.backelin@hvl.no<\/a>)<\/li>\n<li>Handelsh\u00f8yskolen BI: Vibeke Aarflot (vibeke.e.aarflot@bi.no)<\/li>\n<li>Universitetet i S\u00f8r\u00f8st-Norge: \u00d8yvind Bakke Reier (oyvind.bakke@usn.no)<\/li>\n<li>H\u00f8gskolen i \u00d8stfold: Solveig Berge (solveig.berge@hiof.no)<\/li>\n<li>VID vitenskapelig h\u00f8gskole: Kristin Johnsen (kristin.johnsen@vid.no)<\/li>\n<\/ul>\n<p>Studentsamskipnader:\u00a0<\/p>\n<ul>\n<li>Studentsamskipnaden i Innlandet: Ingrid Solli Kollen (Ingrid.Kolloen@sinn.no)<\/li>\n<li>Studentsamskipnaden i Volda: Eli Anne L\u00f8ksa (<a href=\"mailto:loksae@hivolda.no\">loksae@sivolda.no<\/a>)<\/li>\n<li>Studentsamkipnaden i Molde: Eva-Merete Otterlei B\u00f8rstad (<a href=\"mailto:eva-merete@simolde.no\">eva-merete@simolde.no<\/a>)<\/li>\n<li>SiT \u2013 Studentsamskipnaden i Gj\u00f8vik, \u00c5lesund og Trondheim: Marianne Karlsen (marianne.ingeborg.karlsen@sit.no)<\/li>\n<li>Studentsamkipnaden p\u00e5 Vestlandet (SAMMEN): Tine \u00d8. Blomfeldt (<a href=\"mailto:Tine.Blomfeldt@sammen.no\">Tine.Blomfeldt@sammen.no<\/a>)<\/li>\n<li>Norges Arktiske studentsamskipnad: Line Vr\u00e5berg (<a href=\"mailto:line.vraberg@samskipnaden.no\">line.vraberg@samskipnaden.no<\/a>)<\/li>\n<li>Studentinord: Vegard Dybvik (vegard.dybvik@studentinord.no)<\/li>\n<li>Studentsamskipnaden i Agder: Benedicte Nordlie (benedicte.nordlie@sia.no)<\/li>\n<li>Samskipnaden SiO: Karin Erichsen (karinmagdalena.erichsen@sio.no)<\/li>\n<li>Samskipnaden i \u00c5s: Marit Raaf (marit.raaf@sias.no)<\/li>\n<li>Samskipnaden i \u00d8stfold: Morten Solberg M\u00f8ller (morten.s.moller@hiof.no)<\/li>\n<\/ul>\n\n\n<p><\/p>\n","protected":false},"excerpt":{"rendered":"<p>Som en del av eierskapsforpliktelsen skal hver medeierinstitusjon utpeke \u00e9n ressursperson til nettverket. For \u00e5 sikre aktiv deltakelse, involvering og reell innflytelse p\u00e5 nettverkets virksomhet, skal denne ressurspersonen ha en [&hellip;]<\/p>\n","protected":false},"author":73,"featured_media":0,"parent":0,"menu_order":0,"comment_status":"closed","ping_status":"closed","template":"","meta":{"footnotes":""},"coauthors":[8],"class_list":["post-280","page","type-page","status-publish","hentry"],"_links":{"self":[{"href":"https:\/\/site.nord.no\/studenterssuksess\/wp-json\/wp\/v2\/pages\/280","targetHints":{"allow":["GET"]}}],"collection":[{"href":"https:\/\/site.nord.no\/studenterssuksess\/wp-json\/wp\/v2\/pages"}],"about":[{"href":"https:\/\/site.nord.no\/studenterssuksess\/wp-json\/wp\/v2\/types\/page"}],"author":[{"embeddable":true,"href":"https:\/\/site.nord.no\/studenterssuksess\/wp-json\/wp\/v2\/users\/73"}],"replies":[{"embeddable":true,"href":"https:\/\/site.nord.no\/studenterssuksess\/wp-json\/wp\/v2\/comments?post=280"}],"version-history":[{"count":38,"href":"https:\/\/site.nord.no\/studenterssuksess\/wp-json\/wp\/v2\/pages\/280\/revisions"}],"predecessor-version":[{"id":9735,"href":"https:\/\/site.nord.no\/studenterssuksess\/wp-json\/wp\/v2\/pages\/280\/revisions\/9735"}],"wp:attachment":[{"href":"https:\/\/site.nord.no\/studenterssuksess\/wp-json\/wp\/v2\/media?parent=280"}],"wp:term":[{"taxonomy":"author","embeddable":true,"href":"https:\/\/site.nord.no\/studenterssuksess\/wp-json\/wp\/v2\/coauthors?post=280"}],"curies":[{"name":"wp","href":"https:\/\/api.w.org\/{rel}","templated":true}]}}