{"id":4745,"date":"2020-04-14T11:25:32","date_gmt":"2020-04-14T11:25:32","guid":{"rendered":"http:\/\/nfye.w.uib.no\/?page_id=4745"},"modified":"2020-04-14T11:25:32","modified_gmt":"2020-04-14T11:25:32","slug":"rekruttere-studenter-til-mentorordninger-eller-andre-tiltak","status":"publish","type":"page","link":"https:\/\/site.nord.no\/studenterssuksess\/rekruttere-studenter-til-mentorordninger-eller-andre-tiltak\/","title":{"rendered":"Rekruttere studenter til mentorordninger eller til andre oppgaver i studentmottaket  Nettdiskusjon 30. april kl. 12 &#8211; 14"},"content":{"rendered":"<p><span style=\"color: #993300\">Neste Nettdiskusjon\u00a0 kommer14. mai\u00a0 &#8211;\u00a0 Tittel: <a href=\"https:\/\/site.nord.no\/studenterssuksess\/hvordan-gjennomfore-mottak-av-nye-studenter-i-koronatider\/\">Hvordan gjennomf\u00f8re mottak av nye studenter i koronatider?<\/a><\/span><br \/>\nStikkord til diskusjonen 30. april var :<\/p>\n<ul>\n<li><a href=\"https:\/\/site.nord.no\/studenterssuksess\/utlysning\/\"><em>Utlysning<\/em><\/a><\/li>\n<li><a href=\"https:\/\/site.nord.no\/studenterssuksess\/frivillig-lonnet\/\"><em>Frivillig\/L\u00f8nnet<\/em><\/a><\/li>\n<li><a href=\"https:\/\/site.nord.no\/studenterssuksess\/headhunting\/\"><em>Headhunting<\/em><\/a><\/li>\n<li><a href=\"https:\/\/site.nord.no\/studenterssuksess\/gruppeintervju\/\"><em>Gruppeintervju<\/em><\/a><\/li>\n<li><em><em><a href=\"https:\/\/site.nord.no\/studenterssuksess\/timing\/\">Timing<\/a><br \/>\n<\/em><\/em><\/li>\n<\/ul>\n<p>Mange tiltak i mottaket av nye studenter kan st\u00e5 og falle p\u00e5 om vi greier \u00e5 rekruttere et tilstrekkelig antall eldre studenter. Dessuten vil denne rekrutteringsfasen legge grunnlaget for at de studentene som deltar vet hva de g\u00e5r til og kan gj\u00f8re en best mulig jobb.<br \/>\nDette nettm\u00f8te vil v\u00e6re et sted hvor vi kan utveksle gode og d\u00e5rlige erfaringer i denne rekrutteringsfasen. Send gjerne inn sp\u00f8rsm\u00e5l i forveien som dere \u00f8nsker at vi skal ta opp. Send sp\u00f8rsm\u00e5lene til <a href=\"mailto:nfye@uib.no\">nfye@uib.no<\/a> og merk e-posten nettdiskusjon.<br \/>\nMen det hele vil ikke v\u00e6re avhengig av deltagernes sp\u00f8rsm\u00e5l. Vi har f\u00e5tt med oss noen som har ulike erfaringer med \u00e5 rekruttere eldre studenter til slike oppgaver. De vil ikke holde innlegg, men svare p\u00e5 sp\u00f8rsm\u00e5l vi har gitt dem i forkant. <a href=\"https:\/\/site.nord.no\/studenterssuksess\/wp-content\/uploads\/sites\/36\/2020\/04\/Sporsmal-til-nettmotet-30.pdf\">Finn eksempler p\u00e5 sp\u00f8rsm\u00e5l her.<\/a> Tanken er at vi med sp\u00f8rsm\u00e5lene g\u00e5r systematisk gjennom ulike utfordringer som er aktuelle i arbeidet med \u00e5 rekruttere studenter. Underveis regner vi med at dere som deltagere vil \u00f8nske \u00e5 f\u00e5 forklart noe n\u00e6rmere, eller kan dele egne erfaringer.<br \/>\nDa er nettdiskusjonen\/intervju\/ samtale gjennomf\u00f8rt<br \/>\n<span style=\"color: #ff0000\">Dere finner lenke til lydopptak og chat fra m\u00f8tet lenger neder p\u00e5 denne siden:-)<br \/>\nDer ser dere ogs\u00e5 tidene for n\u00e5r i samtalen vi tar opp ulike tema<\/span><\/p>\n<h3>Ansvarlig for m\u00f8tet var:<\/h3>\n<p>Sekretariatsleder Harald \u00c5ge S\u00e6thre<br \/>\nTil \u00e5 svare p\u00e5 sp\u00f8rsm\u00e5l hadde han f\u00e5tt med seg:<br \/>\n<strong>Trine Holm Larsen<br \/>\n<\/strong>Seniorr\u00e5dgiver<br \/>\nBFE-fakultetet (Fakultet for Biovitenskap, Fiskeri og \u00d8konomi), Universitetet i Troms\u00f8<br \/>\nTrine koordinerer mentorordningen p\u00e5 UiT og har ansvaret for mentorordningen ved Norges fiskerih\u00f8gskole (NFH). Hun har jobbet med mentorordningen siden 2017, og en slags forl\u00f8per fra h\u00f8sten 2016.<br \/>\n<strong>Trygve Str\u00f8msnes<\/strong><br \/>\nStuderer Bioteknologi p\u00e5 Universitetet i Troms\u00f8 og har v\u00e6rt mentor siden h\u00f8sten 2018.<br \/>\nTrygve ble mentor fordi han var meget forn\u00f8yd med mentoren som han hadde hatt og som inspirerte han til \u00e5 bli mentor selv. Han liker \u00e5 jobbe for \u00e5 forbedre studiet for neste generasjon og synes det \u00e5 v\u00e6re mentor er meget g\u00f8y og givende.<br \/>\nLes mer om mentorordningene ved Universitetet i Troms\u00f8:<br \/>\n&#8211; <a href=\"https:\/\/site.nord.no\/studenterssuksess\/2019\/11\/08\/p6-mentorordningen-til-norges-fiskerihogskoles-tre-bachelorprogrammer-fra-a-til-a-hva-har-vi-gjort-og-hva-har-vi-laert\/ https:\/\/site.nord.no\/studenterssuksess\/2019\/11\/08\/p6-mentorordningen-til-norges-fiskerihogskoles-tre-bachelorprogrammer-fra-a-til-a-hva-har-vi-gjort-og-hva-har-vi-laert\/\">Mentorordningen til Norges fiskerih\u00f8gskoles tre bachelorprogrammer fra A til \u00c5 \u2013 Hva har vi gjort og hva har vi l\u00e6rt?<\/a><br \/>\n&#8211; <a href=\"https:\/\/site.nord.no\/studenterssuksess\/2017\/11\/24\/a-16-attraktivt-for-alle\/\">Studentmentor \u2013 attraktivt for alle?<\/a><br \/>\n&#8211; <a href=\"https:\/\/site.nord.no\/studenterssuksess\/2018\/09\/25\/mentorprosjektet-ved-uit\/\">Mentorprosjekt ved 6 program, UiT<\/a><br \/>\n<strong>Thomas Kalvik<br \/>\n<\/strong>R\u00e5dgiver ved Det matematisk-naturvitenskapelige fakultet, Universitetet i Bergen<br \/>\nThomas koordinerer mentorordningen og studiestart ved MatNat. Han har jobbet med mentorordningen siden v\u00e5ren 2019.<br \/>\n<strong>Hannah S\u00f8nsteng R\u00f8kke<\/strong><br \/>\nStuderer Biologi p\u00e5 UiB, og har v\u00e6rt mentor siden h\u00f8sten 2019.<br \/>\nHannah ble mentor fordi hun \u00f8nsket \u00e5 v\u00e6re med p\u00e5 \u00e5 ta imot nye studenter, og hjelpe de med \u00e5 komme inn i sosiale og faglige rutiner p\u00e5 Universitetet s\u00e5 fort som mulig. Hun har f\u00e5tt mye positivt ut av \u00e5 v\u00e6re mentor, blant annet \u00e5 se hvordan de nye studentene ser ut til \u00e5 bli integrert i fagmilj\u00f8ene tidligere, og at det ser ut som de er mer komfortable p\u00e5 campus.<br \/>\nLes mer om mentorordningene ved MatNat, Universitetet i Bergen:<br \/>\n&#8211; <a href=\"https:\/\/site.nord.no\/studenterssuksess\/2019\/11\/08\/p5-mentorering-i-grupper-pilotprosjekt-for-etablering-av-mentorordning-ved-matnat\/\">Mentorering i grupper \u2013 pilotprosjekt for etablering av mentorordning ved MatNat, UiB<\/a><br \/>\nSe en <a href=\"https:\/\/vimeo.com\/383285038\">video om ordningen her\u00a0<\/a><br \/>\nSe <a href=\"https:\/\/site.nord.no\/studenterssuksess\/wp-content\/uploads\/sites\/36\/2020\/04\/utlysning-studentmentor-2020-mn-uib.pdf\">\u00e5rets utlysning her<\/a><br \/>\n<strong>Leif Arne L\u00f8haugen<\/strong><br \/>\nF\u00f8rstekonsulent, Fakultet for teknologi og realfag ved Universitetet i Agder.<br \/>\nLeif er administrator av mentorprosjektet ved fakultetet siden 2018.<br \/>\nLes mer om mentorordningene ved Fakultet for teknologi og realfag, Universitetet i Agder:<br \/>\n&#8211; <a href=\"https:\/\/site.nord.no\/studenterssuksess\/2019\/11\/08\/st1-og-po1-prosjekt-fyse-en-mentorordning-for-forstearsstudenter\/\">Prosjekt FYSE: En mentorordning for f\u00f8rste\u00e5rsstudenter<\/a><br \/>\n<strong>Harald \u00c5ge S\u00e6thre<br \/>\n<\/strong>Sekretariatsleder ved Kompetansenettverk for studenters suksess i h\u00f8yere utdanning. Han har i tillegg til delstilling i nettverket sin stilling knyttet til Det humanistiske fakultet, UiB.<br \/>\nHarald \u00c5ge har v\u00e6rt med \u00e5 utvikle mentorordningen p\u00e5 ved MatNat, UiB, og skal n\u00e5 ogs\u00e5 i gang med \u00e5 innf\u00f8re mentorordning ved HF ved UiB.<br \/>\nF\u00f8lgende innlegg fra Harald \u00c5ge g\u00e5r inn i detaljer av mentorordningen ved MatNat, Universitetet i Bergen:<br \/>\n&#8211; <a href=\"https:\/\/site.nord.no\/studenterssuksess\/2019\/11\/20\/p14-hva-er-mentorens-rolle-egentlig\/\">Hva er mentorens rolle egentlig?<\/a><br \/>\n&#8211; <a href=\"https:\/\/site.nord.no\/studenterssuksess\/2019\/11\/20\/st4-og-po4-det-forste-studiearet-hva-er-utfordringene-som-kan-motes-av-en-mentorordning\/\">Det f\u00f8rste studie\u00e5ret \u2013 Hva er utfordringene som kan m\u00f8tes av en mentorordning<\/a><br \/>\n&nbsp;<br \/>\nDere finner lydopptak fra Del 1 og Chat <a href=\"https:\/\/site.nord.no\/studenterssuksess\/lydopptak-av-del-1-og-chat-av-nettdiskusjon-30-april-kl-12-14\/\">p\u00e5 denne siden<\/a><br \/>\nDer ser dere ogs\u00e5 tidene for n\u00e5r i samtalen vi tar opp ulike tema<br \/>\n&nbsp;<br \/>\n<strong>Flere m\u00f8ter!<\/strong><br \/>\nLegg ogs\u00e5 merke til at det planlegges flere slike m\u00f8ter utover v\u00e5ren<br \/>\nForel\u00f8pig datoer er: 14. mai, 28. mai og 11. juni<br \/>\n<span style=\"color: #993300\">Neste Nettdiskusjon\u00a0 kommer14. mai\u00a0 &#8211;\u00a0 Tittel: <a href=\"https:\/\/site.nord.no\/studenterssuksess\/hvordan-gjennomfore-mottak-av-nye-studenter-i-koronatider\/\">Hvordan gjennomf\u00f8re mottak av nye studenter i koronatider?<\/a><\/span><br \/>\nTentative tema videre er:<\/p>\n<ul>\n<li>Informasjon av nye studenter i forkant av mottak (hva, hvordan, n\u00e5r )<\/li>\n<li>Mer om hva vi gj\u00f8r med mottaket i koronatider<\/li>\n<\/ul>\n<p>&nbsp;<\/p>\n","protected":false},"excerpt":{"rendered":"<p>Neste Nettdiskusjon\u00a0 kommer14. mai\u00a0 &#8211;\u00a0 Tittel: Hvordan gjennomf\u00f8re mottak av nye studenter i koronatider? Stikkord til diskusjonen 30. april var : Utlysning Frivillig\/L\u00f8nnet Headhunting Gruppeintervju Timing Mange tiltak i mottaket [&hellip;]<\/p>\n","protected":false},"author":82,"featured_media":4834,"parent":0,"menu_order":0,"comment_status":"closed","ping_status":"closed","template":"","meta":{"footnotes":""},"coauthors":[],"class_list":["post-4745","page","type-page","status-publish","has-post-thumbnail","hentry"],"_links":{"self":[{"href":"https:\/\/site.nord.no\/studenterssuksess\/wp-json\/wp\/v2\/pages\/4745","targetHints":{"allow":["GET"]}}],"collection":[{"href":"https:\/\/site.nord.no\/studenterssuksess\/wp-json\/wp\/v2\/pages"}],"about":[{"href":"https:\/\/site.nord.no\/studenterssuksess\/wp-json\/wp\/v2\/types\/page"}],"author":[{"embeddable":true,"href":"https:\/\/site.nord.no\/studenterssuksess\/wp-json\/wp\/v2\/users\/82"}],"replies":[{"embeddable":true,"href":"https:\/\/site.nord.no\/studenterssuksess\/wp-json\/wp\/v2\/comments?post=4745"}],"version-history":[{"count":0,"href":"https:\/\/site.nord.no\/studenterssuksess\/wp-json\/wp\/v2\/pages\/4745\/revisions"}],"wp:featuredmedia":[{"embeddable":true,"href":"https:\/\/site.nord.no\/studenterssuksess\/wp-json\/wp\/v2\/media\/4834"}],"wp:attachment":[{"href":"https:\/\/site.nord.no\/studenterssuksess\/wp-json\/wp\/v2\/media?parent=4745"}],"wp:term":[{"taxonomy":"author","embeddable":true,"href":"https:\/\/site.nord.no\/studenterssuksess\/wp-json\/wp\/v2\/coauthors?post=4745"}],"curies":[{"name":"wp","href":"https:\/\/api.w.org\/{rel}","templated":true}]}}