{"id":4792,"date":"2020-04-27T09:58:09","date_gmt":"2020-04-27T09:58:09","guid":{"rendered":"http:\/\/nfye.w.uib.no\/?page_id=4792"},"modified":"2020-04-27T09:58:09","modified_gmt":"2020-04-27T09:58:09","slug":"timing","status":"publish","type":"page","link":"https:\/\/site.nord.no\/studenterssuksess\/timing\/","title":{"rendered":"Timing"},"content":{"rendered":"<p><strong>Ressurser om timing<\/strong><br \/>\nS\u00e5 \u00e5 si alle institusjoner begynner med planlegging av mentorordningen deres i v\u00e5r, med oppstart i h\u00f8st. Her er et par eksempler:<br \/>\n<strong>1.<\/strong> <a href=\"https:\/\/site.nord.no\/studenterssuksess\/2019\/11\/08\/p6-mentorordningen-til-norges-fiskerihogskoles-tre-bachelorprogrammer-fra-a-til-a-hva-har-vi-gjort-og-hva-har-vi-laert\/\">Mentorordningen til Norges fiskerih\u00f8gskoles tre bachelorprogrammer fra A til \u00c5 \u2013 Hva har vi gjort og hva har vi l\u00e6rt?<\/a><br \/>\n<strong>2.<\/strong> <a href=\"https:\/\/site.nord.no\/studenterssuksess\/2019\/11\/08\/w5-mentordning-fra-spredte-piloter-til-fullskala-satsing\/\">Mentordning \u2013 fra spredte piloter til fullskala satsing<\/a><br \/>\n<strong>3.<\/strong> <a href=\"https:\/\/site.nord.no\/studenterssuksess\/2019\/11\/08\/p3-mentorit-en-student-til-student-mentorordning-for-informatikkstudenter\/\">En student-til-student-mentorordning for informatikkstudenter<\/a><br \/>\n<strong>4.<\/strong> <a href=\"https:\/\/site.nord.no\/studenterssuksess\/2019\/11\/08\/p5-mentorering-i-grupper-pilotprosjekt-for-etablering-av-mentorordning-ved-matnat\/\">Mentorering i grupper \u2013 pilotprosjekt for etablering av mentorordning ved MatNat, UiB<\/a><br \/>\n&nbsp;<\/p>\n","protected":false},"excerpt":{"rendered":"<p>Ressurser om timing S\u00e5 \u00e5 si alle institusjoner begynner med planlegging av mentorordningen deres i v\u00e5r, med oppstart i h\u00f8st. Her er et par eksempler: 1. Mentorordningen til Norges fiskerih\u00f8gskoles [&hellip;]<\/p>\n","protected":false},"author":88,"featured_media":0,"parent":0,"menu_order":0,"comment_status":"closed","ping_status":"closed","template":"","meta":{"footnotes":""},"coauthors":[],"class_list":["post-4792","page","type-page","status-publish","hentry"],"_links":{"self":[{"href":"https:\/\/site.nord.no\/studenterssuksess\/wp-json\/wp\/v2\/pages\/4792","targetHints":{"allow":["GET"]}}],"collection":[{"href":"https:\/\/site.nord.no\/studenterssuksess\/wp-json\/wp\/v2\/pages"}],"about":[{"href":"https:\/\/site.nord.no\/studenterssuksess\/wp-json\/wp\/v2\/types\/page"}],"author":[{"embeddable":true,"href":"https:\/\/site.nord.no\/studenterssuksess\/wp-json\/wp\/v2\/users\/88"}],"replies":[{"embeddable":true,"href":"https:\/\/site.nord.no\/studenterssuksess\/wp-json\/wp\/v2\/comments?post=4792"}],"version-history":[{"count":0,"href":"https:\/\/site.nord.no\/studenterssuksess\/wp-json\/wp\/v2\/pages\/4792\/revisions"}],"wp:attachment":[{"href":"https:\/\/site.nord.no\/studenterssuksess\/wp-json\/wp\/v2\/media?parent=4792"}],"wp:term":[{"taxonomy":"author","embeddable":true,"href":"https:\/\/site.nord.no\/studenterssuksess\/wp-json\/wp\/v2\/coauthors?post=4792"}],"curies":[{"name":"wp","href":"https:\/\/api.w.org\/{rel}","templated":true}]}}