{"id":4837,"date":"2020-05-01T13:47:12","date_gmt":"2020-05-01T13:47:12","guid":{"rendered":"http:\/\/nfye.w.uib.no\/?page_id=4837"},"modified":"2020-05-01T13:47:12","modified_gmt":"2020-05-01T13:47:12","slug":"hvordan-gjennomfore-mottak-av-nye-studenter-i-koronatider","status":"publish","type":"page","link":"https:\/\/site.nord.no\/studenterssuksess\/hvordan-gjennomfore-mottak-av-nye-studenter-i-koronatider\/","title":{"rendered":"Hvordan gjennomf\u00f8re mottak av nye studenter i koronatider?"},"content":{"rendered":"<h3><strong>Ne<\/strong><strong>ttsamlingen fant sted torsdag 14. mai kl 12 &#8211; 14<\/strong><\/h3>\n<p><span style=\"color: #ff0000\"><b>\u00a0<\/b><\/span><br \/>\n<a href=\"https:\/\/site.nord.no\/studenterssuksess\/video-av-del-1-og-chat-og-padlet-av-nettsamlingen-14-mai-kl-12-14\">Klikk her for \u00e5 se p\u00e5 video, chat, presentasjoner og Padlet-veggen.<\/a><br \/>\nSmittesituasjonen medf\u00f8rer til at vi m\u00e5 tenke alternativt rundt hvordan vi tar imot studentene i august. Siden vi ikke vet akkurat hva situasjonen vil bli m\u00e5 det ogs\u00e5 legges alternative planer for ulike Scenario. Noen snakker om heldigitale l\u00f8sninger der studentene ikke m\u00f8ter fysisk p\u00e5 campus, andre om at de ikke vil ta opp studenter dersom de ikke kan m\u00f8te p\u00e5 campus. P\u00e5 nettsamlingen fikk med oss to innledere og to programledere til \u00e5 lose oss gjennom den f\u00f8rste delen av samnlingen.<br \/>\n<strong>Seniorr\u00e5dgiver Bente Ringlund Bun\u00e6s i UHR-sekretariatet<\/strong> fortalte om innspill som UHR har gitt til KD, om aktuelle scenarioer for de problemstillingene institusjonene kan st\u00e5 overfor ved studiestart og om mulige behov for felles retningslinjer ved de ulike scenarioene. Hun fortalte ogs\u00e5\u00a0om ulike problemstillinger som kom opp i diskusjonen mellom l\u00e6restedene der det var store ulikheter i tankesett.<br \/>\n<strong>Seniorr\u00e5dgiver Tonje Dahlbak leder teamet som blant annet har ansvaret for velkomstseremoni og fadderordning ved OsloMet<\/strong>. Hun tok opp tre hovedutfordringer:<br \/>\n&#8211; Hvordan inkludere studenter i faglig-sosiale milj\u00f8er dersom digital studiestart.<br \/>\n&#8211; Hvordan motivere faddere til \u00e5 bli med i fadderordningen i en s\u00e5 usikker tid som n\u00e5.<br \/>\n&#8211; Hvordan s\u00f8rge for god og m\u00e5lrettet informasjon s\u00e5 tidlig som mulig, uten mulighet for \u00e5 kontakte f\u00f8rsteprioritetss\u00f8kere f\u00f8r etter de har takket ja. S\u00e6rlig mtp. koronasituasjonen ogs\u00e5.<br \/>\n<strong>Nettsamlingen ble ledet programledere og radarparet Valle og Str\u00f8msnes.<\/strong> De arbeider til dagen som studentvert og studentprest ved Nord Universitet og Studentinord i Bod\u00f8. <a href=\"https:\/\/www.studentinord.no\/podcast-valle-og-stromsnes\">Sammen har de laget podcasten Valle og Str\u00f8msnes.<\/a><br \/>\n<strong>Iben Kardel var produksjonsansvarlig for nettsamlingen.<\/strong> Hun er ressursperson for H\u00f8gskolen i Innlandet i nettverket. Til dagen er Iben Kardel avdelingsdirekt\u00f8r ved Utdanningsavdelingen, Seksjon for studenttjenester ved H\u00f8gskolen i Innlandet.<br \/>\n<strong>Gruppediskusjoner: <\/strong>Det ble lagt opp til rikelig tid til gruppediskusjoner best\u00e5ende av 8-11 deltakere. Gruppediskusjonen ble ledet av en deltaker fra hver gruppe.<br \/>\n<strong>H\u00f8y p\u00e5meldingen: <\/strong>359 \u00f8nsket \u00e5 delta p\u00e5 nettsamlingen, og vi tok imot 300 da Zoom har en kapasitet p\u00e5 300 for\u00a0gruppediskusjoner.<strong><br \/>\n<\/strong><br \/>\nPlassene ble fordelt slik:<\/p>\n<ul>\n<li>De som var p\u00e5meldt f\u00f8r kl. 15.30 onsdag 13. mai og ansatt i en av organisasjonene <a href=\"https:\/\/site.nord.no\/studenterssuksess\/hvem-star-bak-nettverket\/\">som finansierer nettverket<\/a>,<\/li>\n<li>Noen ledige plasser ble fordelt etter onsdag 13. mai kl. 15 til andre etter n\u00e5r de meldte seg p\u00e5.<\/li>\n<\/ul>\n<p>Sp\u00f8rsm\u00e5l om nettsamlingen og p\u00e5melding kan rettes til \u00a0<a href=\"mailto:nfye@uib.no\">nfye@uib.no<\/a><\/p>\n<hr \/>\n<p><strong>Digital fadderoppl\u00e6ring <\/strong><br \/>\n<a href=\"https:\/\/www.sikresiden.no\/\">sikresiden.no<\/a> har et gratis tilbud til fadderne de gjerne vil ha v\u00e5r hjelp til \u00e5 f\u00e5 gjort kjent.<br \/>\n<a href=\"https:\/\/www.sikresiden.no\/\">sikresiden.no<\/a> er et sikkerhetssamarbeid mellom universitetene og h\u00f8gskolene i Norge. De lanserer i \u00e5r mobilspillet \u00abTrygg Fadder\u00bb &#8211; en digital fadderoppl\u00e6ring. Spillet er utviklet i samarbeid med l\u00e6resteder og studentsamskipnader. En pilot av spillet ble pr\u00f8vd ut p\u00e5 6 l\u00e6resteder i fjor\u00e5rets fadderuke, og tilbakemeldingene fra studentene var str\u00e5lende: 100 % mente det var en g\u00f8y m\u00e5te \u00e5 l\u00e6re nyttige ting p\u00e5. Eksempler p\u00e5 moduler i spillet er \u00abAnsvarlig p\u00e5 fest\u00bb, \u00abF\u00f8rstehjelp\u00bb, \u00abUsynlige sykdommer\u00bb og \u00abTrygg fadderuke\u00bb. I \u00e5r er spillet gratis for alle faddere tilknyttet sikresiden.no sine deltakere (universitetene og h\u00f8gskolene), og flere har allerede meldt seg p\u00e5.\u00a0 <a href=\"https:\/\/www.sikresiden.no\/node\/803\">P\u00e5melding til fadderoppl\u00e6ring her<\/a><\/p>\n<hr \/>\n<p><strong>Se\u00a0 mer om forrige nettsamling og lytt til opptak<\/strong><br \/>\n<a href=\"https:\/\/site.nord.no\/studenterssuksess\/rekruttere-studenter-til-mentorordninger-eller-andre-tiltak\/\">REKRUTTERE STUDENTER TIL MENTORORDNINGER ELLER TIL ANDRE OPPGAVER I STUDENTMOTTAKET<\/a><br \/>\n<strong>Flere m\u00f8ter!<\/strong><br \/>\nLegg ogs\u00e5 merke til at det planlegges flere slike m\u00f8ter utover v\u00e5ren og forsommeren<br \/>\nForel\u00f8pig datoer er:\u00a0 28. mai og 11. juni<br \/>\nTentative tema videre er:<\/p>\n<ul>\n<li>Informasjon av nye studenter i forkant av mottak (hva, hvordan, n\u00e5r )<\/li>\n<li>Mer om hva vi gj\u00f8r med mottaket i koronatider (i juni n\u00e5r vi vet mer)<\/li>\n<\/ul>\n<hr \/>\n<p><strong>Mer presentasjon av innledere og programledere:<\/strong><br \/>\n<strong>Bente Ringlund Bun\u00e6s <\/strong>er seniorr\u00e5dgiver i UHR-sekretariatet, og er sekret\u00e6r for UHR-Utdanning. N\u00e5 i koronakrisen har hun hatt mange ekstraordin\u00e6re m\u00f8ter for \u00e5 samordne sektoren. Bun\u00e6s har jobbet i sektoren i 25 \u00e5r, i UHR siden 2015, f\u00f8r det var hun daglig leder for Samordna opptak, og f\u00f8r det igjen jobbet hun p\u00e5 Universitetet i Oslo (3 \u00e5r p\u00e5 fakultet og 10 \u00e5r i den sentrale studieadministrasjonen).<br \/>\n<strong>Tonje Dahlbak<\/strong> er seniorr\u00e5dgiver ved OsloMet der hun jobber med kommunikasjon med studenter og leder teamet som blant annet har ansvaret for velkomstseremoni og fadderordning.<br \/>\n<strong>\u00d8ystein Str\u00f8msnes<\/strong> er studentvert ved Nord universitet i Bod\u00f8 og jobber med mottak og tilrettelegging for nye studenter. Jobber for at flest mulig studenter skal ha en best mulig studietid. Dette gj\u00f8r han gjennom tett samarbeid med universitetet, studentorganisasjonen, Studentinord og studentersamfunnet. Han l\u00e5ner ogs\u00e5 ut gratis fritidsutsyr til alle studentene.<br \/>\n<strong>Svein Valle<\/strong> er studentprest ved Nord universitet og er tilknyttet r\u00e5dgivningstjenesten i Studentinord ved Nord universitet i Bod\u00f8. Svein Valle er i tillegg sv\u00e6rt opptatt av mottak av nye studenter og ivaretakelse av studenter generelt.<br \/>\nSammen har \u00d8ystein og Svein laget podcasten Valle og Str\u00f8msnes setter studenten f\u00f8rst og fremst, som har som m\u00e5l og n\u00e5 ut til alle studenter og ta opp gode og relevante tema med nye gjester til hver episode.<br \/>\nLes mer om podcasten her: <a href=\"https:\/\/www.studentinord.no\/podcast-valle-og-stromsnes\">https:\/\/www.studentinord.no\/podcast-valle-og-stromsnes<\/a><\/p>\n","protected":false},"excerpt":{"rendered":"<p>Nettsamlingen fant sted torsdag 14. mai kl 12 &#8211; 14 \u00a0 Klikk her for \u00e5 se p\u00e5 video, chat, presentasjoner og Padlet-veggen. Smittesituasjonen medf\u00f8rer til at vi m\u00e5 tenke alternativt [&hellip;]<\/p>\n","protected":false},"author":82,"featured_media":4836,"parent":0,"menu_order":0,"comment_status":"closed","ping_status":"closed","template":"","meta":{"footnotes":""},"coauthors":[],"class_list":["post-4837","page","type-page","status-publish","has-post-thumbnail","hentry"],"_links":{"self":[{"href":"https:\/\/site.nord.no\/studenterssuksess\/wp-json\/wp\/v2\/pages\/4837","targetHints":{"allow":["GET"]}}],"collection":[{"href":"https:\/\/site.nord.no\/studenterssuksess\/wp-json\/wp\/v2\/pages"}],"about":[{"href":"https:\/\/site.nord.no\/studenterssuksess\/wp-json\/wp\/v2\/types\/page"}],"author":[{"embeddable":true,"href":"https:\/\/site.nord.no\/studenterssuksess\/wp-json\/wp\/v2\/users\/82"}],"replies":[{"embeddable":true,"href":"https:\/\/site.nord.no\/studenterssuksess\/wp-json\/wp\/v2\/comments?post=4837"}],"version-history":[{"count":0,"href":"https:\/\/site.nord.no\/studenterssuksess\/wp-json\/wp\/v2\/pages\/4837\/revisions"}],"wp:featuredmedia":[{"embeddable":true,"href":"https:\/\/site.nord.no\/studenterssuksess\/wp-json\/wp\/v2\/media\/4836"}],"wp:attachment":[{"href":"https:\/\/site.nord.no\/studenterssuksess\/wp-json\/wp\/v2\/media?parent=4837"}],"wp:term":[{"taxonomy":"author","embeddable":true,"href":"https:\/\/site.nord.no\/studenterssuksess\/wp-json\/wp\/v2\/coauthors?post=4837"}],"curies":[{"name":"wp","href":"https:\/\/api.w.org\/{rel}","templated":true}]}}