{"id":5,"date":"2016-11-07T07:29:53","date_gmt":"2016-11-07T07:29:53","guid":{"rendered":"http:\/\/nfye.w.uib.no\/?page_id=5"},"modified":"2016-11-07T07:29:53","modified_gmt":"2016-11-07T07:29:53","slug":"oppgaver","status":"publish","type":"page","link":"https:\/\/site.nord.no\/studenterssuksess\/oppgaver\/","title":{"rendered":"Temaomr\u00e5dene"},"content":{"rendered":"<p><img fetchpriority=\"high\" decoding=\"async\" class=\"alignnone  wp-image-3163\" src=\"https:\/\/site.nord.no\/studenterssuksess\/wp-content\/uploads\/sites\/36\/2019\/07\/stigeii-300x225.jpg\" alt=\"\" width=\"577\" height=\"433\" \/><br \/>\nInndelingen i ulike tema f\u00f8lger &laquo;Stigemodellen&raquo; som er S\u00e6thre sin variant av Tinto sin &laquo;Longitudinal model of institutional departure&raquo;.\u00a0 Begge modellene er beskrevet av S\u00e6thre i\u00a0 boken &laquo;\u00c5 tilrettelegge for at studentene skal lykkes&raquo;. Temaene f\u00f8lger i stor grad tidslinjen fra f\u00f8r studentene starter til de har fullf\u00f8rt med suksess.<br \/>\nInndeling:<br \/>\n<a href=\"https:\/\/site.nord.no\/studenterssuksess\/forkunnskaper-erfaringer\/\">Forkunnskaper \u2013 Erfaringer<\/a><br \/>\n<a href=\"https:\/\/site.nord.no\/studenterssuksess\/det-viktige-forstesemester\/\">Mottak og f\u00f8rstesemester<\/a><br \/>\n<a href=\"https:\/\/site.nord.no\/studenterssuksess\/fagtilbud-tilrettelegging-og-informasjon\/\"> Fagtilbud, tilrettelegging og informasjon<\/a><br \/>\n<a href=\"https:\/\/site.nord.no\/studenterssuksess\/undervisningen\/\"> Undervisningen<\/a><br \/>\n<a href=\"https:\/\/site.nord.no\/studenterssuksess\/infrastruktur-og-servicetilbud\/\"> Infrastruktur og servicetilbud<\/a><br \/>\n<a href=\"https:\/\/site.nord.no\/studenterssuksess\/det-helhetlige-tilbudet\/\">Det helhetlige tilbudet<\/a><br \/>\n<a href=\"https:\/\/site.nord.no\/studenterssuksess\/studentenes-egne-drivkrefter\/\">Studentenes egne drivkrefter<\/a><br \/>\n<a href=\"https:\/\/site.nord.no\/studenterssuksess\/eksterne-drivkrefter\/\">Eksterne drivkrefter<\/a><br \/>\n<a href=\"https:\/\/site.nord.no\/studenterssuksess\/evalueringer\/\">Evalueringer<\/a><br \/>\n<a href=\"https:\/\/site.nord.no\/studenterssuksess\/statistikk-og-analyse\/\">Statistikk og analyse<\/a><br \/>\n&nbsp;<br \/>\n<em>Les mye mer om stigemodellen i:<br \/>\nS\u00e6thre, H. \u00c5. (2014) \u00c5 tilrettelegge for at studentene skal lykkes. Bergen: @haas1 &#8211; forlag<\/em><br \/>\n<a href=\"https:\/\/site.nord.no\/studenterssuksess\/wp-content\/uploads\/sites\/36\/2019\/03\/kortkurs-stige-mars-19.pdf\">Se en presentasjon fra kortkurset i mars 2019.<\/a> Legg merke til at denne bare gir endel stikkord.<\/p>\n","protected":false},"excerpt":{"rendered":"<p>Inndelingen i ulike tema f\u00f8lger &laquo;Stigemodellen&raquo; som er S\u00e6thre sin variant av Tinto sin &laquo;Longitudinal model of institutional departure&raquo;.\u00a0 Begge modellene er beskrevet av S\u00e6thre i\u00a0 boken &laquo;\u00c5 tilrettelegge for [&hellip;]<\/p>\n","protected":false},"author":82,"featured_media":0,"parent":0,"menu_order":0,"comment_status":"closed","ping_status":"closed","template":"","meta":{"footnotes":""},"coauthors":[],"class_list":["post-5","page","type-page","status-publish","hentry"],"_links":{"self":[{"href":"https:\/\/site.nord.no\/studenterssuksess\/wp-json\/wp\/v2\/pages\/5","targetHints":{"allow":["GET"]}}],"collection":[{"href":"https:\/\/site.nord.no\/studenterssuksess\/wp-json\/wp\/v2\/pages"}],"about":[{"href":"https:\/\/site.nord.no\/studenterssuksess\/wp-json\/wp\/v2\/types\/page"}],"author":[{"embeddable":true,"href":"https:\/\/site.nord.no\/studenterssuksess\/wp-json\/wp\/v2\/users\/82"}],"replies":[{"embeddable":true,"href":"https:\/\/site.nord.no\/studenterssuksess\/wp-json\/wp\/v2\/comments?post=5"}],"version-history":[{"count":0,"href":"https:\/\/site.nord.no\/studenterssuksess\/wp-json\/wp\/v2\/pages\/5\/revisions"}],"wp:attachment":[{"href":"https:\/\/site.nord.no\/studenterssuksess\/wp-json\/wp\/v2\/media?parent=5"}],"wp:term":[{"taxonomy":"author","embeddable":true,"href":"https:\/\/site.nord.no\/studenterssuksess\/wp-json\/wp\/v2\/coauthors?post=5"}],"curies":[{"name":"wp","href":"https:\/\/api.w.org\/{rel}","templated":true}]}}