{"id":5081,"date":"2020-06-12T11:06:03","date_gmt":"2020-06-12T11:06:03","guid":{"rendered":"http:\/\/nfye.w.uib.no\/?page_id=5081"},"modified":"2020-06-12T11:06:03","modified_gmt":"2020-06-12T11:06:03","slug":"video-av-del-1-og-chat-og-padlet-av-nettsamlingen-11-juni-kl-12-14","status":"publish","type":"page","link":"https:\/\/site.nord.no\/studenterssuksess\/video-av-del-1-og-chat-og-padlet-av-nettsamlingen-11-juni-kl-12-14\/","title":{"rendered":"Video av Del 1 og Chat og Padlet av Nettsamlingen 11. juni kl. 12 \u2013 14"},"content":{"rendered":"<p><a href=\"https:\/\/site.nord.no\/studenterssuksess\/mottak-og-psykososialt-laeringsmiljo-hostsemester-2020\/\">Tilbake til hovedsiden for denne nettsamlingen<\/a><br \/>\n<img fetchpriority=\"high\" decoding=\"async\" class=\"alignnone wp-image-4606\" src=\"https:\/\/site.nord.no\/studenterssuksess\/wp-content\/uploads\/sites\/36\/2019\/07\/DSC02067-720x340-1-300x109.jpg\" alt=\"\" width=\"539\" height=\"197\" \/><\/p>\n<h1>VIDEO, CHAT, PRESENTASJONER OG PADLET<\/h1>\n<p><strong>NETTSAMLING 11. juni KL. 12 \u2013 14<\/strong><br \/>\n<strong>Mottak og psykososialt l\u00e6ringsmilj\u00f8 h\u00f8stsemester 2020<\/strong><br \/>\n<a href=\"https:\/\/vimeo.com\/428461712\"><strong>Se p\u00e5 video av nettsamlingen<\/strong><\/a><br \/>\nI l\u00f8pet av samlingen ble det tatt opp ulike tema, men grovt sett finner dere temaene i tid slik:<br \/>\n00.00 \u2013 04.58 Introduksjon og presentasjon av tema og innledere<\/p>\n<ul>\n<li>04.58 Siw Huatorpet fra INN presenterer seg selv, sin\u00a0 bakgrunn, og kort om hva hun skal snakke om<br \/>\n\u2022 06.30 Pedagogiske verkt\u00f8ykasse<br \/>\n\u2022 07.45 Ressurser: psykososiale milj\u00f8 og r\u00e5d til sanntidsundervisning p\u00e5 Zoom<br \/>\n\u2022 08.56 Ressurser: Ideer til studentaktivitet p\u00e5 Canvas og Zoom<br \/>\n\u2022 09.23 Hvordan jobber vi frem mot studiestart?<br \/>\n\u2022 09.57 Webinar INNStart h\u00f8sten 2020<br \/>\n\u2022 11.17 Hvordan \u00f8ke tilgangen til gode l\u00e6ringsrom?<br \/>\n\u2022 12.57 Hvorfor tilrettelegge for gode gruppeprosesser?<br \/>\n\u2022 13.53 Hvordan tilrettelegge for gode gruppeprosesser?<br \/>\n\u2022 20.40 Sp\u00f8rsm\u00e5lsrunde<br \/>\n<span style=\"color: #ffffff\">.<\/span><\/li>\n<li>25.47 Nora-Marie Bratteb\u00f8 fra NTNU presenterer seg selv, sin bakgrunn, og kort om hva hun skal snakke om<br \/>\n\u2022 29.14 Planlegging av mottak h\u00f8st 2020<br \/>\n\u2022 30.31 Kort om NTNU<br \/>\n\u2022 31.31 Mottak, opptak og timeplan i 2020<br \/>\n\u2022 35.16 Koordinering<br \/>\n\u2022 38.15 Konkrete aktiviteter<br \/>\n\u2022 39.42 Hva skjer etter semesterstart?<br \/>\n\u2022 40.23 Eksempler p\u00e5 ice-breakers<br \/>\n\u2022 40.53 Utfordringer<br \/>\n\u2022 43.16 Internasjonale studenter<br \/>\n\u2022 44.11 Sp\u00f8rsm\u00e5lsrunde<br \/>\n<span style=\"color: #ffffff\">.<\/span><\/li>\n<li>48.59 Tine Blomfeldt fra SAMMEN Studentliv presenterer seg selv, sin bakgrunn, og kort om hva hun skal ta opp<br \/>\n\u2022 51.31 Hvorfor skal vi bry oss om studentfrivilligheten?<br \/>\n\u2022 53.27 Studenter vil v\u00e6re med \u00e5 skape levende campus og mer aktivitet<br \/>\n\u2022 55.23 Hvordan vise frem tiltakene for \u00e5 \u00f8ke aktiviteten<br \/>\n\u2022 01.01.15 Utfordringer<br \/>\n\u2022 01.03.20 L\u00f8sninger<br \/>\n\u2022 01.07.00 Sp\u00f8rsm\u00e5lsrunde<br \/>\n<span style=\"color: #ffffff\">.<\/span><\/li>\n<li>01.12.13 Sekretariatsleder Harald \u00c5ge S\u00e6thre takker alle som bidro til nettsamlingen og forteller om hva som skjer i nettverket i 2020<br \/>\n<span style=\"color: #ffffff\">.<\/span><\/li>\n<\/ul>\n<p><a href=\"https:\/\/site.nord.no\/studenterssuksess\/wp-content\/uploads\/sites\/36\/2020\/06\/chat-11.06.20.txt\">Se Zoom-chat<\/a><br \/>\n<a href=\"https:\/\/site.nord.no\/studenterssuksess\/wp-content\/uploads\/sites\/36\/2020\/06\/Padlet-Mottak-og-psykososialt-laeringsmiljo-hostsemester-2020.pdf\">Padlet &#8211; Mottak og psykososialt l\u00e6ringsmilj\u00f8 h\u00f8stsemester 2020<\/a><br \/>\n<a href=\"https:\/\/site.nord.no\/studenterssuksess\/wp-content\/uploads\/sites\/36\/2020\/06\/Studentlivet-lever-Sammen-Studentliv-Tine-Blomfeldt.pdf\">Presentasjon fra Blomfeldt<\/a><br \/>\n<a href=\"https:\/\/site.nord.no\/studenterssuksess\/wp-content\/uploads\/sites\/36\/2020\/06\/Nora-Marie-Brattebo-NTNU.pdf\">Presentasjon fra\u00a0 Bratteb\u00f8<\/a><br \/>\n<a href=\"https:\/\/site.nord.no\/studenterssuksess\/wp-content\/uploads\/sites\/36\/2020\/06\/Siw-Huatorpet-INNstart-h\u00f8sten-2020.pdf\">Presentasjon fra Huatorpet<\/a><\/p>\n","protected":false},"excerpt":{"rendered":"<p>Tilbake til hovedsiden for denne nettsamlingen VIDEO, CHAT, PRESENTASJONER OG PADLET NETTSAMLING 11. juni KL. 12 \u2013 14 Mottak og psykososialt l\u00e6ringsmilj\u00f8 h\u00f8stsemester 2020 Se p\u00e5 video av nettsamlingen I [&hellip;]<\/p>\n","protected":false},"author":88,"featured_media":0,"parent":0,"menu_order":0,"comment_status":"closed","ping_status":"closed","template":"","meta":{"footnotes":""},"coauthors":[],"class_list":["post-5081","page","type-page","status-publish","hentry"],"_links":{"self":[{"href":"https:\/\/site.nord.no\/studenterssuksess\/wp-json\/wp\/v2\/pages\/5081","targetHints":{"allow":["GET"]}}],"collection":[{"href":"https:\/\/site.nord.no\/studenterssuksess\/wp-json\/wp\/v2\/pages"}],"about":[{"href":"https:\/\/site.nord.no\/studenterssuksess\/wp-json\/wp\/v2\/types\/page"}],"author":[{"embeddable":true,"href":"https:\/\/site.nord.no\/studenterssuksess\/wp-json\/wp\/v2\/users\/88"}],"replies":[{"embeddable":true,"href":"https:\/\/site.nord.no\/studenterssuksess\/wp-json\/wp\/v2\/comments?post=5081"}],"version-history":[{"count":0,"href":"https:\/\/site.nord.no\/studenterssuksess\/wp-json\/wp\/v2\/pages\/5081\/revisions"}],"wp:attachment":[{"href":"https:\/\/site.nord.no\/studenterssuksess\/wp-json\/wp\/v2\/media?parent=5081"}],"wp:term":[{"taxonomy":"author","embeddable":true,"href":"https:\/\/site.nord.no\/studenterssuksess\/wp-json\/wp\/v2\/coauthors?post=5081"}],"curies":[{"name":"wp","href":"https:\/\/api.w.org\/{rel}","templated":true}]}}