{"id":5329,"date":"2020-09-14T15:14:58","date_gmt":"2020-09-14T15:14:58","guid":{"rendered":"http:\/\/nfye.w.uib.no\/?page_id=5329"},"modified":"2020-09-14T15:14:58","modified_gmt":"2020-09-14T15:14:58","slug":"hvordan-gikk-mottaket-og-hva-gjor-vi-fremover-en-mulighet-til-debriefing","status":"publish","type":"page","link":"https:\/\/site.nord.no\/studenterssuksess\/hvordan-gikk-mottaket-og-hva-gjor-vi-fremover-en-mulighet-til-debriefing\/","title":{"rendered":"Hvordan gikk mottaket og hva gj\u00f8r vi fremover? &#8211; En mulighet til debriefing"},"content":{"rendered":"<p><strong>NETTSAMLING\u00a0 3. september<\/strong><br \/>\nSe nederst p\u00e5 siden for lenke til Padlet og videoopptak fra samlingen.<br \/>\nKorona har skapt en sv\u00e6rt annerledes studiestart for hele sektoren og p\u00e5 denne nettsamlingen fikk deltakere dele erfaringer fra \u00e5rets mottak med kolleger landet rundt. Vi kom ogs\u00e5 inn p\u00e5 hvordan vi n\u00e5 f\u00f8lger opp videre utover h\u00f8sten.<br \/>\nUlikt tidligere nettsamlinger kj\u00f8rte vi denne gangen et l\u00f8sere format, der\u00a0programlederne <strong>Svein Valle <\/strong>og<strong>\u00a0 \u00d8ystein Str\u00f8msnes <\/strong>ledet oss igjennom samtaler om aktuelle problemstillinger med Nora-Marie Bratteb\u00f8 fra NTNU, og Harald \u00c5ge S\u00e6thre fra UiB. \u00a0<a href=\"https:\/\/www.studentinord.no\/podcast-valle-og-stromsnes\" target=\"_blank\" rel=\"noopener noreferrer\">\u00d8ystein og Svein er ogs\u00e5 kjent fra podcasten Valle og Str\u00f8msnes<\/a>, og bidro med en god podcast-stemning i forkant av gruppediskusjonene.<br \/>\n<strong>Nora-Marie Bratteb\u00f8<\/strong> snakket om studentfrivilligheten, og hvordan vi kan holde oppe aktivitet i studentforeninger og motvirke ensomhet under et korona-\u00e5r. Dette temaet vil vi komme tilbake til p\u00e5 nettsamlingen 1. oktober.<br \/>\n<strong>Harald \u00c5ge S\u00e6thre<\/strong> gikk igjennom viktigheten av \u00e5 f\u00f8lge opp og evaluere hvordan studiestart har v\u00e6rt under denne ekstraordin\u00e6re situasjonen. Evalueringer vil v\u00e6re viktige verkt\u00f8y for \u00e5 oppdage hva som kan ha fungert, og hva som kan gj\u00f8res annerledes. Du kan lese om ulike evalueringsmetoder via v\u00e5re <a href=\"https:\/\/site.nord.no\/studenterssuksess\/evalueringer\/\">ressurssider<\/a>.<br \/>\nEtter del 1 ble deltakerne delt inn i sm\u00e5 grupper for \u00e5 diskutere f\u00f8lgende problemstillinger:<br \/>\na. Hva har skjedd?<br \/>\nb. Hvordan vil dere f\u00f8lge opp? Evalueringer , tiltak etc.<br \/>\nNoen temaer som ble tatt opp i gruppediskusjonene var:<\/p>\n<ul>\n<li>Evalueringsm\u00e5ter<\/li>\n<li>Mentorordninger<\/li>\n<li>Studentforeninger<\/li>\n<li>Digitalt studentmottak<\/li>\n<li>Informasjon i forkant av studiestart<\/li>\n<li>Utfordringer for fadderordninger<\/li>\n<\/ul>\n<p>Du kan lese innspillene fra gruppediskusjonene i <a href=\"https:\/\/site.nord.no\/studenterssuksess\/wp-content\/uploads\/sites\/36\/2020\/09\/Padlet_Hvordan-gikk-mottaket-og-hva-gjor-vi-framover_NFYE-september-2020.pdf\">Padlet for nettsamlingen.<\/a><br \/>\nSe video fra del 1 av samlingen <a href=\"https:\/\/vimeo.com\/457791783\">her<\/a>.<br \/>\n<strong>Neste nettsamling<\/strong><br \/>\nP\u00e5 nettsamlingen 1. oktober skal vi g\u00e5 enda dypere inn i hvordan institusjoner kan opprette og ivareta studentengasjement. Nettside med info og p\u00e5melding kommer!<br \/>\n&nbsp;<\/p>\n","protected":false},"excerpt":{"rendered":"<p>NETTSAMLING\u00a0 3. september Se nederst p\u00e5 siden for lenke til Padlet og videoopptak fra samlingen. Korona har skapt en sv\u00e6rt annerledes studiestart for hele sektoren og p\u00e5 denne nettsamlingen fikk [&hellip;]<\/p>\n","protected":false},"author":82,"featured_media":5290,"parent":0,"menu_order":0,"comment_status":"closed","ping_status":"closed","template":"","meta":{"footnotes":""},"coauthors":[],"class_list":["post-5329","page","type-page","status-publish","has-post-thumbnail","hentry"],"_links":{"self":[{"href":"https:\/\/site.nord.no\/studenterssuksess\/wp-json\/wp\/v2\/pages\/5329","targetHints":{"allow":["GET"]}}],"collection":[{"href":"https:\/\/site.nord.no\/studenterssuksess\/wp-json\/wp\/v2\/pages"}],"about":[{"href":"https:\/\/site.nord.no\/studenterssuksess\/wp-json\/wp\/v2\/types\/page"}],"author":[{"embeddable":true,"href":"https:\/\/site.nord.no\/studenterssuksess\/wp-json\/wp\/v2\/users\/82"}],"replies":[{"embeddable":true,"href":"https:\/\/site.nord.no\/studenterssuksess\/wp-json\/wp\/v2\/comments?post=5329"}],"version-history":[{"count":0,"href":"https:\/\/site.nord.no\/studenterssuksess\/wp-json\/wp\/v2\/pages\/5329\/revisions"}],"wp:featuredmedia":[{"embeddable":true,"href":"https:\/\/site.nord.no\/studenterssuksess\/wp-json\/wp\/v2\/media\/5290"}],"wp:attachment":[{"href":"https:\/\/site.nord.no\/studenterssuksess\/wp-json\/wp\/v2\/media?parent=5329"}],"wp:term":[{"taxonomy":"author","embeddable":true,"href":"https:\/\/site.nord.no\/studenterssuksess\/wp-json\/wp\/v2\/coauthors?post=5329"}],"curies":[{"name":"wp","href":"https:\/\/api.w.org\/{rel}","templated":true}]}}