{"id":5422,"date":"2020-10-06T16:01:50","date_gmt":"2020-10-06T16:01:50","guid":{"rendered":"http:\/\/nfye.w.uib.no\/?page_id=5422"},"modified":"2020-10-06T16:01:50","modified_gmt":"2020-10-06T16:01:50","slug":"digital-arskonferanse-2020-mer-detaljer","status":"publish","type":"page","link":"https:\/\/site.nord.no\/studenterssuksess\/digital-arskonferanse-2020-mer-detaljer\/","title":{"rendered":"Detaljer om konferansen 2020"},"content":{"rendered":"<p><a href=\"https:\/\/site.nord.no\/studenterssuksess\/arskonferanse-a-vaere-student-noe-som-ma-laeres\/\">Tilbake til konferansens hovedside<\/a><br \/>\nHer kan du se hvordan vi la opp nettverkets f\u00f8rste digitale konferanse.<\/p>\n<h4>Kl. 08.45 Velkommen<\/h4>\n<p>I tillegg til en velkomsthilsen ga vi en kort introduksjon til konferansen i plenum. Dette inkluderte praktisk informasjon om det som skulle skje utover dagen.<\/p>\n<h4>Kl. 9-11 <a href=\"https:\/\/site.nord.no\/studenterssuksess\/parallelle-sesjoner-arskonferanse-2020\/\">Parallelle sesjoner<\/a><\/h4>\n<p>Den gode studentopplevelsen, Studentfrivillighet og Strategier for bedre l\u00e6ring er titler p\u00e5 noen av innleggene. I tillegg fikk vi presentert noen gjennomf\u00f8ringsanalyser og noen Digitale selvhjelpsverkt\u00f8y, som flere samskipnader samarbeider om \u00e5 utvikle. Det var f\u00e6rre innlegg enn p\u00e5 de fysiske konferansene som tidligere er blitt arrangert.<\/p>\n<h4><a href=\"https:\/\/site.nord.no\/studenterssuksess\/muligheter-for-deg-mellom-kl-11-13\/\">Kl. 11-13 Lunsj med noe att\u00e5t<\/a><\/h4>\n<p>Vi \u00f8nsket \u00e5 gi deltakere anleding til \u00e5 delta p\u00e5 noe organisert i lunsjpausen., der det ble lagt opp til to lunsjalternativer. I planleggingsfasen av konferansen fikk medeiende organisasjoner tips om \u00e5 opprette lokale arrangementer i dette tidsrommet, med intensjon om lokal nettverksbygging. P\u00e5 grunn av korona kunne dette dessverre ikke la seg gjennomf\u00f8re.<\/p>\n<ol>\n<li><strong>Lunsj A: Snakk om hva dere vil<\/strong><br \/>\nDe som \u00f8nsket \u00e5 delta p\u00e5 denne ble plassert i grupper i Zoom med kolleger fra landet rundt. I forkant av konferansen sendte vi ut et interesseskjema for \u00e5 lodde stemningen for temaer til disse gruppene, slik at vi kunne legge opp til grupper basert p\u00e5 interesser. Det var uansett opp til deltakerne \u00e5 ta opp akkurat det de vile, som under en lunsj p\u00e5 en fysisk konferanse.<\/li>\n<li><strong>Lunsj B: Bli bedre kjent med nettverket <\/strong><br \/>\nVi fikk med oss noen av de mest erfarne i nettverket til \u00e5 v\u00e6re vertskap p\u00e5 en lunsj som vil ble innledet med en presentasjon av nettverket, og deretter med mulighet for sp\u00f8rsm\u00e5l og innspill til hva nettverket b\u00f8r arrangere fremover. Ogs\u00e5 her fikk deltakere en mulighet til \u00e5 prate med kolleger i den siste delen.<\/li>\n<\/ol>\n<h4>kl.12-13 Gruppediskusjon om \u00e5 arbeide med frafallsproblematikk<\/h4>\n<p>Dette var en variant av det klassiske forkurset som tidligere har v\u00e6rt gjennomf\u00f8rt p\u00e5 alle fysiske konferanser. Her var tanken at det skulle foreg\u00e5 en mer overordnet og helhetlig diskusjon om utfordringene studentene m\u00f8ter i det helhetlige l\u00e6ringsmilj\u00f8et. Diskusjonen tok utgangspunkt i <a href=\"https:\/\/site.nord.no\/studenterssuksess\/oppgaver\/\">Stigemodellen<\/a>, men det var opp til deltagerne \u00e5 ta diskusjonen dit de ville. Vi la ut en video som forklarer Stigemodellen mer i detalj og S\u00e6thre var tilstede i starten for \u00e5 svare p\u00e5 avklarende sp\u00f8rsm\u00e5l.<br \/>\n<a href=\"https:\/\/site.nord.no\/studenterssuksess\/a-tilrettelegge-for-at-studentene-skal-lykkes-en-innforing-i-stigemodellen-2\/\">Du kan lese mer om innf\u00f8ring i Stigemodellen p\u00e5 denne siden<\/a><\/p>\n<h4>Kl. 13:00\u00a0 Workshop p\u00e5 dagsaktuelle tema<\/h4>\n<p>Her fikk deltagerne anledning til \u00e5 diskutere tema som var spesielt aktuelle da konferansen g\u00e5r av stabelen. \u00c5rets temaer var Studentensomhet under korona, Digitalisering av undervisning og hverdag, og Student\u00f8konomi under korona. Til \u00e5 hjelpe oss med \u00e5 styre diskusjonene og velge tema i forkant hadde vi med oss studenter fra ulike l\u00e6resteder.<br \/>\nHer er noe eksempler p\u00e5 tilsvarende diskusjoner p\u00e5 tidligere konferanser om <a href=\"https:\/\/site.nord.no\/studenterssuksess\/2017\/12\/01\/metoo\/\">#Metoo<\/a> eller om <a href=\"https:\/\/site.nord.no\/studenterssuksess\/2017\/12\/01\/obligatorisk-oppmote\/\">obligatorisk oppm\u00f8te<\/a>. Det vil publiseres egne nettsider om temaene fra \u00e5rets konferanse i l\u00f8pet av januar.<\/p>\n<h4>Kl. 14:00\u00a0 <a href=\"https:\/\/site.nord.no\/studenterssuksess\/keynote-jennifer-keup\/\">Keynote ved Jennifer Keup<\/a><\/h4>\n<h4>Kl. 15:00\u00a0 Gruppediskusjon<\/h4>\n<p>Her ble deltakerne plassert i gruppen for \u00e5 diskutere sp\u00f8rsm\u00e5l som var aktuelle etter Keup sin Keynote.<\/p>\n<h4>Kl. 15.30 \u00a0Plenum<\/h4>\n<p>Oppf\u00f8lging av gruppediskusjonene.<\/p>\n<h4>Kl. 16:00\u00a0 Konferansen ble avsluttet<\/h4>\n<p><strong>\u00a0<\/strong><br \/>\nTa kontakt med oss via <a href=\"mailto:nfye@uib.no\">nfye@uib.no<\/a> dersom du har sp\u00f8rsm\u00e5l.<br \/>\n&nbsp;<br \/>\n<strong><a href=\"https:\/\/site.nord.no\/studenterssuksess\/arskonferanse-a-vaere-student-noe-som-ma-laeres\/\">Tilbake til konferansens hovedside<\/a><\/strong><br \/>\n&nbsp;<\/p>\n","protected":false},"excerpt":{"rendered":"<p>Tilbake til konferansens hovedside Her kan du se hvordan vi la opp nettverkets f\u00f8rste digitale konferanse. Kl. 08.45 Velkommen I tillegg til en velkomsthilsen ga vi en kort introduksjon til [&hellip;]<\/p>\n","protected":false},"author":82,"featured_media":5436,"parent":0,"menu_order":0,"comment_status":"closed","ping_status":"closed","template":"","meta":{"footnotes":""},"coauthors":[],"class_list":["post-5422","page","type-page","status-publish","has-post-thumbnail","hentry"],"_links":{"self":[{"href":"https:\/\/site.nord.no\/studenterssuksess\/wp-json\/wp\/v2\/pages\/5422","targetHints":{"allow":["GET"]}}],"collection":[{"href":"https:\/\/site.nord.no\/studenterssuksess\/wp-json\/wp\/v2\/pages"}],"about":[{"href":"https:\/\/site.nord.no\/studenterssuksess\/wp-json\/wp\/v2\/types\/page"}],"author":[{"embeddable":true,"href":"https:\/\/site.nord.no\/studenterssuksess\/wp-json\/wp\/v2\/users\/82"}],"replies":[{"embeddable":true,"href":"https:\/\/site.nord.no\/studenterssuksess\/wp-json\/wp\/v2\/comments?post=5422"}],"version-history":[{"count":0,"href":"https:\/\/site.nord.no\/studenterssuksess\/wp-json\/wp\/v2\/pages\/5422\/revisions"}],"wp:featuredmedia":[{"embeddable":true,"href":"https:\/\/site.nord.no\/studenterssuksess\/wp-json\/wp\/v2\/media\/5436"}],"wp:attachment":[{"href":"https:\/\/site.nord.no\/studenterssuksess\/wp-json\/wp\/v2\/media?parent=5422"}],"wp:term":[{"taxonomy":"author","embeddable":true,"href":"https:\/\/site.nord.no\/studenterssuksess\/wp-json\/wp\/v2\/coauthors?post=5422"}],"curies":[{"name":"wp","href":"https:\/\/api.w.org\/{rel}","templated":true}]}}