{"id":544,"date":"2021-12-10T14:45:49","date_gmt":"2021-12-10T13:45:49","guid":{"rendered":"https:\/\/blogg.nord.no\/studenterssuksess\/?page_id=544"},"modified":"2021-12-10T14:59:21","modified_gmt":"2021-12-10T13:59:21","slug":"hva-gjor-vi-med-studentpakken","status":"publish","type":"page","link":"https:\/\/site.nord.no\/studenterssuksess\/hva-gjor-vi-med-studentpakken\/","title":{"rendered":"Hva gj\u00f8r vi med studentpakken?"},"content":{"rendered":"<p><strong><a href=\"https:\/\/vimeo.com\/534769660\">Se opptak av nettsamlingen her <\/a><\/strong><\/p>\n<p>I januar 2021 la Regjeringen fram en omfattende tiltakspakke for studenter, n\u00e5 kjent som\u00a0<a href=\"https:\/\/www.regjeringen.no\/no\/aktuelt\/regjeringens-studentpakke-kompensasjonsordning-nye-jobber-og-mer-oppfolging\/id2830658\/\" target=\"_blank\" rel=\"noopener\">Studentpakken<\/a>.<\/p>\n<p>I denne blir det blant annet foresl\u00e5tt at:<\/p>\n<ul>\n<li>Fagskolene, h\u00f8yskolene og universitetene f\u00e5r 150 millioner kroner til \u00e5 l\u00f8nne studenter til \u00e5 drive faglig oppf\u00f8lging av andre studenter<\/li>\n<li>Studentsamskipnadene f\u00e5r 50 millioner kroner til \u00e5 l\u00f8nne studenter for \u00e5 f\u00e5 i gang sosiale lavterskeltilbud<\/li>\n<li>Studentsamskipnadene f\u00e5r 20 millioner kroner til sosiale lavterskeltilbud og 8,5 millioner kroner til arbeidet med psykisk helse<\/li>\n<\/ul>\n<p>&nbsp;<\/p>\n<p><em>\u00abIf\u00f8lge NAV er det f\u00e6rre ledige jobber i sektorer som tradisjonelt sett mange studenter jobber i som betyr at arbeidsmarkedet for studenter for \u00f8yeblikket er vanskelig. Derfor foresl\u00e5r regjeringen \u00e5 bruke 200 millioner kroner for \u00e5 skape nye studentjobber hos fagskolene, h\u00f8yskolene, universitetene og studentsamskipnadene. Disse pengene skal g\u00e5 til \u00e5 l\u00f8nne studenter for \u00e5 drive faglig og sosial oppf\u00f8lging av studenter.\u00bb<\/em><\/p>\n<p>Institusjonene og samskipnadene fikk tildelt ulike satser, men m\u00e5let var det samme: l\u00f8nne studenter for \u00e5 gi faglig og sosial oppf\u00f8lging av studenter. Sp\u00f8rsm\u00e5let mange stilte seg denne v\u00e5ren er \u00abhvordan skal vi gj\u00f8re dette?\u00bb<\/p>\n<div style=\"background-color: #3b5c2f;padding: 25px\">\n<p><span style=\"color: #000000\">Vi inviterte til en \u00e5pen, lavterskel nettsamling, der de 180 p\u00e5meldte deltakere f\u00f8rst fikk h\u00f8re om hvordan<span style=\"color: #339966\"> <a style=\"color: #339966\" href=\"https:\/\/site.nord.no\/studenterssuksess\/wp-content\/uploads\/sites\/36\/2021\/12\/Studentpakken-ved-UiT-Nettverksamling-8-april-2021.pptx\"><strong><span style=\"color: #000000\">Universitetet i Troms\u00f8 har organisert Studentpakken hos seg<\/span><\/strong><\/a><\/span> f\u00f8r vi videre fikk innsikt i hvordan Sammen (studentsamskipnaden p\u00e5 Vestlandet) <strong><a style=\"color: #000000\" href=\"https:\/\/site.nord.no\/studenterssuksess\/wp-content\/uploads\/sites\/36\/2021\/04\/Studentmedarbeidarar-i-Sammen.pdf\" target=\"_blank\" rel=\"noopener\">har organisert og ansatt studentmedarbeidere som f\u00f8lge av Studentpakk<span style=\"color: #000000\">en.<\/span><\/a><\/strong><\/span><\/p>\n<p><span style=\"color: #000000\">I siste del av programmet var det lagt tilrette for \u00e5pne, valgfrie gruppediskusjoner der deltakere kunne lufte problemstillinger, dele ideer og tips, <a style=\"color: #000000\" href=\"https:\/\/site.nord.no\/studenterssuksess\/wp-content\/uploads\/sites\/36\/2021\/12\/Padlet-Hva-gjor-vi-med-Studentpakken.pdf\"><strong>som du finner her<\/strong><\/a>.<\/span><\/p>\n<\/div>\n","protected":false},"excerpt":{"rendered":"<p>Se opptak av nettsamlingen her I januar 2021 la Regjeringen fram en omfattende tiltakspakke for studenter, n\u00e5 kjent som\u00a0Studentpakken. I denne blir det blant annet foresl\u00e5tt at: Fagskolene, h\u00f8yskolene og [&hellip;]<\/p>\n","protected":false},"author":73,"featured_media":0,"parent":0,"menu_order":0,"comment_status":"closed","ping_status":"closed","template":"","meta":{"footnotes":""},"coauthors":[8],"class_list":["post-544","page","type-page","status-publish","hentry"],"_links":{"self":[{"href":"https:\/\/site.nord.no\/studenterssuksess\/wp-json\/wp\/v2\/pages\/544","targetHints":{"allow":["GET"]}}],"collection":[{"href":"https:\/\/site.nord.no\/studenterssuksess\/wp-json\/wp\/v2\/pages"}],"about":[{"href":"https:\/\/site.nord.no\/studenterssuksess\/wp-json\/wp\/v2\/types\/page"}],"author":[{"embeddable":true,"href":"https:\/\/site.nord.no\/studenterssuksess\/wp-json\/wp\/v2\/users\/73"}],"replies":[{"embeddable":true,"href":"https:\/\/site.nord.no\/studenterssuksess\/wp-json\/wp\/v2\/comments?post=544"}],"version-history":[{"count":8,"href":"https:\/\/site.nord.no\/studenterssuksess\/wp-json\/wp\/v2\/pages\/544\/revisions"}],"predecessor-version":[{"id":556,"href":"https:\/\/site.nord.no\/studenterssuksess\/wp-json\/wp\/v2\/pages\/544\/revisions\/556"}],"wp:attachment":[{"href":"https:\/\/site.nord.no\/studenterssuksess\/wp-json\/wp\/v2\/media?parent=544"}],"wp:term":[{"taxonomy":"author","embeddable":true,"href":"https:\/\/site.nord.no\/studenterssuksess\/wp-json\/wp\/v2\/coauthors?post=544"}],"curies":[{"name":"wp","href":"https:\/\/api.w.org\/{rel}","templated":true}]}}