{"id":5582,"date":"2020-11-16T18:04:15","date_gmt":"2020-11-16T18:04:15","guid":{"rendered":"http:\/\/nfye.w.uib.no\/?page_id=5582"},"modified":"2020-11-16T18:04:15","modified_gmt":"2020-11-16T18:04:15","slug":"undertema-a-vaere-student-noe-som-ma-laeres","status":"publish","type":"page","link":"https:\/\/site.nord.no\/studenterssuksess\/undertema-a-vaere-student-noe-som-ma-laeres\/","title":{"rendered":"Tr\u00e5d 1: \u00c5 v\u00e6re student &#8211; noe som m\u00e5 l\u00e6res!"},"content":{"rendered":"<p>I denne tr\u00e5den tok vi utgangspunkt i det sentrale temaet for konferansen og la her inn innlegg som inneholdt tiltak som blant annet skal gi studentene verkt\u00f8y for \u00e5 l\u00e6re \u00e5 bli student.<\/p>\n<h3><a href=\"https:\/\/site.nord.no\/studenterssuksess\/2020\/11\/16\/p1-den-gode-studentopplevelsen\/\">P1 &#8211; Den Gode Studentopplevelsen<\/a><\/h3>\n<p><strong>Kristi Agerup<\/strong><br \/>\n<strong>Oslo Metropolitan University \u2013 Storbyuniversitetet<\/strong><br \/>\n&nbsp;<\/p>\n<h3><a href=\"https:\/\/site.nord.no\/studenterssuksess\/2020\/11\/16\/w1-studentfrivillighet-fra-studerende-til-student\/\">W1 &#8211; Studentfrivillighet: Fra studerende til student<\/a><\/h3>\n<p><strong>Simon L\u00f8vdal, Mathilde Sj\u00f8helle Eiksund og Simen Ringdahl<\/strong><br \/>\n<strong>Studenttinget NTNU<\/strong><br \/>\n&nbsp;<br \/>\n<a href=\"https:\/\/site.nord.no\/studenterssuksess\/parallelle-sesjoner-arskonferanse-2020\/\">Tilbake til oversikten over alle parallellsesjonene<\/a><\/p>\n","protected":false},"excerpt":{"rendered":"<p>I denne tr\u00e5den tok vi utgangspunkt i det sentrale temaet for konferansen og la her inn innlegg som inneholdt tiltak som blant annet skal gi studentene verkt\u00f8y for \u00e5 l\u00e6re [&hellip;]<\/p>\n","protected":false},"author":89,"featured_media":0,"parent":0,"menu_order":0,"comment_status":"closed","ping_status":"closed","template":"","meta":{"footnotes":""},"coauthors":[],"class_list":["post-5582","page","type-page","status-publish","hentry"],"_links":{"self":[{"href":"https:\/\/site.nord.no\/studenterssuksess\/wp-json\/wp\/v2\/pages\/5582","targetHints":{"allow":["GET"]}}],"collection":[{"href":"https:\/\/site.nord.no\/studenterssuksess\/wp-json\/wp\/v2\/pages"}],"about":[{"href":"https:\/\/site.nord.no\/studenterssuksess\/wp-json\/wp\/v2\/types\/page"}],"author":[{"embeddable":true,"href":"https:\/\/site.nord.no\/studenterssuksess\/wp-json\/wp\/v2\/users\/89"}],"replies":[{"embeddable":true,"href":"https:\/\/site.nord.no\/studenterssuksess\/wp-json\/wp\/v2\/comments?post=5582"}],"version-history":[{"count":0,"href":"https:\/\/site.nord.no\/studenterssuksess\/wp-json\/wp\/v2\/pages\/5582\/revisions"}],"wp:attachment":[{"href":"https:\/\/site.nord.no\/studenterssuksess\/wp-json\/wp\/v2\/media?parent=5582"}],"wp:term":[{"taxonomy":"author","embeddable":true,"href":"https:\/\/site.nord.no\/studenterssuksess\/wp-json\/wp\/v2\/coauthors?post=5582"}],"curies":[{"name":"wp","href":"https:\/\/api.w.org\/{rel}","templated":true}]}}