{"id":5584,"date":"2020-11-16T18:06:06","date_gmt":"2020-11-16T18:06:06","guid":{"rendered":"http:\/\/nfye.w.uib.no\/?page_id=5584"},"modified":"2020-11-16T18:06:06","modified_gmt":"2020-11-16T18:06:06","slug":"undertema-a-vaere-student-noe-som-ma-laeres-digitale-verktoy","status":"publish","type":"page","link":"https:\/\/site.nord.no\/studenterssuksess\/undertema-a-vaere-student-noe-som-ma-laeres-digitale-verktoy\/","title":{"rendered":"Tr\u00e5d 2: \u00c5 v\u00e6re student &#8211; noe som m\u00e5 l\u00e6res: digitale verkt\u00f8y"},"content":{"rendered":"<p>I denne tr\u00e5den tok vi ogs\u00e5 utgangspunkt i det sentrale temaet for konferansen, men her samlet vi presentasjoner av ulike digitale verkt\u00f8y studentene kan ta i bruk.<br \/>\n&nbsp;<\/p>\n<h3><a href=\"https:\/\/site.nord.no\/studenterssuksess\/2020\/11\/16\/w2_kan-gamification-som-metode-bidra-til-at-flere-studenter-opplever-god-helse-og-dermed-nar-sine-studiemal\/\">W2 &#8211; Kan gamification som metode bidra til at flere studenter opplever god helse og dermed n\u00e5r sine studiem\u00e5l?<\/a><\/h3>\n<p><strong>Marit Halvorsen<\/strong><br \/>\n<strong>Studentsamskipnaden SiO<\/strong><br \/>\n&nbsp;<\/p>\n<h3><a href=\"https:\/\/site.nord.no\/studenterssuksess\/2020\/11\/16\/p3-strategier-for-bedre-laering-en-videoserie\/\">W3 &#8211; Strategier for bedre l\u00e6ring: En videoserie<\/a><\/h3>\n<p><strong>Torstein L\u00e5g<\/strong><br \/>\n<strong>UiT \u2013 Norges arktiske universitet<\/strong><br \/>\n&nbsp;<br \/>\n<a href=\"https:\/\/site.nord.no\/studenterssuksess\/parallelle-sesjoner-arskonferanse-2020\/\">Tilbake til oversikten over alle parallellsesjonene<\/a><\/p>\n","protected":false},"excerpt":{"rendered":"<p>I denne tr\u00e5den tok vi ogs\u00e5 utgangspunkt i det sentrale temaet for konferansen, men her samlet vi presentasjoner av ulike digitale verkt\u00f8y studentene kan ta i bruk. &nbsp; W2 &#8211; [&hellip;]<\/p>\n","protected":false},"author":89,"featured_media":0,"parent":0,"menu_order":0,"comment_status":"closed","ping_status":"closed","template":"","meta":{"footnotes":""},"coauthors":[],"class_list":["post-5584","page","type-page","status-publish","hentry"],"_links":{"self":[{"href":"https:\/\/site.nord.no\/studenterssuksess\/wp-json\/wp\/v2\/pages\/5584","targetHints":{"allow":["GET"]}}],"collection":[{"href":"https:\/\/site.nord.no\/studenterssuksess\/wp-json\/wp\/v2\/pages"}],"about":[{"href":"https:\/\/site.nord.no\/studenterssuksess\/wp-json\/wp\/v2\/types\/page"}],"author":[{"embeddable":true,"href":"https:\/\/site.nord.no\/studenterssuksess\/wp-json\/wp\/v2\/users\/89"}],"replies":[{"embeddable":true,"href":"https:\/\/site.nord.no\/studenterssuksess\/wp-json\/wp\/v2\/comments?post=5584"}],"version-history":[{"count":0,"href":"https:\/\/site.nord.no\/studenterssuksess\/wp-json\/wp\/v2\/pages\/5584\/revisions"}],"wp:attachment":[{"href":"https:\/\/site.nord.no\/studenterssuksess\/wp-json\/wp\/v2\/media?parent=5584"}],"wp:term":[{"taxonomy":"author","embeddable":true,"href":"https:\/\/site.nord.no\/studenterssuksess\/wp-json\/wp\/v2\/coauthors?post=5584"}],"curies":[{"name":"wp","href":"https:\/\/api.w.org\/{rel}","templated":true}]}}