{"id":5586,"date":"2020-11-16T18:08:21","date_gmt":"2020-11-16T18:08:21","guid":{"rendered":"http:\/\/nfye.w.uib.no\/?page_id=5586"},"modified":"2020-11-16T18:08:21","modified_gmt":"2020-11-16T18:08:21","slug":"undertema-tall-statistikk-og-evalueringer","status":"publish","type":"page","link":"https:\/\/site.nord.no\/studenterssuksess\/undertema-tall-statistikk-og-evalueringer\/","title":{"rendered":"Tr\u00e5d 3: Tall, statistikk og evalueringer"},"content":{"rendered":"<p>\u00c5 kunne hente ut gode statistikker over hva som skjer med studentene er viktige verkt\u00f8y i v\u00e5rt arbeid. Under denne tr\u00e5den finner dere innlegg som viser hvor og hvordan man kan hente ut data og\/eller konkrete unders\u00f8kelser som er gjort.<\/p>\n<h3><a href=\"https:\/\/site.nord.no\/studenterssuksess\/2020\/11\/16\/p2-frafall-en-analyse-av-studieprogrammene-ved-nt-fak\/\">P2 &#8211; Frafall -en analyse av studieprogrammene ved NT-fak<\/a><\/h3>\n<p><strong>Marianne Iversen, Hilja Huru<\/strong><br \/>\n<strong>UiT \u2013 Norges arktiske universitet<\/strong><br \/>\n&nbsp;<\/p>\n<h3><a href=\"https:\/\/site.nord.no\/studenterssuksess\/2020\/11\/16\/p4-gjennomstroyming-og-frafall-ved-hogskulen-pa-vestlandet\/\">P3 &#8211; Gjennomstr\u00f8yming og fr\u00e5fall ved H\u00f8gskulen p\u00e5 Vestlandet<\/a><\/h3>\n<p><strong>\u00d8ystein Backelin<\/strong><br \/>\n<strong>H\u00f8gskulen p\u00e5 Vestlandet<\/strong><br \/>\n&nbsp;<\/p>\n<h3><a href=\"https:\/\/site.nord.no\/studenterssuksess\/2020\/11\/16\/p5-frafall-og-fullforing-hva-forteller-tallene\/\">P4 &#8211; Frafall og fullf\u00f8ring \u2013 hva forteller tallene?<\/a><\/h3>\n<p><strong>Ingrid Susanne Andersen<\/strong><br \/>\n<strong>Universitetet i Agder<\/strong><br \/>\n&nbsp;<br \/>\n<a href=\"https:\/\/site.nord.no\/studenterssuksess\/parallelle-sesjoner-arskonferanse-2020\/\">Tilbake til oversikten over alle parallellsesjonene<\/a><\/p>\n","protected":false},"excerpt":{"rendered":"<p>\u00c5 kunne hente ut gode statistikker over hva som skjer med studentene er viktige verkt\u00f8y i v\u00e5rt arbeid. Under denne tr\u00e5den finner dere innlegg som viser hvor og hvordan man [&hellip;]<\/p>\n","protected":false},"author":89,"featured_media":0,"parent":0,"menu_order":0,"comment_status":"closed","ping_status":"closed","template":"","meta":{"footnotes":""},"coauthors":[],"class_list":["post-5586","page","type-page","status-publish","hentry"],"_links":{"self":[{"href":"https:\/\/site.nord.no\/studenterssuksess\/wp-json\/wp\/v2\/pages\/5586","targetHints":{"allow":["GET"]}}],"collection":[{"href":"https:\/\/site.nord.no\/studenterssuksess\/wp-json\/wp\/v2\/pages"}],"about":[{"href":"https:\/\/site.nord.no\/studenterssuksess\/wp-json\/wp\/v2\/types\/page"}],"author":[{"embeddable":true,"href":"https:\/\/site.nord.no\/studenterssuksess\/wp-json\/wp\/v2\/users\/89"}],"replies":[{"embeddable":true,"href":"https:\/\/site.nord.no\/studenterssuksess\/wp-json\/wp\/v2\/comments?post=5586"}],"version-history":[{"count":0,"href":"https:\/\/site.nord.no\/studenterssuksess\/wp-json\/wp\/v2\/pages\/5586\/revisions"}],"wp:attachment":[{"href":"https:\/\/site.nord.no\/studenterssuksess\/wp-json\/wp\/v2\/media?parent=5586"}],"wp:term":[{"taxonomy":"author","embeddable":true,"href":"https:\/\/site.nord.no\/studenterssuksess\/wp-json\/wp\/v2\/coauthors?post=5586"}],"curies":[{"name":"wp","href":"https:\/\/api.w.org\/{rel}","templated":true}]}}