{"id":5852,"date":"2020-12-14T11:46:45","date_gmt":"2020-12-14T11:46:45","guid":{"rendered":"http:\/\/nfye.w.uib.no\/?page_id=5852"},"modified":"2020-12-14T11:46:45","modified_gmt":"2020-12-14T11:46:45","slug":"nettsamling-4-februar-2021","status":"publish","type":"page","link":"https:\/\/site.nord.no\/studenterssuksess\/nettsamling-4-februar-2021\/","title":{"rendered":"Nettsamling 4. februar 2021"},"content":{"rendered":"<h1><strong><em>Nettsamling 4. februar i samarbeid med Universell og DIGIN<\/em><\/strong><\/h1>\n<p><strong><a href=\"https:\/\/vimeo.com\/508746550\" target=\"_blank\" rel=\"noopener\">Se opptak fra nettsamlingen<\/a><\/strong><br \/>\n<a href=\"https:\/\/site.nord.no\/studenterssuksess\/padlet_digital-inkludering_nettsamling-4-feb21\/\" target=\"_blank\" rel=\"noopener\"><strong>Se tips, innspill og gode sp\u00f8rsm\u00e5l til hvordan \u00e5 gj\u00f8re digitale m\u00f8ter og undervisning bedre<\/strong><\/a><br \/>\n<strong><a href=\"https:\/\/site.nord.no\/studenterssuksess\/universell-inkluderende-digitalisering\/\" target=\"_blank\" rel=\"noopener\">Her finner du Universell sin presentasjon<\/a>, med kontaktinfo og lenker til ressurser.<\/strong><br \/>\n&nbsp;<\/p>\n<h4><strong><em>Nettsamlingens innhold<\/em><\/strong><\/h4>\n<p>Da Covid-19-pandemien f\u00f8rte til en endret hverdag for b\u00e5de studenter og ansatte, skjedde det en sv\u00e6rt hurtig digitalisering av h\u00f8yere utdanning \u2013 som fortsatt p\u00e5g\u00e5r. Digitaliseringen har v\u00e6rt en viktig faktor for at studentene skulle kunne fortsette \u00e5 ta utdanningen sin, men den har ogs\u00e5 skapt noen nye barrierer. Flere studenter melder n\u00e5 om ensomhet og utenforskap som f\u00f8lge av mer eller mindre heldigital studiehverdag. Universell og DIGIN var med oss p\u00e5 dette nettverksm\u00f8tet for \u00e5 se litt p\u00e5 hva denne tiden har l\u00e6rt oss og hvordan universell utforming og inkluderende praksis kan gi et bedre digitalt l\u00e6ringsmilj\u00f8 \u2013 som institusjonene kan dra nytte av ogs\u00e5 i tiden etter Covid-19.<br \/>\nProgrammet inkluderte en presentasjon om Universell \u2013 hva de er, og hvilke oppgaver de har. I opptaket kan du h\u00f8re mer om temaer som l\u00e6ringsmilj\u00f8, hva vi vet om studenter i 2021, universell utforming og hvilke erfaringer koronapandemien har gitt oss s\u00e5 langt. Det ble blant annet diskutert motstridende behov, alts\u00e5 at digitalisering og tilpasninger kan v\u00e6re bra for noen, men krevende for andre. Vi fikk ogs\u00e5 tips om verkt\u00f8y og ressurser med nettverket (disse finner du i Universell sin presentasjon over).<br \/>\nEn vesentlig faktor for studenters suksess er undervisning og l\u00e6ring. For \u00e5 kunne sette oss inn i undervisernes perspektiv fikk vi h\u00f8re noen erfaringer fra DIGIN ved OsloMet, som har v\u00e6rt tett p\u00e5 underviserne under pandemien. De ansatte har v\u00e6rt s\u00e5 forn\u00f8yde at DIGIN fikk tildelt arbeidsmilj\u00f8prisen for innsatsen i 2020. Vi vil f\u00e5 fram hva slags betydning et slikt st\u00f8ttemilj\u00f8 har hatt, og DIGINs erfaring med hva underviserne har st\u00e5tt i.<br \/>\n&nbsp;<\/p>\n<h4><em><strong>Med oss p\u00e5 nettsamlingen<\/strong><\/em><\/h4>\n<p><strong>Til programledere <\/strong>hadde vi et gledelig gjensyn med \u00d8ystein Str\u00f8msnes og Svein Valle, som har ledet flere nettsamlinger for oss tidligere. \u00d8ystein og Svein jobber til vanlig henholdsvis som studentvert og studentprest ved Studentinord, og kan ogs\u00e5 h\u00f8res i podcasten <a href=\"https:\/\/www.studentinord.no\/podcast-valle-og-stromsnes\" target=\"_blank\" rel=\"noopener\">Valle &amp; Str\u00f8msnes<\/a>.<br \/>\n<strong>Fra<\/strong> <strong>Universell<\/strong> <strong>deltok <a href=\"https:\/\/www.universell.no\/ansatte\/bjoernar-kvernevik\/\" target=\"_blank\" rel=\"noopener\">Bj\u00f8rnar Kvernevik<\/a>.<\/strong> Bj\u00f8rnar er utdannet innen samfunns\u00f8konomi, med bachelorgrad fra NTNU. Etter \u00e5 ha v\u00e6rt leder i Studenttinget har Bj\u00f8rnar blant annet erfaring som leder for L\u00e6ringsmilj\u00f8utvalget ved NTNU, samt verv innen studentmediene i Trondheim og studentgruppa for alternativ undervisning (AltUnd). Fra 2011 til 2016 jobbet Bj\u00f8rnar deltid hos Universell som prosjektmedarbeider.<br \/>\n<strong>Fra DIGIN ved OsloMet deltok <a href=\"https:\/\/www.oslomet.no\/om\/ansatt\/hbea\/\" target=\"_blank\" rel=\"noopener\">Hallgerd Benan<\/a>.<\/strong> Hallgerd er leder i DIGIN, som er et sentralt st\u00f8ttemilj\u00f8 for OsloMets undervisere, og yter pedagogisk og teknisk kursing, r\u00e5dgivning og brukerst\u00f8tte. Hun har lang erfaring som leder fra et tilsvarende st\u00f8ttemilj\u00f8 ved UiO. Med sin bakgrunn som konsulent og lederutvikler er hun opptatt av ledelsens rolle i inkluderende digitalisering. Hallgerd har hovedfag i pedagogikk, og brenner for studenters l\u00e6ring og gode l\u00e6ringsopplevelser.<br \/>\n&nbsp;<br \/>\n&nbsp;<\/p>\n<h4><em><strong>Om nettsamlinger i nettverket<\/strong><\/em><\/h4>\n<p>I 2020 tilpasset vi oss koronasituasjonen og flyttet virksomheten over til digitale flater. Dette f\u00f8rte til regelmessige nettsamlinger med ulike temaer og gjester gjennom hele \u00e5ret. Vi opplevde dette som en suksess og videref\u00f8rer konseptet inn i 2021. Arrangementene holdes i Zoom den f\u00f8rste torsdagen i m\u00e5neden og det er gratis \u00e5 delta.<br \/>\n&nbsp;<\/p>\n","protected":false},"excerpt":{"rendered":"<p>Nettsamling 4. februar i samarbeid med Universell og DIGIN Se opptak fra nettsamlingen Se tips, innspill og gode sp\u00f8rsm\u00e5l til hvordan \u00e5 gj\u00f8re digitale m\u00f8ter og undervisning bedre Her finner [&hellip;]<\/p>\n","protected":false},"author":89,"featured_media":5953,"parent":0,"menu_order":0,"comment_status":"closed","ping_status":"closed","template":"","meta":{"footnotes":""},"coauthors":[],"class_list":["post-5852","page","type-page","status-publish","has-post-thumbnail","hentry"],"_links":{"self":[{"href":"https:\/\/site.nord.no\/studenterssuksess\/wp-json\/wp\/v2\/pages\/5852","targetHints":{"allow":["GET"]}}],"collection":[{"href":"https:\/\/site.nord.no\/studenterssuksess\/wp-json\/wp\/v2\/pages"}],"about":[{"href":"https:\/\/site.nord.no\/studenterssuksess\/wp-json\/wp\/v2\/types\/page"}],"author":[{"embeddable":true,"href":"https:\/\/site.nord.no\/studenterssuksess\/wp-json\/wp\/v2\/users\/89"}],"replies":[{"embeddable":true,"href":"https:\/\/site.nord.no\/studenterssuksess\/wp-json\/wp\/v2\/comments?post=5852"}],"version-history":[{"count":0,"href":"https:\/\/site.nord.no\/studenterssuksess\/wp-json\/wp\/v2\/pages\/5852\/revisions"}],"wp:featuredmedia":[{"embeddable":true,"href":"https:\/\/site.nord.no\/studenterssuksess\/wp-json\/wp\/v2\/media\/5953"}],"wp:attachment":[{"href":"https:\/\/site.nord.no\/studenterssuksess\/wp-json\/wp\/v2\/media?parent=5852"}],"wp:term":[{"taxonomy":"author","embeddable":true,"href":"https:\/\/site.nord.no\/studenterssuksess\/wp-json\/wp\/v2\/coauthors?post=5852"}],"curies":[{"name":"wp","href":"https:\/\/api.w.org\/{rel}","templated":true}]}}