{"id":6901,"date":"2016-12-13T13:07:56","date_gmt":"2016-12-13T13:07:56","guid":{"rendered":"http:\/\/nfye.w.uib.no\/?page_id=107"},"modified":"2016-12-13T13:07:56","modified_gmt":"2016-12-13T13:07:56","slug":"organisering-og-drift-2","status":"publish","type":"page","link":"https:\/\/site.nord.no\/studenterssuksess\/organisering-og-drift-2\/","title":{"rendered":"Organisering og drift"},"content":{"rendered":"<p>Nettverket er satt til \u00e5 rullere mellom medeiende organisasjoner hvert 2. \u00e5r, fra 2020. Nettverket er i det daglige drevet av et sekretariat som rapporterer til og f\u00e5r sine prioriteringer fra styringsgruppen.<br \/>\n<a href=\"https:\/\/site.nord.no\/studenterssuksess\/prosjektledelse\/\" target=\"_blank\" rel=\"noopener\">Nettverksledelse<\/a><br \/>\n<a href=\"https:\/\/site.nord.no\/studenterssuksess\/organisering-og-drift-2\/styringsgruppe\/\" target=\"_blank\" rel=\"noopener\">Styringsgruppe<\/a><br \/>\n<a href=\"https:\/\/site.nord.no\/studenterssuksess\/ansatte-i-prosjektet\/\" target=\"_blank\" rel=\"noopener\">Ansatte i nettverket<\/a><\/p>\n","protected":false},"excerpt":{"rendered":"<p>Nettverket er satt til \u00e5 rullere mellom medeiende organisasjoner hvert 2. \u00e5r, fra 2020. Nettverket er i det daglige drevet av et sekretariat som rapporterer til og f\u00e5r sine prioriteringer [&hellip;]<\/p>\n","protected":false},"author":82,"featured_media":0,"parent":0,"menu_order":2,"comment_status":"closed","ping_status":"closed","template":"","meta":{"footnotes":""},"coauthors":[],"class_list":["post-6901","page","type-page","status-publish","hentry"],"_links":{"self":[{"href":"https:\/\/site.nord.no\/studenterssuksess\/wp-json\/wp\/v2\/pages\/6901","targetHints":{"allow":["GET"]}}],"collection":[{"href":"https:\/\/site.nord.no\/studenterssuksess\/wp-json\/wp\/v2\/pages"}],"about":[{"href":"https:\/\/site.nord.no\/studenterssuksess\/wp-json\/wp\/v2\/types\/page"}],"author":[{"embeddable":true,"href":"https:\/\/site.nord.no\/studenterssuksess\/wp-json\/wp\/v2\/users\/82"}],"replies":[{"embeddable":true,"href":"https:\/\/site.nord.no\/studenterssuksess\/wp-json\/wp\/v2\/comments?post=6901"}],"version-history":[{"count":0,"href":"https:\/\/site.nord.no\/studenterssuksess\/wp-json\/wp\/v2\/pages\/6901\/revisions"}],"wp:attachment":[{"href":"https:\/\/site.nord.no\/studenterssuksess\/wp-json\/wp\/v2\/media?parent=6901"}],"wp:term":[{"taxonomy":"author","embeddable":true,"href":"https:\/\/site.nord.no\/studenterssuksess\/wp-json\/wp\/v2\/coauthors?post=6901"}],"curies":[{"name":"wp","href":"https:\/\/api.w.org\/{rel}","templated":true}]}}