{"id":6902,"date":"2016-12-13T13:21:55","date_gmt":"2016-12-13T13:21:55","guid":{"rendered":"http:\/\/nfye.w.uib.no\/?page_id=114"},"modified":"2016-12-13T13:21:55","modified_gmt":"2016-12-13T13:21:55","slug":"prosjektledelse","status":"publish","type":"page","link":"https:\/\/site.nord.no\/studenterssuksess\/prosjektledelse\/","title":{"rendered":"Ledelse for nettverket"},"content":{"rendered":"<h2><a name=\"_TOC_250005\"><\/a> En ledelse med egne stillinger og eget budsjett<\/h2>\n<p>Nettverket er satt opp med egne stillingsressurser og et eget budsjett for \u00e5 sikre en kontinuerlig drift innenfor nettverksperioden, et likt tilbud til alle l\u00e6resteder, en mulighet for alle l\u00e6resteder til \u00e5 v\u00e6re med og ikke minst sikre riktig kompetanse til \u00e5 drive nettverket.<br \/>\nNettverksledelsens relasjon til Styringsgruppen<\/p>\n<ul>\n<li>Bist\u00e5 Styringsgruppen slik at denne kan ivareta sitt ansvar og sine oppgaver<\/li>\n<li>Koordinere aktivitetene og gi Styringsgruppen jevnlig informasjon om arbeidets<\/li>\n<li>Forberede og legge frem saker til m\u00f8ter i Styringsgruppen<\/li>\n<li>Ivareta det operative ansvaret for intern kommunikasjon og informasjon i vedtatt kommunikasjonsplan<\/li>\n<li>Arrangere \u00e5rlige samlinger for Ressurspersonene<\/li>\n<li>Foresl\u00e5 og kvalitetssikre aktiviteter opp mot prosjektets overordnede m\u00e5l, mandat og fremdriftsplaner<\/li>\n<li>Foreta avklaringer med Styringsgruppen om problemstillinger og uavklarte sp\u00f8rsm\u00e5l i forbindelse med rammer trukket opp av Styringsgruppen<\/li>\n<li>Bist\u00e5 Styringsgruppen med planlegging, skriving og design av prosesser relatert til framdriften i arbeidet<\/li>\n<li>Ivareta det operative arrangementsansvaret for aktiviteter vedtatt av Styringsgruppen (f.eks. konferanser og arbeidsseminar)<\/li>\n<\/ul>\n<p><a href=\"https:\/\/www.uib.no\/personer\/Harald.%C3%85ge.S%C3%A6thre\">Harald \u00c5ge S\u00e6thre<\/a> leder <a href=\"https:\/\/site.nord.no\/studenterssuksess\/ansatte-i-prosjektet\/\">sekretariatet for nettverket<\/a><\/p>\n","protected":false},"excerpt":{"rendered":"<p>En ledelse med egne stillinger og eget budsjett Nettverket er satt opp med egne stillingsressurser og et eget budsjett for \u00e5 sikre en kontinuerlig drift innenfor nettverksperioden, et likt tilbud [&hellip;]<\/p>\n","protected":false},"author":82,"featured_media":0,"parent":0,"menu_order":0,"comment_status":"closed","ping_status":"closed","template":"","meta":{"footnotes":""},"coauthors":[],"class_list":["post-6902","page","type-page","status-publish","hentry"],"_links":{"self":[{"href":"https:\/\/site.nord.no\/studenterssuksess\/wp-json\/wp\/v2\/pages\/6902","targetHints":{"allow":["GET"]}}],"collection":[{"href":"https:\/\/site.nord.no\/studenterssuksess\/wp-json\/wp\/v2\/pages"}],"about":[{"href":"https:\/\/site.nord.no\/studenterssuksess\/wp-json\/wp\/v2\/types\/page"}],"author":[{"embeddable":true,"href":"https:\/\/site.nord.no\/studenterssuksess\/wp-json\/wp\/v2\/users\/82"}],"replies":[{"embeddable":true,"href":"https:\/\/site.nord.no\/studenterssuksess\/wp-json\/wp\/v2\/comments?post=6902"}],"version-history":[{"count":0,"href":"https:\/\/site.nord.no\/studenterssuksess\/wp-json\/wp\/v2\/pages\/6902\/revisions"}],"wp:attachment":[{"href":"https:\/\/site.nord.no\/studenterssuksess\/wp-json\/wp\/v2\/media?parent=6902"}],"wp:term":[{"taxonomy":"author","embeddable":true,"href":"https:\/\/site.nord.no\/studenterssuksess\/wp-json\/wp\/v2\/coauthors?post=6902"}],"curies":[{"name":"wp","href":"https:\/\/api.w.org\/{rel}","templated":true}]}}