{"id":6963,"date":"2021-12-28T09:50:22","date_gmt":"2021-12-28T09:50:22","guid":{"rendered":"https:\/\/nfye.w.uib.no\/?page_id=6901"},"modified":"2021-12-28T09:50:22","modified_gmt":"2021-12-28T09:50:22","slug":"hvem-star-bak-nettverket","status":"publish","type":"page","link":"https:\/\/site.nord.no\/studenterssuksess\/hvem-star-bak-nettverket\/","title":{"rendered":"Disse stod bak prosjektet fra starten"},"content":{"rendered":"<p><strong>F\u00f8lgende 13 l\u00e6resteder og 5 samskipnader<br \/>\nsikret driften av prosjektet i starten<br \/>\n<\/strong><br \/>\n<strong><em>L\u00e6resteder:<\/em><\/strong><br \/>\nVID vitenskapelige h\u00f8gskole<br \/>\nHandelsh\u00f8yskolen Bl<br \/>\nH\u00f8gskolen i Innlandet<br \/>\nH\u00f8gskulen p\u00e5 Vestlandet<br \/>\nNorges milj\u00f8- og biovitenskapelige universitet<br \/>\nUniversitetet i Stavanger<br \/>\nNord Universitet<br \/>\nH\u00f8gskolen i Oslo og Akershus<br \/>\nNorges teknisk-naturvitenskapelige universitet<br \/>\nUniversitetet i Bergen<br \/>\nUniversitetet i Oslo<br \/>\nUniversitetet i Troms\u00f8 &#8211; Norges arktiske universitet<br \/>\nH\u00f8gskolen i Molde, Vitenskapelig h\u00f8gskole i logistikk<br \/>\n<em><strong>Samskipnader<\/strong><\/em><br \/>\nStudentsamskipnaden i Bergen<br \/>\nNorges arktiske studentsamskipnad<br \/>\nStudentsamskipnaden i Innlandet<br \/>\nSiT \u2013 Samskipnad for tidl NTNU, HiST, HiG og Hi\u00c5<br \/>\nStudentinord<br \/>\nAlle l\u00e6resteder og samskipnader i Norge mottok invitasjon til \u00e5 bli med i eget brev fra Universitetet i Bergen 1. juli 2016.<\/p>\n","protected":false},"excerpt":{"rendered":"<p>F\u00f8lgende 13 l\u00e6resteder og 5 samskipnader sikret driften av prosjektet i starten L\u00e6resteder: VID vitenskapelige h\u00f8gskole Handelsh\u00f8yskolen Bl H\u00f8gskolen i Innlandet H\u00f8gskulen p\u00e5 Vestlandet Norges milj\u00f8- og biovitenskapelige universitet Universitetet [&hellip;]<\/p>\n","protected":false},"author":82,"featured_media":0,"parent":0,"menu_order":0,"comment_status":"closed","ping_status":"closed","template":"","meta":{"footnotes":""},"coauthors":[],"class_list":["post-6963","page","type-page","status-publish","hentry"],"_links":{"self":[{"href":"https:\/\/site.nord.no\/studenterssuksess\/wp-json\/wp\/v2\/pages\/6963","targetHints":{"allow":["GET"]}}],"collection":[{"href":"https:\/\/site.nord.no\/studenterssuksess\/wp-json\/wp\/v2\/pages"}],"about":[{"href":"https:\/\/site.nord.no\/studenterssuksess\/wp-json\/wp\/v2\/types\/page"}],"author":[{"embeddable":true,"href":"https:\/\/site.nord.no\/studenterssuksess\/wp-json\/wp\/v2\/users\/82"}],"replies":[{"embeddable":true,"href":"https:\/\/site.nord.no\/studenterssuksess\/wp-json\/wp\/v2\/comments?post=6963"}],"version-history":[{"count":0,"href":"https:\/\/site.nord.no\/studenterssuksess\/wp-json\/wp\/v2\/pages\/6963\/revisions"}],"wp:attachment":[{"href":"https:\/\/site.nord.no\/studenterssuksess\/wp-json\/wp\/v2\/media?parent=6963"}],"wp:term":[{"taxonomy":"author","embeddable":true,"href":"https:\/\/site.nord.no\/studenterssuksess\/wp-json\/wp\/v2\/coauthors?post=6963"}],"curies":[{"name":"wp","href":"https:\/\/api.w.org\/{rel}","templated":true}]}}