{"id":726,"date":"2021-12-17T10:45:18","date_gmt":"2021-12-17T09:45:18","guid":{"rendered":"https:\/\/blogg.nord.no\/studenterssuksess\/?page_id=726"},"modified":"2022-01-19T21:45:37","modified_gmt":"2022-01-19T20:45:37","slug":"levende-campus","status":"publish","type":"page","link":"https:\/\/site.nord.no\/studenterssuksess\/levende-campus\/","title":{"rendered":"Levende campus"},"content":{"rendered":"<p><strong>Fysisk arbeidsseminar i Bergen &#8211;\u00a0 november 2021\u00a0<\/strong><\/p>\n<div style=\"background-color: #3b5c2f;padding: 25px\">\n<p><span style=\"color: #000000\"><strong>M\u00e5lgruppen<\/strong> for dette seminaret er alle som jobber med aktiviteter og tiltak for \u00e5 skape levende campus studentene vil oppholde seg p\u00e5.<\/span><\/p>\n<p><span style=\"color: #000000\"><strong>Arbeidsseminar\u00a0<\/strong>er en arena for kompetansedeling og nettverksbygging mellom likestilte deltagere. Det ble en blanding av korte innlegg, arbeid i grupper p\u00e5 5-6 personer og diskusjoner i plenum.<\/span><\/p>\n<p><span style=\"color: #000000\"><strong>M\u00e5let med seminaret<\/strong>\u00a0er gode diskusjoner, nettverksbygging og at flest mulig ville f\u00e5 konkrete id\u00e9er og planer for det videre arbeidet med levende campus i egen organisasjon. Vi \u00f8nsket \u00e5 dele alle typer erfaringer, f\u00e5 id\u00e9er og avklaringer, og ikke minst bli kjent med dyktige kolleger vi kan kontakte i etterkant.<\/span><\/p>\n<p><span style=\"color: #000000\"><strong>Forkurs \u2013 Introduksjon til Stigemodellen<\/strong>: F\u00f8r selve seminaret starter tilb\u00f8d vi en innf\u00f8ring i Stigemodellen. Dette er et kurs som viser en m\u00e5te \u00e5 strukturere de faktorene som p\u00e5virker studentenes resultater i h\u00f8yere utdanning og gir et godt grunnlag for resten av seminaret.<\/span><\/p>\n<\/div>\n<h4><\/h4>\n<h4 class=\"fittexted_for_content_h4\">Hvordan skaper vi en levende campus hvor studentene \u00f8nsker \u00e5 oppholde seg?<\/h4>\n<p>De som meldte seg p\u00e5, meldte inn f\u00f8lgende problemstillinger:<\/p>\n<ul>\n<li>Hvordan f\u00e5 studentene tilbake p\u00e5 campus etter pandemien?<\/li>\n<li>Hvordan sikrer vi at studentene selv tar aktivt del?<\/li>\n<li>Hvordan bruker og former vi arealene som disponeres?<\/li>\n<\/ul>\n<p>Vi hadde gleden av \u00e5 f\u00e5 se flere innslag fra p\u00e5meldte p\u00e5 seminaret:<\/p>\n<ul>\n<li><span style=\"color: #000000\"><a style=\"color: #000000\" href=\"https:\/\/site.nord.no\/studenterssuksess\/wp-content\/uploads\/sites\/36\/2021\/12\/Global-Lounge-presentasjon.pdf\">Global Student Lounge p\u00e5 HVL,<\/a> med Cathrine Palmstr\u00f8m og studentassistenter fra HVL<\/span><\/li>\n<li><span style=\"color: #000000\"><a style=\"color: #000000\" href=\"https:\/\/site.nord.no\/studenterssuksess\/wp-content\/uploads\/sites\/36\/2021\/12\/SiMolde_Studenthus-som-tiltak.pdf\">Studenthus som tiltak \u2013 Studentsamskipnaden i Molde<\/a>, med Eva Merethe B\u00f8rstad og Lena H\u00e5re<\/span><\/li>\n<li><span style=\"color: #000000\"><a style=\"color: #000000\" href=\"https:\/\/site.nord.no\/studenterssuksess\/wp-content\/uploads\/sites\/36\/2021\/12\/Levende-campus_-NTNU-Gjovik.pdf\">Hvordan f\u00e5 studentene tilbake p\u00e5 camus \u2013 NTNU Gj\u00f8vik,<\/a>\u00a0med Andreas Hagen<\/span><\/li>\n<li><span style=\"color: #000000\"><a style=\"color: #000000\" href=\"https:\/\/site.nord.no\/studenterssuksess\/wp-content\/uploads\/sites\/36\/2021\/12\/UiT_Levende-campus_presentasjon-Bergen-3.11.pdf\">Sammen for et levende campus \u2013 UiT Harstad<\/a>, med Vibeke H\u00f8ydahl<\/span><\/li>\n<li><span style=\"color: #000000\">Framlegg av rapporten \u00ab<a style=\"color: #000000\" href=\"https:\/\/site.nord.no\/studenterssuksess\/wp-content\/uploads\/sites\/36\/2021\/12\/uib_fysiskelaeringsmiljo-digital.pdf\">Fysiske l\u00e6ringsarealer for fremtiden<\/a>\u00ab, med Ivar Nordmo<\/span><\/li>\n<\/ul>\n<p><span style=\"color: #000000\"><strong>Padlets fra gruppeoppgavene<\/strong><\/span><\/p>\n<ul>\n<li><span style=\"color: #000000\"><a style=\"color: #000000\" href=\"https:\/\/site.nord.no\/studenterssuksess\/wp-content\/uploads\/sites\/36\/2021\/11\/Gruppeoppgave-2_utfordringer-med-bygninger_Levende-campus_2021.pdf\">Gruppeoppgave 2_utfordringer med bygninger_Levende campus_2021<\/a><\/span><\/li>\n<li><span style=\"color: #000000\"><a style=\"color: #000000\" href=\"https:\/\/site.nord.no\/studenterssuksess\/wp-content\/uploads\/sites\/36\/2021\/11\/Gruppeoppgave-3_ulike-tiltak_Levende-campus_2021.pdf\">Gruppeoppgave 3_ulike tiltak_Levende campus_2021<\/a><\/span><\/li>\n<li><span style=\"color: #000000\"><a style=\"color: #000000\" href=\"https:\/\/site.nord.no\/studenterssuksess\/wp-content\/uploads\/sites\/36\/2021\/11\/Gruppeoppgave-4_studenter-som-deltar_Levende-campus_2021.pdf\">Gruppeoppgave 4_studenter som deltar_Levende campus_2021<\/a><\/span><\/li>\n<li><span style=\"color: #000000\"><a style=\"color: #000000\" href=\"https:\/\/site.nord.no\/studenterssuksess\/wp-content\/uploads\/sites\/36\/2021\/11\/Gruppeoppgave-5_utfordringer-og-muligheter-i-samarbeidet_Levende-campus_2021.pdf\">Gruppeoppgave 5_utfordringer og muligheter i samarbeidet_Levende campus_2021<\/a><\/span><\/li>\n<\/ul>\n","protected":false},"excerpt":{"rendered":"<p>Fysisk arbeidsseminar i Bergen &#8211;\u00a0 november 2021\u00a0 M\u00e5lgruppen for dette seminaret er alle som jobber med aktiviteter og tiltak for \u00e5 skape levende campus studentene vil oppholde seg p\u00e5. Arbeidsseminar\u00a0er [&hellip;]<\/p>\n","protected":false},"author":73,"featured_media":0,"parent":0,"menu_order":0,"comment_status":"closed","ping_status":"closed","template":"","meta":{"footnotes":""},"coauthors":[8],"class_list":["post-726","page","type-page","status-publish","hentry"],"_links":{"self":[{"href":"https:\/\/site.nord.no\/studenterssuksess\/wp-json\/wp\/v2\/pages\/726","targetHints":{"allow":["GET"]}}],"collection":[{"href":"https:\/\/site.nord.no\/studenterssuksess\/wp-json\/wp\/v2\/pages"}],"about":[{"href":"https:\/\/site.nord.no\/studenterssuksess\/wp-json\/wp\/v2\/types\/page"}],"author":[{"embeddable":true,"href":"https:\/\/site.nord.no\/studenterssuksess\/wp-json\/wp\/v2\/users\/73"}],"replies":[{"embeddable":true,"href":"https:\/\/site.nord.no\/studenterssuksess\/wp-json\/wp\/v2\/comments?post=726"}],"version-history":[{"count":9,"href":"https:\/\/site.nord.no\/studenterssuksess\/wp-json\/wp\/v2\/pages\/726\/revisions"}],"predecessor-version":[{"id":7140,"href":"https:\/\/site.nord.no\/studenterssuksess\/wp-json\/wp\/v2\/pages\/726\/revisions\/7140"}],"wp:attachment":[{"href":"https:\/\/site.nord.no\/studenterssuksess\/wp-json\/wp\/v2\/media?parent=726"}],"wp:term":[{"taxonomy":"author","embeddable":true,"href":"https:\/\/site.nord.no\/studenterssuksess\/wp-json\/wp\/v2\/coauthors?post=726"}],"curies":[{"name":"wp","href":"https:\/\/api.w.org\/{rel}","templated":true}]}}