{"id":772,"date":"2021-12-17T16:56:59","date_gmt":"2021-12-17T15:56:59","guid":{"rendered":"https:\/\/blogg.nord.no\/studenterssuksess\/?page_id=772"},"modified":"2021-12-22T12:10:43","modified_gmt":"2021-12-22T11:10:43","slug":"arskonferansen-studenter-som-inkluderes-lykkes-bedre","status":"publish","type":"page","link":"https:\/\/site.nord.no\/studenterssuksess\/arskonferansen-studenter-som-inkluderes-lykkes-bedre\/","title":{"rendered":"\u00c5rskonferansen: Studenter som inkluderes; lykkes bedre!"},"content":{"rendered":"<p><strong>Ble arrangert<\/strong><br \/>\n9. \u2013 10. desember 2019, Bod\u00f8 campus<\/p>\n<p><strong>Evaluering<br \/>\n<\/strong>Kort tid etter konferansen ble deltagerne bedt om \u00e5 besvare en sp\u00f8rreunders\u00f8kelse p\u00e5 nett. Sp\u00f8rsm\u00e5lene var f\u00f8rst og fremst av kvalitativ karakter.<br \/>\n<a href=\"https:\/\/site.nord.no\/studenterssuksess\/wp-content\/uploads\/sites\/36\/2021\/12\/Evaluering-konferansen-2019.pdf\">Alle svarene kan lese her<\/a><br \/>\n<a href=\"https:\/\/site.nord.no\/studenterssuksess\/wp-content\/uploads\/sites\/36\/2021\/12\/oppsummering-evaluering-konferansen-2019.pdf\">En oppsummering kan lese her<\/a><\/p>\n<p><strong>Parallellesesjoner<\/strong><br \/>\nP\u00e5 konferansen var det totalt tre pre-konferanse sesjoner og 33 innlegg, i tillegg til to keynotes. Konferansen hadde tre undertema mentorodninger, \u00e5 inkludere studenter og utdanningsledelse \u2013 organisasjonsendring.<\/p>\n<p><b><\/b><a href=\"https:\/\/site.nord.no\/studenterssuksess\/oversikt-over-innlegg-knyttet-til-mentorordninger\/\"><em>Undertema:\u00a0 Mentorordninger<\/em><\/a><br \/>\nL\u00e6resteder landet rundt arbeider med \u00e5 tilrettelegge ulike typer av mentorordninger. P\u00e5 konferansen var det innlegg som b\u00e5de sa noe om konkrete tiltak og hvordan de praktisk er gjennomf\u00f8rt, hvorfor man valgte bestemte mentorl\u00f8sninger, om innhold og form, mentorers oppfatning av sin rolle og hvorfor de valgte \u00e5 bli mentor. Det var i tillegg innlegg om sentrale prosjektlederes arbeid med \u00e5 f\u00e5 mentorordninger implementert i alle studier p\u00e5 et helt l\u00e6rested. DIKU deltok ogs\u00e5 for \u00e5 bli enda bedre kjent med det arbeidet som foreg\u00e5r rundt om med mentorordninger og fortalte om det oppdraget de hadde f\u00e5tt av departementet for \u00e5 skape dialog og erfaringsdeling.<\/p>\n<p><em><a href=\"https:\/\/site.nord.no\/studenterssuksess\/oversikt-over-innlegg-knyttet-til-utdanningsledelse-organisasjonsendring\/\">Undertema: Utdanningsledelse \u2013 organisasjonsendring<\/a><\/em><br \/>\nUtdanningslederen st\u00e5r sentralt i \u00e5 f\u00e5 til endringer som bidrar til at studentene lykkes bedre med sine studier. Under dette temaet fikk deltakerne innspill til hvordan man kan f\u00e5 med de \u00f8vrige ansatte og studentene ved l\u00e6restedet\/samskipnaden, fakultet\/avdeling, institutt eller studieprogram. Med utdanningsledelse tenkte vi her b\u00e5de p\u00e5 de med formelle roller i hierarkiet, prosjektledere og andre som kanskje ikke har noen formell autoritet i organisasjonen. Innleggene her ble i stor grad lagt opp som workshops hvor sp\u00f8rsm\u00e5l og innspill fra deltagerne var sentralt.<\/p>\n<p><em><a href=\"https:\/\/site.nord.no\/studenterssuksess\/oversikt-over-innlegg-knyttet-til-a-inkludere-studentene\/\">Undertema: \u00c5 inkludere studentene<\/a><\/em><br \/>\nDette henspeilet p\u00e5 hovedtemaet for konferansen og vi fors\u00f8kte \u00e5 samle innlegg som fokuserte p\u00e5 \u00e5 f\u00e5 studentene med p\u00e5 laget.<\/p>\n<p>Keynotes<br \/>\nLeif Bryngfors fra Universitetet i Lund (Sverige) var \u00abkeynote\u00bb f\u00f8rste dag p\u00e5 konferansen. Han formidlet hvorfor det er s\u00e5 viktig \u00e5\u00a0<a href=\"https:\/\/site.nord.no\/studenterssuksess\/keynote-a-involvere-studenter-er-vinn-vinn-for-alle\/\">involvere studentene og snakke om studentene som partnere<\/a>. Marte \u00d8ien, leder av Norsk studentorganisasjon, var \u00abkeynote\u00bb andre dag p\u00e5 konferansen, og snakket om hvordan\u00a0<a href=\"https:\/\/site.nord.no\/studenterssuksess\/keynote-vi-er-studenter-og-en-sentral-del-av-laget\/\">studentene er en sentral del av laget<\/a>.<\/p>\n<p>\u00abAkkurat n\u00e5!\u00bb sesjoner<br \/>\nTre innlegg ble presentert parallellt, og disse ble ledet av studenter. Studentene valge tema om dagsaktuelle utfordringer som\u00a0<a href=\"https:\/\/site.nord.no\/studenterssuksess\/w14-ensomhet\/\">ensomhet<\/a>, om\u00a0<a href=\"https:\/\/site.nord.no\/studenterssuksess\/w16-er-studentdemokratiet-en-nodvendig-partner\/\">studentdemokrati kan v\u00e6re en n\u00f8dvendig partner<\/a>, og det \u00e5 bli betegnet som\u00a0<a href=\"https:\/\/site.nord.no\/studenterssuksess\/w13-generasjon-perfekt\/\">generasjon perfekt<\/a>.<\/p>\n<p>Se\u00a0<a href=\"https:\/\/site.nord.no\/studenterssuksess\/oversikt-over-abstrakter\/\">samlet oversikt over alle abstrakter<\/a>\u00a0ved \u00e5 f\u00f8lge disse linkene.<\/p>\n<p>&nbsp;<\/p>\n<p><strong>St\u00f8rrelse<\/strong><br \/>\nN\u00e6rme 160 deltok p\u00e5 konferansen totalt, og det gikk med 4 ulike innlegg parallelt under parallellesesjonene.<\/p>\n<p><strong>M\u00e5lgruppe<\/strong><br \/>\nUtdanningsledere, studieadministrativt ansatte, forskere, bibliotekarer, universitetsledere, teknisk ansatte og studentene selv \u2013 egentlig hvem som helst som arbeider med \u00e5 tilrettelegge for bedre gjennomf\u00f8ring i utdanningene.<\/p>\n<p><strong>Deltakeravgift<\/strong><br \/>\nKonferansen var gratis for studenter og ansatte ved\u00a0<a href=\"https:\/\/site.nord.no\/studenterssuksess\/eiere-av-nettverket\/\">eiende organisasjoner<\/a>. For ansatte ved ikke-eiende organisajoner var deltakeravgiften p\u00e5 2500,- kr.<\/p>\n<p><strong>Reise og opphold<\/strong><br \/>\nDen enkelt m\u00e5tte selv organisere sin egen reise og overnatting. Men vi hadde inng\u00e5tt avtaler om reduserte priser med lokale hotell, i tillegg til \u00e5 reservere et par\u00a0<a href=\"https:\/\/www.studentinord.no\/studentboligbodo\/?Article=70\" target=\"_blank\" rel=\"noopener\">hybler p\u00e5 campus<\/a>\u00a0for de som var interessert i det. Vi bestilte ogs\u00e5 et par busser som deltakerne kunne benytte seg av 9. desember \u00e5 reise mellom campus og sentrum.<\/p>\n<p><strong>Bevertning\u00a0<\/strong><br \/>\nDet ble servert lunsj for alle deltakerne begge dager, og ca. 120 deltakere var med p\u00e5 festmiddagen p\u00e5 Bod\u00f8 Campus.<\/p>\n<p><strong>Studentsstipend<\/strong><br \/>\nStudenter som holdt innlegg, eller som var med innledere til parallellsesjonene, fikk dekket inntil 2000,- kroner av utgifter til reise og opphold.<\/p>\n<p><strong>Nettverksbygging<\/strong><br \/>\nEt viktig m\u00e5l med konferansen var at deltagerne utveksler informasjon i formelle og uformelle sammenhenger. Vi pr\u00f8vde derfor \u00e5 legge til rette for at personer med lignende oppgaver\/interesser skal m\u00f8te hverandre tidlig p\u00e5 konferansen.<\/p>\n","protected":false},"excerpt":{"rendered":"<p>Ble arrangert 9. \u2013 10. desember 2019, Bod\u00f8 campus Evaluering Kort tid etter konferansen ble deltagerne bedt om \u00e5 besvare en sp\u00f8rreunders\u00f8kelse p\u00e5 nett. Sp\u00f8rsm\u00e5lene var f\u00f8rst og fremst av [&hellip;]<\/p>\n","protected":false},"author":75,"featured_media":0,"parent":0,"menu_order":0,"comment_status":"closed","ping_status":"closed","template":"","meta":{"footnotes":""},"coauthors":[3],"class_list":["post-772","page","type-page","status-publish","hentry"],"_links":{"self":[{"href":"https:\/\/site.nord.no\/studenterssuksess\/wp-json\/wp\/v2\/pages\/772","targetHints":{"allow":["GET"]}}],"collection":[{"href":"https:\/\/site.nord.no\/studenterssuksess\/wp-json\/wp\/v2\/pages"}],"about":[{"href":"https:\/\/site.nord.no\/studenterssuksess\/wp-json\/wp\/v2\/types\/page"}],"author":[{"embeddable":true,"href":"https:\/\/site.nord.no\/studenterssuksess\/wp-json\/wp\/v2\/users\/75"}],"replies":[{"embeddable":true,"href":"https:\/\/site.nord.no\/studenterssuksess\/wp-json\/wp\/v2\/comments?post=772"}],"version-history":[{"count":9,"href":"https:\/\/site.nord.no\/studenterssuksess\/wp-json\/wp\/v2\/pages\/772\/revisions"}],"predecessor-version":[{"id":1111,"href":"https:\/\/site.nord.no\/studenterssuksess\/wp-json\/wp\/v2\/pages\/772\/revisions\/1111"}],"wp:attachment":[{"href":"https:\/\/site.nord.no\/studenterssuksess\/wp-json\/wp\/v2\/media?parent=772"}],"wp:term":[{"taxonomy":"author","embeddable":true,"href":"https:\/\/site.nord.no\/studenterssuksess\/wp-json\/wp\/v2\/coauthors?post=772"}],"curies":[{"name":"wp","href":"https:\/\/api.w.org\/{rel}","templated":true}]}}